{"id":10061,"date":"2022-12-11T22:19:12","date_gmt":"2022-12-11T22:19:12","guid":{"rendered":"https:\/\/padas.al\/?post_type=product&#038;p=10061"},"modified":"2026-01-29T16:47:46","modified_gmt":"2026-01-29T16:47:46","slug":"cizme-te-gjata-me-lidhese-lekure-ragazza","status":"publish","type":"product","link":"https:\/\/padas.al\/english\/product\/cizme-te-gjata-me-lidhese-lekure-ragazza\/","title":{"rendered":"\u00c7izme t\u00eb gjata me lidh\u00ebse l\u00ebkur\u00eb, Ragazza."},"content":{"rendered":"<p>\u00c7izmet jan\u00eb t\u00eb punuara nga l\u00ebkura natyrale n\u00eb ngjyr\u00eb e zez\u00eb. Ato kan\u00eb lidh\u00ebse dhe po ashtu dhe zinxhir n\u00eb t\u00eb gjith\u00eb gjat\u00ebsin\u00eb duke e b\u00ebr\u00eb k\u00ebshtu veshjen e tyre akoma dhe m\u00eb t\u00eb leht\u00eb. Kan\u00eb gom\u00eb t\u00eb leht\u00eb dhe rezistente dhe m\u00eb kryesorja ato nuk rr\u00ebshkasin akoma dhe n\u00eb dit\u00ebt me lag\u00ebshtir\u00eb.<\/p>\n<p>Lart\u00ebsia e tak\u00ebs 4.5 cm.<\/p>","protected":false},"excerpt":{"rendered":"<p>\u00c7izmet jan\u00eb prodhim i firm\u00ebs greke Ragazza , ato jan\u00eb t\u00eb prodhuara me standard europian tep\u00ebr cil\u00ebsore. Modeli i tyre \u00ebsht\u00eb trendi dhe praktik p\u00ebr n\u00eb p\u00ebrditshm\u00ebri, jan\u00eb t\u00eb ngrohta dhe komode n\u00eb ecje, n\u00eb pjes\u00ebn e brendshme kan\u00eb veshje t\u00eb ngroht\u00eb dhe kan\u00eb shtres\u00eb t\u00eb but\u00eb Dryflex aty ku mb\u00ebshtetet shputa e k\u00ebmb\u00ebs.<\/p>","protected":false},"featured_media":10067,"comment_status":"open","ping_status":"closed","template":"","meta":[],"product_cat":[139,148,149,140,147,141,216,222,224],"product_tag":[],"yoast_head":"<!-- This site is optimized with the Yoast SEO plugin v18.3 - https:\/\/yoast.com\/wordpress\/plugins\/seo\/ -->\n<title>\u00c7izme t\u00eb gjata me lidh\u00ebse l\u00ebkur\u00eb, Ragazza. - PADAS<\/title>\n<meta name=\"description\" content=\"P\u00ebr dit\u00ebt e ftohta t\u00eb dimrit b\u00ebni zgjedhjen e duhur dhe dhurojini k\u00ebmb\u00ebve ngroht\u00ebsi dhe pamje m\u00eb trendi t\u00eb sezonit, jan\u00eb t\u00eb p\u00ebrshtashme dhe p\u00ebr dit\u00ebt me shi.\" \/>\n<meta name=\"robots\" content=\"index, follow, max-snippet:-1, max-image-preview:large, max-video-preview:-1\" \/>\n<link rel=\"canonical\" href=\"https:\/\/padas.al\/english\/product\/cizme-te-gjata-me-lidhese-lekure-ragazza\/\" \/>\n<meta property=\"og:locale\" content=\"en_GB\" \/>\n<meta property=\"og:type\" content=\"article\" \/>\n<meta property=\"og:title\" content=\"\u00c7izme t\u00eb gjata me lidh\u00ebse l\u00ebkur\u00eb, Ragazza. - PADAS\" \/>\n<meta property=\"og:description\" content=\"P\u00ebr dit\u00ebt e ftohta t\u00eb dimrit b\u00ebni zgjedhjen e duhur dhe dhurojini k\u00ebmb\u00ebve ngroht\u00ebsi dhe pamje m\u00eb trendi t\u00eb sezonit, jan\u00eb t\u00eb p\u00ebrshtashme dhe p\u00ebr dit\u00ebt me shi.\" \/>\n<meta property=\"og:url\" content=\"https:\/\/padas.al\/english\/product\/cizme-te-gjata-me-lidhese-lekure-ragazza\/\" \/>\n<meta property=\"og:site_name\" content=\"PADAS\" \/>\n<meta property=\"article:modified_time\" content=\"2026-01-29T16:47:46+00:00\" \/>\n<meta property=\"og:image\" content=\"https:\/\/padas.al\/wp-content\/uploads\/2022\/12\/fixedratio_20220323131033_bfd6a7e0.jpeg\" \/>\n\t<meta property=\"og:image:width\" content=\"540\" \/>\n\t<meta property=\"og:image:height\" content=\"720\" \/>\n\t<meta property=\"og:image:type\" content=\"image\/jpeg\" \/>\n<meta name=\"twitter:card\" content=\"summary_large_image\" \/>\n<meta name=\"twitter:label1\" content=\"Estimated reading time\" \/>\n\t<meta name=\"twitter:data1\" content=\"1 minute\" \/>\n<script type=\"application\/ld+json\" class=\"yoast-schema-graph\">{\"@context\":\"https:\/\/schema.org\",\"@graph\":[{\"@type\":\"Organization\",\"@id\":\"https:\/\/padas.al\/#organization\",\"name\":\"Padas.al\",\"url\":\"https:\/\/padas.al\/\",\"sameAs\":[],\"logo\":{\"@type\":\"ImageObject\",\"@id\":\"https:\/\/padas.al\/#logo\",\"inLanguage\":\"en-GB\",\"url\":\"https:\/\/padas.al\/wp-content\/uploads\/2021\/12\/padas-logo-01.svg\",\"contentUrl\":\"https:\/\/padas.al\/wp-content\/uploads\/2021\/12\/padas-logo-01.svg\",\"width\":196.4218,\"height\":195.7925,\"caption\":\"Padas.al\"},\"image\":{\"@id\":\"https:\/\/padas.al\/#logo\"}},{\"@type\":\"WebSite\",\"@id\":\"https:\/\/padas.al\/#website\",\"url\":\"https:\/\/padas.al\/\",\"name\":\"PADAS\",\"description\":\"Shoe Shop\",\"publisher\":{\"@id\":\"https:\/\/padas.al\/#organization\"},\"potentialAction\":[{\"@type\":\"SearchAction\",\"target\":{\"@type\":\"EntryPoint\",\"urlTemplate\":\"https:\/\/padas.al\/?s={search_term_string}\"},\"query-input\":\"required name=search_term_string\"}],\"inLanguage\":\"en-GB\"},{\"@type\":\"ImageObject\",\"@id\":\"https:\/\/padas.al\/product\/cizme-te-gjata-me-lidhese-lekure-ragazza\/#primaryimage\",\"inLanguage\":\"en-GB\",\"url\":\"https:\/\/padas.al\/wp-content\/uploads\/2022\/12\/fixedratio_20220323131033_bfd6a7e0.jpeg\",\"contentUrl\":\"https:\/\/padas.al\/wp-content\/uploads\/2022\/12\/fixedratio_20220323131033_bfd6a7e0.jpeg\",\"width\":540,\"height\":720},{\"@type\":\"WebPage\",\"@id\":\"https:\/\/padas.al\/product\/cizme-te-gjata-me-lidhese-lekure-ragazza\/#webpage\",\"url\":\"https:\/\/padas.al\/product\/cizme-te-gjata-me-lidhese-lekure-ragazza\/\",\"name\":\"\u00c7izme t\u00eb gjata me lidh\u00ebse l\u00ebkur\u00eb, Ragazza. - PADAS\",\"isPartOf\":{\"@id\":\"https:\/\/padas.al\/#website\"},\"primaryImageOfPage\":{\"@id\":\"https:\/\/padas.al\/product\/cizme-te-gjata-me-lidhese-lekure-ragazza\/#primaryimage\"},\"datePublished\":\"2022-12-11T22:19:12+00:00\",\"dateModified\":\"2026-01-29T16:47:46+00:00\",\"description\":\"P\u00ebr dit\u00ebt e ftohta t\u00eb dimrit b\u00ebni zgjedhjen e duhur dhe dhurojini k\u00ebmb\u00ebve ngroht\u00ebsi dhe pamje m\u00eb trendi t\u00eb sezonit, jan\u00eb t\u00eb p\u00ebrshtashme dhe p\u00ebr dit\u00ebt me shi.\",\"breadcrumb\":{\"@id\":\"https:\/\/padas.al\/product\/cizme-te-gjata-me-lidhese-lekure-ragazza\/#breadcrumb\"},\"inLanguage\":\"en-GB\",\"potentialAction\":[{\"@type\":\"ReadAction\",\"target\":[\"https:\/\/padas.al\/product\/cizme-te-gjata-me-lidhese-lekure-ragazza\/\"]}]},{\"@type\":\"BreadcrumbList\",\"@id\":\"https:\/\/padas.al\/product\/cizme-te-gjata-me-lidhese-lekure-ragazza\/#breadcrumb\",\"itemListElement\":[{\"@type\":\"ListItem\",\"position\":1,\"name\":\"Home\",\"item\":\"https:\/\/padas.al\/\"},{\"@type\":\"ListItem\",\"position\":2,\"name\":\"Shop\",\"item\":\"https:\/\/padas.al\/shop\/\"},{\"@type\":\"ListItem\",\"position\":3,\"name\":\"\u00c7izme t\u00eb gjata me lidh\u00ebse l\u00ebkur\u00eb, Ragazza.\"}]}]}<\/script>\n<!-- \/ Yoast SEO plugin. -->","yoast_head_json":{"title":"\u00c7izme t\u00eb gjata me lidh\u00ebse l\u00ebkur\u00eb, Ragazza. - PADAS","description":"P\u00ebr dit\u00ebt e ftohta t\u00eb dimrit b\u00ebni zgjedhjen e duhur dhe dhurojini k\u00ebmb\u00ebve ngroht\u00ebsi dhe pamje m\u00eb trendi t\u00eb sezonit, jan\u00eb t\u00eb p\u00ebrshtashme dhe p\u00ebr dit\u00ebt me shi.","robots":{"index":"index","follow":"follow","max-snippet":"max-snippet:-1","max-image-preview":"max-image-preview:large","max-video-preview":"max-video-preview:-1"},"canonical":"https:\/\/padas.al\/english\/product\/cizme-te-gjata-me-lidhese-lekure-ragazza\/","og_locale":"en_GB","og_type":"article","og_title":"\u00c7izme t\u00eb gjata me lidh\u00ebse l\u00ebkur\u00eb, Ragazza. - PADAS","og_description":"P\u00ebr dit\u00ebt e ftohta t\u00eb dimrit b\u00ebni zgjedhjen e duhur dhe dhurojini k\u00ebmb\u00ebve ngroht\u00ebsi dhe pamje m\u00eb trendi t\u00eb sezonit, jan\u00eb t\u00eb p\u00ebrshtashme dhe p\u00ebr dit\u00ebt me shi.","og_url":"https:\/\/padas.al\/english\/product\/cizme-te-gjata-me-lidhese-lekure-ragazza\/","og_site_name":"PADAS","article_modified_time":"2026-01-29T16:47:46+00:00","og_image":[{"width":540,"height":720,"url":"https:\/\/padas.al\/wp-content\/uploads\/2022\/12\/fixedratio_20220323131033_bfd6a7e0.jpeg","type":"image\/jpeg"}],"twitter_card":"summary_large_image","twitter_misc":{"Estimated reading time":"1 minute"},"schema":{"@context":"https:\/\/schema.org","@graph":[{"@type":"Organization","@id":"https:\/\/padas.al\/#organization","name":"Padas.al","url":"https:\/\/padas.al\/","sameAs":[],"logo":{"@type":"ImageObject","@id":"https:\/\/padas.al\/#logo","inLanguage":"en-GB","url":"https:\/\/padas.al\/wp-content\/uploads\/2021\/12\/padas-logo-01.svg","contentUrl":"https:\/\/padas.al\/wp-content\/uploads\/2021\/12\/padas-logo-01.svg","width":196.4218,"height":195.7925,"caption":"Padas.al"},"image":{"@id":"https:\/\/padas.al\/#logo"}},{"@type":"WebSite","@id":"https:\/\/padas.al\/#website","url":"https:\/\/padas.al\/","name":"PADAS","description":"Shoe Shop","publisher":{"@id":"https:\/\/padas.al\/#organization"},"potentialAction":[{"@type":"SearchAction","target":{"@type":"EntryPoint","urlTemplate":"https:\/\/padas.al\/?s={search_term_string}"},"query-input":"required name=search_term_string"}],"inLanguage":"en-GB"},{"@type":"ImageObject","@id":"https:\/\/padas.al\/product\/cizme-te-gjata-me-lidhese-lekure-ragazza\/#primaryimage","inLanguage":"en-GB","url":"https:\/\/padas.al\/wp-content\/uploads\/2022\/12\/fixedratio_20220323131033_bfd6a7e0.jpeg","contentUrl":"https:\/\/padas.al\/wp-content\/uploads\/2022\/12\/fixedratio_20220323131033_bfd6a7e0.jpeg","width":540,"height":720},{"@type":"WebPage","@id":"https:\/\/padas.al\/product\/cizme-te-gjata-me-lidhese-lekure-ragazza\/#webpage","url":"https:\/\/padas.al\/product\/cizme-te-gjata-me-lidhese-lekure-ragazza\/","name":"\u00c7izme t\u00eb gjata me lidh\u00ebse l\u00ebkur\u00eb, Ragazza. - PADAS","isPartOf":{"@id":"https:\/\/padas.al\/#website"},"primaryImageOfPage":{"@id":"https:\/\/padas.al\/product\/cizme-te-gjata-me-lidhese-lekure-ragazza\/#primaryimage"},"datePublished":"2022-12-11T22:19:12+00:00","dateModified":"2026-01-29T16:47:46+00:00","description":"P\u00ebr dit\u00ebt e ftohta t\u00eb dimrit b\u00ebni zgjedhjen e duhur dhe dhurojini k\u00ebmb\u00ebve ngroht\u00ebsi dhe pamje m\u00eb trendi t\u00eb sezonit, jan\u00eb t\u00eb p\u00ebrshtashme dhe p\u00ebr dit\u00ebt me shi.","breadcrumb":{"@id":"https:\/\/padas.al\/product\/cizme-te-gjata-me-lidhese-lekure-ragazza\/#breadcrumb"},"inLanguage":"en-GB","potentialAction":[{"@type":"ReadAction","target":["https:\/\/padas.al\/product\/cizme-te-gjata-me-lidhese-lekure-ragazza\/"]}]},{"@type":"BreadcrumbList","@id":"https:\/\/padas.al\/product\/cizme-te-gjata-me-lidhese-lekure-ragazza\/#breadcrumb","itemListElement":[{"@type":"ListItem","position":1,"name":"Home","item":"https:\/\/padas.al\/"},{"@type":"ListItem","position":2,"name":"Shop","item":"https:\/\/padas.al\/shop\/"},{"@type":"ListItem","position":3,"name":"\u00c7izme t\u00eb gjata me lidh\u00ebse l\u00ebkur\u00eb, Ragazza."}]}]}},"_links":{"self":[{"href":"https:\/\/padas.al\/english\/wp-json\/wp\/v2\/product\/10061"}],"collection":[{"href":"https:\/\/padas.al\/english\/wp-json\/wp\/v2\/product"}],"about":[{"href":"https:\/\/padas.al\/english\/wp-json\/wp\/v2\/types\/product"}],"replies":[{"embeddable":true,"href":"https:\/\/padas.al\/english\/wp-json\/wp\/v2\/comments?post=10061"}],"wp:featuredmedia":[{"embeddable":true,"href":"https:\/\/padas.al\/english\/wp-json\/wp\/v2\/media\/10067"}],"wp:attachment":[{"href":"https:\/\/padas.al\/english\/wp-json\/wp\/v2\/media?parent=10061"}],"wp:term":[{"taxonomy":"product_cat","embeddable":true,"href":"https:\/\/padas.al\/english\/wp-json\/wp\/v2\/product_cat?post=10061"},{"taxonomy":"product_tag","embeddable":true,"href":"https:\/\/padas.al\/english\/wp-json\/wp\/v2\/product_tag?post=10061"}],"curies":[{"name":"wp","href":"https:\/\/api.w.org\/{rel}","templated":true}]}}