{"id":10652,"date":"2023-07-15T11:40:05","date_gmt":"2023-07-15T11:40:05","guid":{"rendered":"https:\/\/padas.al\/?post_type=product&#038;p=10652"},"modified":"2026-01-27T11:37:34","modified_gmt":"2026-01-27T11:37:34","slug":"kepuce-ne-stilin-loafers-me-gome-te-bardhe-boxer-per-meshkuj","status":"publish","type":"product","link":"https:\/\/padas.al\/english\/product\/kepuce-ne-stilin-loafers-me-gome-te-bardhe-boxer-per-meshkuj\/","title":{"rendered":"K\u00ebpuc\u00eb n\u00eb stilin &#8220;loafers&#8221; me gom\u00eb t\u00eb bardh\u00eb Boxer p\u00ebr meshkuj."},"content":{"rendered":"<p>K\u00ebpuc\u00ebt <span style=\"font-weight: 400\">jan\u00eb prodhim i firm\u00ebs greke Boxer , kompani e cila ofron k\u00ebpuc\u00eb l\u00ebkure me standard europian dhe me nj\u00eb eksperienc\u00eb mbi 100 vje\u00e7are. K\u00ebpuc\u00ebt jan\u00eb t\u00eb lehta dhe kan\u00eb model q\u00eb p\u00ebrshatet me \u00e7do veshje. Goma e tyre e bardh\u00eb krijon nj\u00eb pamje akoma m\u00eb unike dhe m\u00eb sportive nj\u00ebkoh\u00ebsisht.<\/span><\/p>","protected":false},"excerpt":{"rendered":"<p>K\u00ebpuc\u00ebt <span style=\"font-weight: 400\">\u00a0jan\u00eb t\u00eb punuara nga l\u00ebkura natyrale si brenda po ashtu dhe jasht\u00eb. N\u00eb pjes\u00ebn ku mb\u00ebshtetet shputa e k\u00ebmb\u00ebs kan\u00eb shtres\u00eb t\u00eb but\u00eb l\u00ebkure e cila ofron komoditet maksimal n\u00eb ecje. Kan\u00eb gom\u00eb t\u00eb leht\u00eb, rezistente e cila nuk rr\u00ebshket dhe \u00ebsht\u00eb fleksib\u00ebl. Stili i tyre \u00ebsht\u00eb trendi dhe mund ti vishni si n\u00eb p\u00ebrditshm\u00ebri po ashtu dhe n\u00eb eventet tuaja.<\/span><\/p>","protected":false},"featured_media":10653,"comment_status":"open","ping_status":"closed","template":"","meta":[],"product_cat":[228,229,188,200,191,193,192,201,198],"product_tag":[],"yoast_head":"<!-- This site is optimized with the Yoast SEO plugin v18.3 - https:\/\/yoast.com\/wordpress\/plugins\/seo\/ -->\n<title>K\u00ebpuc\u00eb n\u00eb stilin &quot;loafers&quot; me gom\u00eb t\u00eb bardh\u00eb Boxer p\u00ebr meshkuj. - PADAS<\/title>\n<meta name=\"description\" content=\"Loafers l\u00ebkure me gom\u00eb t\u00eb shesht\u00eb n\u00eb ngjyr\u00eb t\u00eb bardh\u00eb, model q\u00eb p\u00ebrshatet m\u00eb \u00e7do veshje si dhe me ngjyr\u00eb q\u00eb \u00ebsht\u00eb e kombinueshme jo vet\u00ebm p\u00ebr n\u00eb p\u00ebrditshm\u00ebri.\" \/>\n<meta name=\"robots\" content=\"index, follow, max-snippet:-1, max-image-preview:large, max-video-preview:-1\" \/>\n<link rel=\"canonical\" href=\"https:\/\/padas.al\/english\/product\/kepuce-ne-stilin-loafers-me-gome-te-bardhe-boxer-per-meshkuj\/\" \/>\n<meta property=\"og:locale\" content=\"en_GB\" \/>\n<meta property=\"og:type\" content=\"article\" \/>\n<meta property=\"og:title\" content=\"K\u00ebpuc\u00eb n\u00eb stilin &quot;loafers&quot; me gom\u00eb t\u00eb bardh\u00eb Boxer p\u00ebr meshkuj. - PADAS\" \/>\n<meta property=\"og:description\" content=\"Loafers l\u00ebkure me gom\u00eb t\u00eb shesht\u00eb n\u00eb ngjyr\u00eb t\u00eb bardh\u00eb, model q\u00eb p\u00ebrshatet m\u00eb \u00e7do veshje si dhe me ngjyr\u00eb q\u00eb \u00ebsht\u00eb e kombinueshme jo vet\u00ebm p\u00ebr n\u00eb p\u00ebrditshm\u00ebri.\" \/>\n<meta property=\"og:url\" content=\"https:\/\/padas.al\/english\/product\/kepuce-ne-stilin-loafers-me-gome-te-bardhe-boxer-per-meshkuj\/\" \/>\n<meta property=\"og:site_name\" content=\"PADAS\" \/>\n<meta property=\"article:modified_time\" content=\"2026-01-27T11:37:34+00:00\" \/>\n<meta property=\"og:image\" content=\"https:\/\/padas.al\/wp-content\/uploads\/2023\/07\/19223-10-011-1.jpg\" \/>\n\t<meta property=\"og:image:width\" content=\"1000\" \/>\n\t<meta property=\"og:image:height\" content=\"1000\" \/>\n\t<meta property=\"og:image:type\" content=\"image\/jpeg\" \/>\n<meta name=\"twitter:card\" content=\"summary_large_image\" \/>\n<meta name=\"twitter:label1\" content=\"Estimated reading time\" \/>\n\t<meta name=\"twitter:data1\" content=\"1 minute\" \/>\n<script type=\"application\/ld+json\" class=\"yoast-schema-graph\">{\"@context\":\"https:\/\/schema.org\",\"@graph\":[{\"@type\":\"Organization\",\"@id\":\"https:\/\/padas.al\/#organization\",\"name\":\"Padas.al\",\"url\":\"https:\/\/padas.al\/\",\"sameAs\":[],\"logo\":{\"@type\":\"ImageObject\",\"@id\":\"https:\/\/padas.al\/#logo\",\"inLanguage\":\"en-GB\",\"url\":\"https:\/\/padas.al\/wp-content\/uploads\/2021\/12\/padas-logo-01.svg\",\"contentUrl\":\"https:\/\/padas.al\/wp-content\/uploads\/2021\/12\/padas-logo-01.svg\",\"width\":196.4218,\"height\":195.7925,\"caption\":\"Padas.al\"},\"image\":{\"@id\":\"https:\/\/padas.al\/#logo\"}},{\"@type\":\"WebSite\",\"@id\":\"https:\/\/padas.al\/#website\",\"url\":\"https:\/\/padas.al\/\",\"name\":\"PADAS\",\"description\":\"Shoe Shop\",\"publisher\":{\"@id\":\"https:\/\/padas.al\/#organization\"},\"potentialAction\":[{\"@type\":\"SearchAction\",\"target\":{\"@type\":\"EntryPoint\",\"urlTemplate\":\"https:\/\/padas.al\/?s={search_term_string}\"},\"query-input\":\"required name=search_term_string\"}],\"inLanguage\":\"en-GB\"},{\"@type\":\"ImageObject\",\"@id\":\"https:\/\/padas.al\/product\/kepuce-ne-stilin-loafers-me-gome-te-bardhe-boxer-per-meshkuj\/#primaryimage\",\"inLanguage\":\"en-GB\",\"url\":\"https:\/\/padas.al\/wp-content\/uploads\/2023\/07\/19223-10-011-1.jpg\",\"contentUrl\":\"https:\/\/padas.al\/wp-content\/uploads\/2023\/07\/19223-10-011-1.jpg\",\"width\":1000,\"height\":1000},{\"@type\":\"WebPage\",\"@id\":\"https:\/\/padas.al\/product\/kepuce-ne-stilin-loafers-me-gome-te-bardhe-boxer-per-meshkuj\/#webpage\",\"url\":\"https:\/\/padas.al\/product\/kepuce-ne-stilin-loafers-me-gome-te-bardhe-boxer-per-meshkuj\/\",\"name\":\"K\u00ebpuc\u00eb n\u00eb stilin \\\"loafers\\\" me gom\u00eb t\u00eb bardh\u00eb Boxer p\u00ebr meshkuj. - PADAS\",\"isPartOf\":{\"@id\":\"https:\/\/padas.al\/#website\"},\"primaryImageOfPage\":{\"@id\":\"https:\/\/padas.al\/product\/kepuce-ne-stilin-loafers-me-gome-te-bardhe-boxer-per-meshkuj\/#primaryimage\"},\"datePublished\":\"2023-07-15T11:40:05+00:00\",\"dateModified\":\"2026-01-27T11:37:34+00:00\",\"description\":\"Loafers l\u00ebkure me gom\u00eb t\u00eb shesht\u00eb n\u00eb ngjyr\u00eb t\u00eb bardh\u00eb, model q\u00eb p\u00ebrshatet m\u00eb \u00e7do veshje si dhe me ngjyr\u00eb q\u00eb \u00ebsht\u00eb e kombinueshme jo vet\u00ebm p\u00ebr n\u00eb p\u00ebrditshm\u00ebri.\",\"breadcrumb\":{\"@id\":\"https:\/\/padas.al\/product\/kepuce-ne-stilin-loafers-me-gome-te-bardhe-boxer-per-meshkuj\/#breadcrumb\"},\"inLanguage\":\"en-GB\",\"potentialAction\":[{\"@type\":\"ReadAction\",\"target\":[\"https:\/\/padas.al\/product\/kepuce-ne-stilin-loafers-me-gome-te-bardhe-boxer-per-meshkuj\/\"]}]},{\"@type\":\"BreadcrumbList\",\"@id\":\"https:\/\/padas.al\/product\/kepuce-ne-stilin-loafers-me-gome-te-bardhe-boxer-per-meshkuj\/#breadcrumb\",\"itemListElement\":[{\"@type\":\"ListItem\",\"position\":1,\"name\":\"Home\",\"item\":\"https:\/\/padas.al\/\"},{\"@type\":\"ListItem\",\"position\":2,\"name\":\"Shop\",\"item\":\"https:\/\/padas.al\/shop\/\"},{\"@type\":\"ListItem\",\"position\":3,\"name\":\"K\u00ebpuc\u00eb n\u00eb stilin &#8220;loafers&#8221; me gom\u00eb t\u00eb bardh\u00eb Boxer p\u00ebr meshkuj.\"}]}]}<\/script>\n<!-- \/ Yoast SEO plugin. -->","yoast_head_json":{"title":"K\u00ebpuc\u00eb n\u00eb stilin \"loafers\" me gom\u00eb t\u00eb bardh\u00eb Boxer p\u00ebr meshkuj. - PADAS","description":"Loafers l\u00ebkure me gom\u00eb t\u00eb shesht\u00eb n\u00eb ngjyr\u00eb t\u00eb bardh\u00eb, model q\u00eb p\u00ebrshatet m\u00eb \u00e7do veshje si dhe me ngjyr\u00eb q\u00eb \u00ebsht\u00eb e kombinueshme jo vet\u00ebm p\u00ebr n\u00eb p\u00ebrditshm\u00ebri.","robots":{"index":"index","follow":"follow","max-snippet":"max-snippet:-1","max-image-preview":"max-image-preview:large","max-video-preview":"max-video-preview:-1"},"canonical":"https:\/\/padas.al\/english\/product\/kepuce-ne-stilin-loafers-me-gome-te-bardhe-boxer-per-meshkuj\/","og_locale":"en_GB","og_type":"article","og_title":"K\u00ebpuc\u00eb n\u00eb stilin \"loafers\" me gom\u00eb t\u00eb bardh\u00eb Boxer p\u00ebr meshkuj. - PADAS","og_description":"Loafers l\u00ebkure me gom\u00eb t\u00eb shesht\u00eb n\u00eb ngjyr\u00eb t\u00eb bardh\u00eb, model q\u00eb p\u00ebrshatet m\u00eb \u00e7do veshje si dhe me ngjyr\u00eb q\u00eb \u00ebsht\u00eb e kombinueshme jo vet\u00ebm p\u00ebr n\u00eb p\u00ebrditshm\u00ebri.","og_url":"https:\/\/padas.al\/english\/product\/kepuce-ne-stilin-loafers-me-gome-te-bardhe-boxer-per-meshkuj\/","og_site_name":"PADAS","article_modified_time":"2026-01-27T11:37:34+00:00","og_image":[{"width":1000,"height":1000,"url":"https:\/\/padas.al\/wp-content\/uploads\/2023\/07\/19223-10-011-1.jpg","type":"image\/jpeg"}],"twitter_card":"summary_large_image","twitter_misc":{"Estimated reading time":"1 minute"},"schema":{"@context":"https:\/\/schema.org","@graph":[{"@type":"Organization","@id":"https:\/\/padas.al\/#organization","name":"Padas.al","url":"https:\/\/padas.al\/","sameAs":[],"logo":{"@type":"ImageObject","@id":"https:\/\/padas.al\/#logo","inLanguage":"en-GB","url":"https:\/\/padas.al\/wp-content\/uploads\/2021\/12\/padas-logo-01.svg","contentUrl":"https:\/\/padas.al\/wp-content\/uploads\/2021\/12\/padas-logo-01.svg","width":196.4218,"height":195.7925,"caption":"Padas.al"},"image":{"@id":"https:\/\/padas.al\/#logo"}},{"@type":"WebSite","@id":"https:\/\/padas.al\/#website","url":"https:\/\/padas.al\/","name":"PADAS","description":"Shoe Shop","publisher":{"@id":"https:\/\/padas.al\/#organization"},"potentialAction":[{"@type":"SearchAction","target":{"@type":"EntryPoint","urlTemplate":"https:\/\/padas.al\/?s={search_term_string}"},"query-input":"required name=search_term_string"}],"inLanguage":"en-GB"},{"@type":"ImageObject","@id":"https:\/\/padas.al\/product\/kepuce-ne-stilin-loafers-me-gome-te-bardhe-boxer-per-meshkuj\/#primaryimage","inLanguage":"en-GB","url":"https:\/\/padas.al\/wp-content\/uploads\/2023\/07\/19223-10-011-1.jpg","contentUrl":"https:\/\/padas.al\/wp-content\/uploads\/2023\/07\/19223-10-011-1.jpg","width":1000,"height":1000},{"@type":"WebPage","@id":"https:\/\/padas.al\/product\/kepuce-ne-stilin-loafers-me-gome-te-bardhe-boxer-per-meshkuj\/#webpage","url":"https:\/\/padas.al\/product\/kepuce-ne-stilin-loafers-me-gome-te-bardhe-boxer-per-meshkuj\/","name":"K\u00ebpuc\u00eb n\u00eb stilin \"loafers\" me gom\u00eb t\u00eb bardh\u00eb Boxer p\u00ebr meshkuj. - PADAS","isPartOf":{"@id":"https:\/\/padas.al\/#website"},"primaryImageOfPage":{"@id":"https:\/\/padas.al\/product\/kepuce-ne-stilin-loafers-me-gome-te-bardhe-boxer-per-meshkuj\/#primaryimage"},"datePublished":"2023-07-15T11:40:05+00:00","dateModified":"2026-01-27T11:37:34+00:00","description":"Loafers l\u00ebkure me gom\u00eb t\u00eb shesht\u00eb n\u00eb ngjyr\u00eb t\u00eb bardh\u00eb, model q\u00eb p\u00ebrshatet m\u00eb \u00e7do veshje si dhe me ngjyr\u00eb q\u00eb \u00ebsht\u00eb e kombinueshme jo vet\u00ebm p\u00ebr n\u00eb p\u00ebrditshm\u00ebri.","breadcrumb":{"@id":"https:\/\/padas.al\/product\/kepuce-ne-stilin-loafers-me-gome-te-bardhe-boxer-per-meshkuj\/#breadcrumb"},"inLanguage":"en-GB","potentialAction":[{"@type":"ReadAction","target":["https:\/\/padas.al\/product\/kepuce-ne-stilin-loafers-me-gome-te-bardhe-boxer-per-meshkuj\/"]}]},{"@type":"BreadcrumbList","@id":"https:\/\/padas.al\/product\/kepuce-ne-stilin-loafers-me-gome-te-bardhe-boxer-per-meshkuj\/#breadcrumb","itemListElement":[{"@type":"ListItem","position":1,"name":"Home","item":"https:\/\/padas.al\/"},{"@type":"ListItem","position":2,"name":"Shop","item":"https:\/\/padas.al\/shop\/"},{"@type":"ListItem","position":3,"name":"K\u00ebpuc\u00eb n\u00eb stilin &#8220;loafers&#8221; me gom\u00eb t\u00eb bardh\u00eb Boxer p\u00ebr meshkuj."}]}]}},"_links":{"self":[{"href":"https:\/\/padas.al\/english\/wp-json\/wp\/v2\/product\/10652"}],"collection":[{"href":"https:\/\/padas.al\/english\/wp-json\/wp\/v2\/product"}],"about":[{"href":"https:\/\/padas.al\/english\/wp-json\/wp\/v2\/types\/product"}],"replies":[{"embeddable":true,"href":"https:\/\/padas.al\/english\/wp-json\/wp\/v2\/comments?post=10652"}],"wp:featuredmedia":[{"embeddable":true,"href":"https:\/\/padas.al\/english\/wp-json\/wp\/v2\/media\/10653"}],"wp:attachment":[{"href":"https:\/\/padas.al\/english\/wp-json\/wp\/v2\/media?parent=10652"}],"wp:term":[{"taxonomy":"product_cat","embeddable":true,"href":"https:\/\/padas.al\/english\/wp-json\/wp\/v2\/product_cat?post=10652"},{"taxonomy":"product_tag","embeddable":true,"href":"https:\/\/padas.al\/english\/wp-json\/wp\/v2\/product_tag?post=10652"}],"curies":[{"name":"wp","href":"https:\/\/api.w.org\/{rel}","templated":true}]}}