{"id":11211,"date":"2024-01-10T20:41:57","date_gmt":"2024-01-10T20:41:57","guid":{"rendered":"https:\/\/padas.al\/?post_type=product&#038;p=11211"},"modified":"2024-01-10T21:30:12","modified_gmt":"2024-01-10T21:30:12","slug":"cante-verde-ne-stilin-shopping-bag-2","status":"publish","type":"product","link":"https:\/\/padas.al\/english\/product\/cante-verde-ne-stilin-shopping-bag-2\/","title":{"rendered":"\u00c7ant\u00eb Verde n\u00eb stilin &#8220;shopping bag&#8221;."},"content":{"rendered":"<p>\u00c7anta \u00ebsht\u00eb e punuar nga l\u00ebkura ekologjike n\u00eb ngjyr\u00ebn jeshile dhe n\u00eb at\u00eb kafe p\u00ebrkat\u00ebsisht. Punimi i saj \u00ebsht\u00eb unik me qepje t\u00eb cilat krijojn\u00eb dizajn t\u00eb ve\u00e7ant\u00eb n\u00eb t\u00eb gjith\u00eb siperfaqen e saj. P\u00ebrmasat e \u00e7ant\u00ebs; lart\u00ebsia 27 cm, gjat\u00ebsia 39 cm, gjer\u00ebsia 16cm.<\/p>","protected":false},"excerpt":{"rendered":"<p>\u00c7anta \u00ebsht\u00eb produkt i firm\u00ebs Verde e cila ofron aksesor\u00eb p\u00ebr femra. \u00cbsht\u00eb e organizuar nga hap\u00ebsira q\u00ebndrore e cila mbyllet me zinxhir duke ofruar k\u00ebshtu siguri n\u00eb sendet tuaja, brenda gjenden dy xhepa nj\u00ebri prej tyre \u00ebsht\u00eb me zinxhir, po ashtu dhe n\u00eb faqen e pasme t\u00eb \u00e7ant\u00ebs gjendet nj\u00eb xhep me zinxhir.<\/p>","protected":false},"featured_media":11212,"comment_status":"open","ping_status":"closed","template":"","meta":[],"product_cat":[139,168,161,163,162,216,218],"product_tag":[],"yoast_head":"<!-- This site is optimized with the Yoast SEO plugin v18.3 - https:\/\/yoast.com\/wordpress\/plugins\/seo\/ -->\n<title>\u00c7ant\u00eb Verde n\u00eb stilin &quot;shopping bag&quot;. - PADAS<\/title>\n<meta name=\"description\" content=\"\u00c7ant\u00eb e bollshme, praktike dhe e p\u00ebrshtatshme p\u00ebr n\u00eb p\u00ebrditshm\u00ebri si dhe p\u00ebr udh\u00ebtimet tuaja, me ngjyra t\u00eb \u00ebmbla dhe t\u00eb kombinueshme.\" \/>\n<meta name=\"robots\" content=\"index, follow, max-snippet:-1, max-image-preview:large, max-video-preview:-1\" \/>\n<link rel=\"canonical\" href=\"https:\/\/padas.al\/english\/product\/cante-verde-ne-stilin-shopping-bag-2\/\" \/>\n<meta property=\"og:locale\" content=\"en_GB\" \/>\n<meta property=\"og:type\" content=\"article\" \/>\n<meta property=\"og:title\" content=\"\u00c7ant\u00eb Verde n\u00eb stilin &quot;shopping bag&quot;. - PADAS\" \/>\n<meta property=\"og:description\" content=\"\u00c7ant\u00eb e bollshme, praktike dhe e p\u00ebrshtatshme p\u00ebr n\u00eb p\u00ebrditshm\u00ebri si dhe p\u00ebr udh\u00ebtimet tuaja, me ngjyra t\u00eb \u00ebmbla dhe t\u00eb kombinueshme.\" \/>\n<meta property=\"og:url\" content=\"https:\/\/padas.al\/english\/product\/cante-verde-ne-stilin-shopping-bag-2\/\" \/>\n<meta property=\"og:site_name\" content=\"PADAS\" \/>\n<meta property=\"article:modified_time\" content=\"2024-01-10T21:30:12+00:00\" \/>\n<meta property=\"og:image\" content=\"https:\/\/padas.al\/wp-content\/uploads\/2024\/01\/fixedratio_20231031113527_228062f3.jpeg\" \/>\n\t<meta property=\"og:image:width\" content=\"540\" \/>\n\t<meta property=\"og:image:height\" content=\"720\" \/>\n\t<meta property=\"og:image:type\" content=\"image\/jpeg\" \/>\n<meta name=\"twitter:card\" content=\"summary_large_image\" \/>\n<meta name=\"twitter:label1\" content=\"Estimated reading time\" \/>\n\t<meta name=\"twitter:data1\" content=\"1 minute\" \/>\n<script type=\"application\/ld+json\" class=\"yoast-schema-graph\">{\"@context\":\"https:\/\/schema.org\",\"@graph\":[{\"@type\":\"Organization\",\"@id\":\"https:\/\/padas.al\/#organization\",\"name\":\"Padas.al\",\"url\":\"https:\/\/padas.al\/\",\"sameAs\":[],\"logo\":{\"@type\":\"ImageObject\",\"@id\":\"https:\/\/padas.al\/#logo\",\"inLanguage\":\"en-GB\",\"url\":\"https:\/\/padas.al\/wp-content\/uploads\/2021\/12\/padas-logo-01.svg\",\"contentUrl\":\"https:\/\/padas.al\/wp-content\/uploads\/2021\/12\/padas-logo-01.svg\",\"width\":196.4218,\"height\":195.7925,\"caption\":\"Padas.al\"},\"image\":{\"@id\":\"https:\/\/padas.al\/#logo\"}},{\"@type\":\"WebSite\",\"@id\":\"https:\/\/padas.al\/#website\",\"url\":\"https:\/\/padas.al\/\",\"name\":\"PADAS\",\"description\":\"Shoe Shop\",\"publisher\":{\"@id\":\"https:\/\/padas.al\/#organization\"},\"potentialAction\":[{\"@type\":\"SearchAction\",\"target\":{\"@type\":\"EntryPoint\",\"urlTemplate\":\"https:\/\/padas.al\/?s={search_term_string}\"},\"query-input\":\"required name=search_term_string\"}],\"inLanguage\":\"en-GB\"},{\"@type\":\"ImageObject\",\"@id\":\"https:\/\/padas.al\/product\/cante-verde-ne-stilin-shopping-bag-2\/#primaryimage\",\"inLanguage\":\"en-GB\",\"url\":\"https:\/\/padas.al\/wp-content\/uploads\/2024\/01\/fixedratio_20231031113527_228062f3.jpeg\",\"contentUrl\":\"https:\/\/padas.al\/wp-content\/uploads\/2024\/01\/fixedratio_20231031113527_228062f3.jpeg\",\"width\":540,\"height\":720},{\"@type\":\"WebPage\",\"@id\":\"https:\/\/padas.al\/product\/cante-verde-ne-stilin-shopping-bag-2\/#webpage\",\"url\":\"https:\/\/padas.al\/product\/cante-verde-ne-stilin-shopping-bag-2\/\",\"name\":\"\u00c7ant\u00eb Verde n\u00eb stilin \\\"shopping bag\\\". - PADAS\",\"isPartOf\":{\"@id\":\"https:\/\/padas.al\/#website\"},\"primaryImageOfPage\":{\"@id\":\"https:\/\/padas.al\/product\/cante-verde-ne-stilin-shopping-bag-2\/#primaryimage\"},\"datePublished\":\"2024-01-10T20:41:57+00:00\",\"dateModified\":\"2024-01-10T21:30:12+00:00\",\"description\":\"\u00c7ant\u00eb e bollshme, praktike dhe e p\u00ebrshtatshme p\u00ebr n\u00eb p\u00ebrditshm\u00ebri si dhe p\u00ebr udh\u00ebtimet tuaja, me ngjyra t\u00eb \u00ebmbla dhe t\u00eb kombinueshme.\",\"breadcrumb\":{\"@id\":\"https:\/\/padas.al\/product\/cante-verde-ne-stilin-shopping-bag-2\/#breadcrumb\"},\"inLanguage\":\"en-GB\",\"potentialAction\":[{\"@type\":\"ReadAction\",\"target\":[\"https:\/\/padas.al\/product\/cante-verde-ne-stilin-shopping-bag-2\/\"]}]},{\"@type\":\"BreadcrumbList\",\"@id\":\"https:\/\/padas.al\/product\/cante-verde-ne-stilin-shopping-bag-2\/#breadcrumb\",\"itemListElement\":[{\"@type\":\"ListItem\",\"position\":1,\"name\":\"Home\",\"item\":\"https:\/\/padas.al\/\"},{\"@type\":\"ListItem\",\"position\":2,\"name\":\"Shop\",\"item\":\"https:\/\/padas.al\/shop\/\"},{\"@type\":\"ListItem\",\"position\":3,\"name\":\"\u00c7ant\u00eb Verde n\u00eb stilin &#8220;shopping bag&#8221;.\"}]}]}<\/script>\n<!-- \/ Yoast SEO plugin. -->","yoast_head_json":{"title":"\u00c7ant\u00eb Verde n\u00eb stilin \"shopping bag\". - PADAS","description":"\u00c7ant\u00eb e bollshme, praktike dhe e p\u00ebrshtatshme p\u00ebr n\u00eb p\u00ebrditshm\u00ebri si dhe p\u00ebr udh\u00ebtimet tuaja, me ngjyra t\u00eb \u00ebmbla dhe t\u00eb kombinueshme.","robots":{"index":"index","follow":"follow","max-snippet":"max-snippet:-1","max-image-preview":"max-image-preview:large","max-video-preview":"max-video-preview:-1"},"canonical":"https:\/\/padas.al\/english\/product\/cante-verde-ne-stilin-shopping-bag-2\/","og_locale":"en_GB","og_type":"article","og_title":"\u00c7ant\u00eb Verde n\u00eb stilin \"shopping bag\". - PADAS","og_description":"\u00c7ant\u00eb e bollshme, praktike dhe e p\u00ebrshtatshme p\u00ebr n\u00eb p\u00ebrditshm\u00ebri si dhe p\u00ebr udh\u00ebtimet tuaja, me ngjyra t\u00eb \u00ebmbla dhe t\u00eb kombinueshme.","og_url":"https:\/\/padas.al\/english\/product\/cante-verde-ne-stilin-shopping-bag-2\/","og_site_name":"PADAS","article_modified_time":"2024-01-10T21:30:12+00:00","og_image":[{"width":540,"height":720,"url":"https:\/\/padas.al\/wp-content\/uploads\/2024\/01\/fixedratio_20231031113527_228062f3.jpeg","type":"image\/jpeg"}],"twitter_card":"summary_large_image","twitter_misc":{"Estimated reading time":"1 minute"},"schema":{"@context":"https:\/\/schema.org","@graph":[{"@type":"Organization","@id":"https:\/\/padas.al\/#organization","name":"Padas.al","url":"https:\/\/padas.al\/","sameAs":[],"logo":{"@type":"ImageObject","@id":"https:\/\/padas.al\/#logo","inLanguage":"en-GB","url":"https:\/\/padas.al\/wp-content\/uploads\/2021\/12\/padas-logo-01.svg","contentUrl":"https:\/\/padas.al\/wp-content\/uploads\/2021\/12\/padas-logo-01.svg","width":196.4218,"height":195.7925,"caption":"Padas.al"},"image":{"@id":"https:\/\/padas.al\/#logo"}},{"@type":"WebSite","@id":"https:\/\/padas.al\/#website","url":"https:\/\/padas.al\/","name":"PADAS","description":"Shoe Shop","publisher":{"@id":"https:\/\/padas.al\/#organization"},"potentialAction":[{"@type":"SearchAction","target":{"@type":"EntryPoint","urlTemplate":"https:\/\/padas.al\/?s={search_term_string}"},"query-input":"required name=search_term_string"}],"inLanguage":"en-GB"},{"@type":"ImageObject","@id":"https:\/\/padas.al\/product\/cante-verde-ne-stilin-shopping-bag-2\/#primaryimage","inLanguage":"en-GB","url":"https:\/\/padas.al\/wp-content\/uploads\/2024\/01\/fixedratio_20231031113527_228062f3.jpeg","contentUrl":"https:\/\/padas.al\/wp-content\/uploads\/2024\/01\/fixedratio_20231031113527_228062f3.jpeg","width":540,"height":720},{"@type":"WebPage","@id":"https:\/\/padas.al\/product\/cante-verde-ne-stilin-shopping-bag-2\/#webpage","url":"https:\/\/padas.al\/product\/cante-verde-ne-stilin-shopping-bag-2\/","name":"\u00c7ant\u00eb Verde n\u00eb stilin \"shopping bag\". - PADAS","isPartOf":{"@id":"https:\/\/padas.al\/#website"},"primaryImageOfPage":{"@id":"https:\/\/padas.al\/product\/cante-verde-ne-stilin-shopping-bag-2\/#primaryimage"},"datePublished":"2024-01-10T20:41:57+00:00","dateModified":"2024-01-10T21:30:12+00:00","description":"\u00c7ant\u00eb e bollshme, praktike dhe e p\u00ebrshtatshme p\u00ebr n\u00eb p\u00ebrditshm\u00ebri si dhe p\u00ebr udh\u00ebtimet tuaja, me ngjyra t\u00eb \u00ebmbla dhe t\u00eb kombinueshme.","breadcrumb":{"@id":"https:\/\/padas.al\/product\/cante-verde-ne-stilin-shopping-bag-2\/#breadcrumb"},"inLanguage":"en-GB","potentialAction":[{"@type":"ReadAction","target":["https:\/\/padas.al\/product\/cante-verde-ne-stilin-shopping-bag-2\/"]}]},{"@type":"BreadcrumbList","@id":"https:\/\/padas.al\/product\/cante-verde-ne-stilin-shopping-bag-2\/#breadcrumb","itemListElement":[{"@type":"ListItem","position":1,"name":"Home","item":"https:\/\/padas.al\/"},{"@type":"ListItem","position":2,"name":"Shop","item":"https:\/\/padas.al\/shop\/"},{"@type":"ListItem","position":3,"name":"\u00c7ant\u00eb Verde n\u00eb stilin &#8220;shopping bag&#8221;."}]}]}},"_links":{"self":[{"href":"https:\/\/padas.al\/english\/wp-json\/wp\/v2\/product\/11211"}],"collection":[{"href":"https:\/\/padas.al\/english\/wp-json\/wp\/v2\/product"}],"about":[{"href":"https:\/\/padas.al\/english\/wp-json\/wp\/v2\/types\/product"}],"replies":[{"embeddable":true,"href":"https:\/\/padas.al\/english\/wp-json\/wp\/v2\/comments?post=11211"}],"wp:featuredmedia":[{"embeddable":true,"href":"https:\/\/padas.al\/english\/wp-json\/wp\/v2\/media\/11212"}],"wp:attachment":[{"href":"https:\/\/padas.al\/english\/wp-json\/wp\/v2\/media?parent=11211"}],"wp:term":[{"taxonomy":"product_cat","embeddable":true,"href":"https:\/\/padas.al\/english\/wp-json\/wp\/v2\/product_cat?post=11211"},{"taxonomy":"product_tag","embeddable":true,"href":"https:\/\/padas.al\/english\/wp-json\/wp\/v2\/product_tag?post=11211"}],"curies":[{"name":"wp","href":"https:\/\/api.w.org\/{rel}","templated":true}]}}