{"id":11306,"date":"2024-04-13T18:18:17","date_gmt":"2024-04-13T18:18:17","guid":{"rendered":"https:\/\/padas.al\/?post_type=product&#038;p=11306"},"modified":"2026-01-28T08:18:38","modified_gmt":"2026-01-28T08:18:38","slug":"mokasina-kamosh-me-gome-fleksibel-boxer","status":"publish","type":"product","link":"https:\/\/padas.al\/english\/product\/mokasina-kamosh-me-gome-fleksibel-boxer\/","title":{"rendered":"Mokasina kamosh me gom\u00eb fleksib\u00ebl, Boxer"},"content":{"rendered":"<p>Mokasinat jan\u00eb t\u00eb p\u00ebrb\u00ebra prej l\u00ebkure natyrale n\u00eb varietetin e kamoshit l\u00ebkur\u00ebs s\u00eb kthyer mbrapsht. Modeli vjen n\u00eb dy ngjyra n\u00eb at\u00eb blu dhe n\u00eb t\u00eb zez\u00eb, sip\u00ebr kan\u00eb nje detaj metalik n\u00eb ngyr\u00ebn e sermit. Goma e tyre \u00ebsht\u00eb e leht\u00eb dhe tep\u00ebr e but\u00eb si dhe ka fleksibilitet duke u dhuruar k\u00ebshtu k\u00ebmb\u00ebve komoditet maksimal. Shtresa ku mb\u00ebshtetet shputa e k\u00ebmb\u00ebs \u00ebsht\u00eb e but\u00eb.<\/p>","protected":false},"excerpt":{"rendered":"<p>K\u00ebpuc\u00ebt jan\u00eb prodhim i firm\u00ebs greke Boxer, kompani e cila prodhon k\u00ebpuc\u00eb l\u00ebkure p\u00ebr femra dhe meshkuj sipas standardeve evropiane dhe trendeve. K\u00ebto k\u00ebpuc\u00eb jan\u00eb domosdoshm\u00ebri n\u00eb garderob\u00ebn e \u00e7do mashkulli p\u00ebr shkak se jan\u00eb tep\u00ebr t\u00eb kombinueshme dhe praktike p\u00ebr n\u00eb p\u00ebrditshm\u00ebri.<\/p>","protected":false},"featured_media":11307,"comment_status":"open","ping_status":"closed","template":"","meta":[],"product_cat":[228,229,189,191,201,198,199],"product_tag":[],"yoast_head":"<!-- This site is optimized with the Yoast SEO plugin v18.3 - https:\/\/yoast.com\/wordpress\/plugins\/seo\/ -->\n<title>Mokasina kamosh me gom\u00eb fleksib\u00ebl, Boxer - PADAS<\/title>\n<meta name=\"description\" content=\"Mokasinat jan\u00eb k\u00ebpuc\u00ebt verore m\u00eb t\u00eb p\u00ebqyera dhe me praktike p\u00ebr ti veshur n\u00eb \u00e7do t\u00eb dit\u00ebs dhe me \u00e7do veshje si klasike po ashtu dhe sportive.\" \/>\n<meta name=\"robots\" content=\"index, follow, max-snippet:-1, max-image-preview:large, max-video-preview:-1\" \/>\n<link rel=\"canonical\" href=\"https:\/\/padas.al\/english\/product\/mokasina-kamosh-me-gome-fleksibel-boxer\/\" \/>\n<meta property=\"og:locale\" content=\"en_GB\" \/>\n<meta property=\"og:type\" content=\"article\" \/>\n<meta property=\"og:title\" content=\"Mokasina kamosh me gom\u00eb fleksib\u00ebl, Boxer - PADAS\" \/>\n<meta property=\"og:description\" content=\"Mokasinat jan\u00eb k\u00ebpuc\u00ebt verore m\u00eb t\u00eb p\u00ebqyera dhe me praktike p\u00ebr ti veshur n\u00eb \u00e7do t\u00eb dit\u00ebs dhe me \u00e7do veshje si klasike po ashtu dhe sportive.\" \/>\n<meta property=\"og:url\" content=\"https:\/\/padas.al\/english\/product\/mokasina-kamosh-me-gome-fleksibel-boxer\/\" \/>\n<meta property=\"og:site_name\" content=\"PADAS\" \/>\n<meta property=\"article:modified_time\" content=\"2026-01-28T08:18:38+00:00\" \/>\n<meta property=\"og:image\" content=\"https:\/\/padas.al\/wp-content\/uploads\/2024\/04\/19280-29-016-1.jpg\" \/>\n\t<meta property=\"og:image:width\" content=\"1000\" \/>\n\t<meta property=\"og:image:height\" content=\"1000\" \/>\n\t<meta property=\"og:image:type\" content=\"image\/jpeg\" \/>\n<meta name=\"twitter:card\" content=\"summary_large_image\" \/>\n<meta name=\"twitter:label1\" content=\"Estimated reading time\" \/>\n\t<meta name=\"twitter:data1\" content=\"1 minute\" \/>\n<script type=\"application\/ld+json\" class=\"yoast-schema-graph\">{\"@context\":\"https:\/\/schema.org\",\"@graph\":[{\"@type\":\"Organization\",\"@id\":\"https:\/\/padas.al\/#organization\",\"name\":\"Padas.al\",\"url\":\"https:\/\/padas.al\/\",\"sameAs\":[],\"logo\":{\"@type\":\"ImageObject\",\"@id\":\"https:\/\/padas.al\/#logo\",\"inLanguage\":\"en-GB\",\"url\":\"https:\/\/padas.al\/wp-content\/uploads\/2021\/12\/padas-logo-01.svg\",\"contentUrl\":\"https:\/\/padas.al\/wp-content\/uploads\/2021\/12\/padas-logo-01.svg\",\"width\":196.4218,\"height\":195.7925,\"caption\":\"Padas.al\"},\"image\":{\"@id\":\"https:\/\/padas.al\/#logo\"}},{\"@type\":\"WebSite\",\"@id\":\"https:\/\/padas.al\/#website\",\"url\":\"https:\/\/padas.al\/\",\"name\":\"PADAS\",\"description\":\"Shoe Shop\",\"publisher\":{\"@id\":\"https:\/\/padas.al\/#organization\"},\"potentialAction\":[{\"@type\":\"SearchAction\",\"target\":{\"@type\":\"EntryPoint\",\"urlTemplate\":\"https:\/\/padas.al\/?s={search_term_string}\"},\"query-input\":\"required name=search_term_string\"}],\"inLanguage\":\"en-GB\"},{\"@type\":\"ImageObject\",\"@id\":\"https:\/\/padas.al\/product\/mokasina-kamosh-me-gome-fleksibel-boxer\/#primaryimage\",\"inLanguage\":\"en-GB\",\"url\":\"https:\/\/padas.al\/wp-content\/uploads\/2024\/04\/19280-29-016-1.jpg\",\"contentUrl\":\"https:\/\/padas.al\/wp-content\/uploads\/2024\/04\/19280-29-016-1.jpg\",\"width\":1000,\"height\":1000},{\"@type\":\"WebPage\",\"@id\":\"https:\/\/padas.al\/product\/mokasina-kamosh-me-gome-fleksibel-boxer\/#webpage\",\"url\":\"https:\/\/padas.al\/product\/mokasina-kamosh-me-gome-fleksibel-boxer\/\",\"name\":\"Mokasina kamosh me gom\u00eb fleksib\u00ebl, Boxer - PADAS\",\"isPartOf\":{\"@id\":\"https:\/\/padas.al\/#website\"},\"primaryImageOfPage\":{\"@id\":\"https:\/\/padas.al\/product\/mokasina-kamosh-me-gome-fleksibel-boxer\/#primaryimage\"},\"datePublished\":\"2024-04-13T18:18:17+00:00\",\"dateModified\":\"2026-01-28T08:18:38+00:00\",\"description\":\"Mokasinat jan\u00eb k\u00ebpuc\u00ebt verore m\u00eb t\u00eb p\u00ebqyera dhe me praktike p\u00ebr ti veshur n\u00eb \u00e7do t\u00eb dit\u00ebs dhe me \u00e7do veshje si klasike po ashtu dhe sportive.\",\"breadcrumb\":{\"@id\":\"https:\/\/padas.al\/product\/mokasina-kamosh-me-gome-fleksibel-boxer\/#breadcrumb\"},\"inLanguage\":\"en-GB\",\"potentialAction\":[{\"@type\":\"ReadAction\",\"target\":[\"https:\/\/padas.al\/product\/mokasina-kamosh-me-gome-fleksibel-boxer\/\"]}]},{\"@type\":\"BreadcrumbList\",\"@id\":\"https:\/\/padas.al\/product\/mokasina-kamosh-me-gome-fleksibel-boxer\/#breadcrumb\",\"itemListElement\":[{\"@type\":\"ListItem\",\"position\":1,\"name\":\"Home\",\"item\":\"https:\/\/padas.al\/\"},{\"@type\":\"ListItem\",\"position\":2,\"name\":\"Shop\",\"item\":\"https:\/\/padas.al\/shop\/\"},{\"@type\":\"ListItem\",\"position\":3,\"name\":\"Mokasina kamosh me gom\u00eb fleksib\u00ebl, Boxer\"}]}]}<\/script>\n<!-- \/ Yoast SEO plugin. -->","yoast_head_json":{"title":"Mokasina kamosh me gom\u00eb fleksib\u00ebl, Boxer - PADAS","description":"Mokasinat jan\u00eb k\u00ebpuc\u00ebt verore m\u00eb t\u00eb p\u00ebqyera dhe me praktike p\u00ebr ti veshur n\u00eb \u00e7do t\u00eb dit\u00ebs dhe me \u00e7do veshje si klasike po ashtu dhe sportive.","robots":{"index":"index","follow":"follow","max-snippet":"max-snippet:-1","max-image-preview":"max-image-preview:large","max-video-preview":"max-video-preview:-1"},"canonical":"https:\/\/padas.al\/english\/product\/mokasina-kamosh-me-gome-fleksibel-boxer\/","og_locale":"en_GB","og_type":"article","og_title":"Mokasina kamosh me gom\u00eb fleksib\u00ebl, Boxer - PADAS","og_description":"Mokasinat jan\u00eb k\u00ebpuc\u00ebt verore m\u00eb t\u00eb p\u00ebqyera dhe me praktike p\u00ebr ti veshur n\u00eb \u00e7do t\u00eb dit\u00ebs dhe me \u00e7do veshje si klasike po ashtu dhe sportive.","og_url":"https:\/\/padas.al\/english\/product\/mokasina-kamosh-me-gome-fleksibel-boxer\/","og_site_name":"PADAS","article_modified_time":"2026-01-28T08:18:38+00:00","og_image":[{"width":1000,"height":1000,"url":"https:\/\/padas.al\/wp-content\/uploads\/2024\/04\/19280-29-016-1.jpg","type":"image\/jpeg"}],"twitter_card":"summary_large_image","twitter_misc":{"Estimated reading time":"1 minute"},"schema":{"@context":"https:\/\/schema.org","@graph":[{"@type":"Organization","@id":"https:\/\/padas.al\/#organization","name":"Padas.al","url":"https:\/\/padas.al\/","sameAs":[],"logo":{"@type":"ImageObject","@id":"https:\/\/padas.al\/#logo","inLanguage":"en-GB","url":"https:\/\/padas.al\/wp-content\/uploads\/2021\/12\/padas-logo-01.svg","contentUrl":"https:\/\/padas.al\/wp-content\/uploads\/2021\/12\/padas-logo-01.svg","width":196.4218,"height":195.7925,"caption":"Padas.al"},"image":{"@id":"https:\/\/padas.al\/#logo"}},{"@type":"WebSite","@id":"https:\/\/padas.al\/#website","url":"https:\/\/padas.al\/","name":"PADAS","description":"Shoe Shop","publisher":{"@id":"https:\/\/padas.al\/#organization"},"potentialAction":[{"@type":"SearchAction","target":{"@type":"EntryPoint","urlTemplate":"https:\/\/padas.al\/?s={search_term_string}"},"query-input":"required name=search_term_string"}],"inLanguage":"en-GB"},{"@type":"ImageObject","@id":"https:\/\/padas.al\/product\/mokasina-kamosh-me-gome-fleksibel-boxer\/#primaryimage","inLanguage":"en-GB","url":"https:\/\/padas.al\/wp-content\/uploads\/2024\/04\/19280-29-016-1.jpg","contentUrl":"https:\/\/padas.al\/wp-content\/uploads\/2024\/04\/19280-29-016-1.jpg","width":1000,"height":1000},{"@type":"WebPage","@id":"https:\/\/padas.al\/product\/mokasina-kamosh-me-gome-fleksibel-boxer\/#webpage","url":"https:\/\/padas.al\/product\/mokasina-kamosh-me-gome-fleksibel-boxer\/","name":"Mokasina kamosh me gom\u00eb fleksib\u00ebl, Boxer - PADAS","isPartOf":{"@id":"https:\/\/padas.al\/#website"},"primaryImageOfPage":{"@id":"https:\/\/padas.al\/product\/mokasina-kamosh-me-gome-fleksibel-boxer\/#primaryimage"},"datePublished":"2024-04-13T18:18:17+00:00","dateModified":"2026-01-28T08:18:38+00:00","description":"Mokasinat jan\u00eb k\u00ebpuc\u00ebt verore m\u00eb t\u00eb p\u00ebqyera dhe me praktike p\u00ebr ti veshur n\u00eb \u00e7do t\u00eb dit\u00ebs dhe me \u00e7do veshje si klasike po ashtu dhe sportive.","breadcrumb":{"@id":"https:\/\/padas.al\/product\/mokasina-kamosh-me-gome-fleksibel-boxer\/#breadcrumb"},"inLanguage":"en-GB","potentialAction":[{"@type":"ReadAction","target":["https:\/\/padas.al\/product\/mokasina-kamosh-me-gome-fleksibel-boxer\/"]}]},{"@type":"BreadcrumbList","@id":"https:\/\/padas.al\/product\/mokasina-kamosh-me-gome-fleksibel-boxer\/#breadcrumb","itemListElement":[{"@type":"ListItem","position":1,"name":"Home","item":"https:\/\/padas.al\/"},{"@type":"ListItem","position":2,"name":"Shop","item":"https:\/\/padas.al\/shop\/"},{"@type":"ListItem","position":3,"name":"Mokasina kamosh me gom\u00eb fleksib\u00ebl, Boxer"}]}]}},"_links":{"self":[{"href":"https:\/\/padas.al\/english\/wp-json\/wp\/v2\/product\/11306"}],"collection":[{"href":"https:\/\/padas.al\/english\/wp-json\/wp\/v2\/product"}],"about":[{"href":"https:\/\/padas.al\/english\/wp-json\/wp\/v2\/types\/product"}],"replies":[{"embeddable":true,"href":"https:\/\/padas.al\/english\/wp-json\/wp\/v2\/comments?post=11306"}],"wp:featuredmedia":[{"embeddable":true,"href":"https:\/\/padas.al\/english\/wp-json\/wp\/v2\/media\/11307"}],"wp:attachment":[{"href":"https:\/\/padas.al\/english\/wp-json\/wp\/v2\/media?parent=11306"}],"wp:term":[{"taxonomy":"product_cat","embeddable":true,"href":"https:\/\/padas.al\/english\/wp-json\/wp\/v2\/product_cat?post=11306"},{"taxonomy":"product_tag","embeddable":true,"href":"https:\/\/padas.al\/english\/wp-json\/wp\/v2\/product_tag?post=11306"}],"curies":[{"name":"wp","href":"https:\/\/api.w.org\/{rel}","templated":true}]}}