{"id":12388,"date":"2025-05-07T17:26:38","date_gmt":"2025-05-07T17:26:38","guid":{"rendered":"https:\/\/padas.al\/?post_type=product&#038;p=12388"},"modified":"2025-05-07T18:41:55","modified_gmt":"2025-05-07T18:41:55","slug":"espadrille-te-sheshta-prek-lekure-ragazza","status":"publish","type":"product","link":"https:\/\/padas.al\/english\/product\/espadrille-te-sheshta-prek-lekure-ragazza\/","title":{"rendered":"Espadrille t\u00eb sheshta prek l\u00ebkure, Ragazza"},"content":{"rendered":"<p>Espadrillet jan\u00eb k\u00ebpuc\u00ebt e ver\u00ebs ato jan\u00eb t\u00eb p\u00ebrb\u00ebra prej l\u00ebkure natyrale n\u00eb ngjyr\u00ebn e r\u00ebr\u00ebs me shk\u00eblqim t\u00eb zbutur. Kan\u00eb shtres\u00eb t\u00eb but\u00eb Dry Flex n\u00eb pjes\u00ebn ku mb\u00ebshtetet shputa e k\u00ebmb\u00ebs e cila b\u00ebn t\u00eb mundur p\u00ebrthithjen e lag\u00ebshtir\u00ebs duke e mbajtur at\u00eb t\u00eb that\u00eb pa u djersitur. Goma e tyre ka detajet e litar\u00ebve t\u00eb cilat i japin identitet k\u00ebtij modeli.<\/p>","protected":false},"excerpt":{"rendered":"<p>K\u00ebpuc\u00ebt jan\u00eb produkt i firm\u00ebs Ragazza , kompani greke e cila prodhon k\u00ebpuc\u00eb e sandale l\u00ebkure p\u00ebr femra sipas standardeve evropiane. Modeli \u00ebsht\u00eb i p\u00ebqyesh\u00ebm dhe e mb\u00ebshtjell k\u00ebmb\u00ebn bukur duke dhuruar komoditet n\u00eb ecje.<\/p>","protected":false},"featured_media":12439,"comment_status":"open","ping_status":"closed","template":"","meta":[],"product_cat":[139,146,141,142,143,145,144,151,224],"product_tag":[],"yoast_head":"<!-- This site is optimized with the Yoast SEO plugin v18.3 - https:\/\/yoast.com\/wordpress\/plugins\/seo\/ -->\n<title>Espadrille t\u00eb sheshta prek l\u00ebkure, Ragazza - PADAS<\/title>\n<meta name=\"description\" content=\"K\u00ebpuc\u00ebt e ver\u00ebs jan\u00eb espadrillet, me plot stil dhe extra komoditet , kj\u00ebto do ishin zgjedhja ideale p\u00ebr sezonin, t\u00eb kombinueshme dhe praktike.\" \/>\n<meta name=\"robots\" content=\"index, follow, max-snippet:-1, max-image-preview:large, max-video-preview:-1\" \/>\n<link rel=\"canonical\" href=\"https:\/\/padas.al\/english\/product\/espadrille-te-sheshta-prek-lekure-ragazza\/\" \/>\n<meta property=\"og:locale\" content=\"en_GB\" \/>\n<meta property=\"og:type\" content=\"article\" \/>\n<meta property=\"og:title\" content=\"Espadrille t\u00eb sheshta prek l\u00ebkure, Ragazza - PADAS\" \/>\n<meta property=\"og:description\" content=\"K\u00ebpuc\u00ebt e ver\u00ebs jan\u00eb espadrillet, me plot stil dhe extra komoditet , kj\u00ebto do ishin zgjedhja ideale p\u00ebr sezonin, t\u00eb kombinueshme dhe praktike.\" \/>\n<meta property=\"og:url\" content=\"https:\/\/padas.al\/english\/product\/espadrille-te-sheshta-prek-lekure-ragazza\/\" \/>\n<meta property=\"og:site_name\" content=\"PADAS\" \/>\n<meta property=\"article:modified_time\" content=\"2025-05-07T18:41:55+00:00\" \/>\n<meta property=\"og:image\" content=\"https:\/\/padas.al\/wp-content\/uploads\/2025\/05\/ragazza-women-sandals-leather-7.jpg\" \/>\n\t<meta property=\"og:image:width\" content=\"1100\" \/>\n\t<meta property=\"og:image:height\" content=\"1422\" \/>\n\t<meta property=\"og:image:type\" content=\"image\/jpeg\" \/>\n<meta name=\"twitter:card\" content=\"summary_large_image\" \/>\n<meta name=\"twitter:label1\" content=\"Estimated reading time\" \/>\n\t<meta name=\"twitter:data1\" content=\"1 minute\" \/>\n<script type=\"application\/ld+json\" class=\"yoast-schema-graph\">{\"@context\":\"https:\/\/schema.org\",\"@graph\":[{\"@type\":\"Organization\",\"@id\":\"https:\/\/padas.al\/#organization\",\"name\":\"Padas.al\",\"url\":\"https:\/\/padas.al\/\",\"sameAs\":[],\"logo\":{\"@type\":\"ImageObject\",\"@id\":\"https:\/\/padas.al\/#logo\",\"inLanguage\":\"en-GB\",\"url\":\"https:\/\/padas.al\/wp-content\/uploads\/2021\/12\/padas-logo-01.svg\",\"contentUrl\":\"https:\/\/padas.al\/wp-content\/uploads\/2021\/12\/padas-logo-01.svg\",\"width\":196.4218,\"height\":195.7925,\"caption\":\"Padas.al\"},\"image\":{\"@id\":\"https:\/\/padas.al\/#logo\"}},{\"@type\":\"WebSite\",\"@id\":\"https:\/\/padas.al\/#website\",\"url\":\"https:\/\/padas.al\/\",\"name\":\"PADAS\",\"description\":\"Shoe Shop\",\"publisher\":{\"@id\":\"https:\/\/padas.al\/#organization\"},\"potentialAction\":[{\"@type\":\"SearchAction\",\"target\":{\"@type\":\"EntryPoint\",\"urlTemplate\":\"https:\/\/padas.al\/?s={search_term_string}\"},\"query-input\":\"required name=search_term_string\"}],\"inLanguage\":\"en-GB\"},{\"@type\":\"ImageObject\",\"@id\":\"https:\/\/padas.al\/product\/espadrille-te-sheshta-prek-lekure-ragazza\/#primaryimage\",\"inLanguage\":\"en-GB\",\"url\":\"https:\/\/padas.al\/wp-content\/uploads\/2025\/05\/ragazza-women-sandals-leather-7.jpg\",\"contentUrl\":\"https:\/\/padas.al\/wp-content\/uploads\/2025\/05\/ragazza-women-sandals-leather-7.jpg\",\"width\":1100,\"height\":1422},{\"@type\":\"WebPage\",\"@id\":\"https:\/\/padas.al\/product\/espadrille-te-sheshta-prek-lekure-ragazza\/#webpage\",\"url\":\"https:\/\/padas.al\/product\/espadrille-te-sheshta-prek-lekure-ragazza\/\",\"name\":\"Espadrille t\u00eb sheshta prek l\u00ebkure, Ragazza - PADAS\",\"isPartOf\":{\"@id\":\"https:\/\/padas.al\/#website\"},\"primaryImageOfPage\":{\"@id\":\"https:\/\/padas.al\/product\/espadrille-te-sheshta-prek-lekure-ragazza\/#primaryimage\"},\"datePublished\":\"2025-05-07T17:26:38+00:00\",\"dateModified\":\"2025-05-07T18:41:55+00:00\",\"description\":\"K\u00ebpuc\u00ebt e ver\u00ebs jan\u00eb espadrillet, me plot stil dhe extra komoditet , kj\u00ebto do ishin zgjedhja ideale p\u00ebr sezonin, t\u00eb kombinueshme dhe praktike.\",\"breadcrumb\":{\"@id\":\"https:\/\/padas.al\/product\/espadrille-te-sheshta-prek-lekure-ragazza\/#breadcrumb\"},\"inLanguage\":\"en-GB\",\"potentialAction\":[{\"@type\":\"ReadAction\",\"target\":[\"https:\/\/padas.al\/product\/espadrille-te-sheshta-prek-lekure-ragazza\/\"]}]},{\"@type\":\"BreadcrumbList\",\"@id\":\"https:\/\/padas.al\/product\/espadrille-te-sheshta-prek-lekure-ragazza\/#breadcrumb\",\"itemListElement\":[{\"@type\":\"ListItem\",\"position\":1,\"name\":\"Home\",\"item\":\"https:\/\/padas.al\/\"},{\"@type\":\"ListItem\",\"position\":2,\"name\":\"Shop\",\"item\":\"https:\/\/padas.al\/shop\/\"},{\"@type\":\"ListItem\",\"position\":3,\"name\":\"Espadrille t\u00eb sheshta prek l\u00ebkure, Ragazza\"}]}]}<\/script>\n<!-- \/ Yoast SEO plugin. -->","yoast_head_json":{"title":"Espadrille t\u00eb sheshta prek l\u00ebkure, Ragazza - PADAS","description":"K\u00ebpuc\u00ebt e ver\u00ebs jan\u00eb espadrillet, me plot stil dhe extra komoditet , kj\u00ebto do ishin zgjedhja ideale p\u00ebr sezonin, t\u00eb kombinueshme dhe praktike.","robots":{"index":"index","follow":"follow","max-snippet":"max-snippet:-1","max-image-preview":"max-image-preview:large","max-video-preview":"max-video-preview:-1"},"canonical":"https:\/\/padas.al\/english\/product\/espadrille-te-sheshta-prek-lekure-ragazza\/","og_locale":"en_GB","og_type":"article","og_title":"Espadrille t\u00eb sheshta prek l\u00ebkure, Ragazza - PADAS","og_description":"K\u00ebpuc\u00ebt e ver\u00ebs jan\u00eb espadrillet, me plot stil dhe extra komoditet , kj\u00ebto do ishin zgjedhja ideale p\u00ebr sezonin, t\u00eb kombinueshme dhe praktike.","og_url":"https:\/\/padas.al\/english\/product\/espadrille-te-sheshta-prek-lekure-ragazza\/","og_site_name":"PADAS","article_modified_time":"2025-05-07T18:41:55+00:00","og_image":[{"width":1100,"height":1422,"url":"https:\/\/padas.al\/wp-content\/uploads\/2025\/05\/ragazza-women-sandals-leather-7.jpg","type":"image\/jpeg"}],"twitter_card":"summary_large_image","twitter_misc":{"Estimated reading time":"1 minute"},"schema":{"@context":"https:\/\/schema.org","@graph":[{"@type":"Organization","@id":"https:\/\/padas.al\/#organization","name":"Padas.al","url":"https:\/\/padas.al\/","sameAs":[],"logo":{"@type":"ImageObject","@id":"https:\/\/padas.al\/#logo","inLanguage":"en-GB","url":"https:\/\/padas.al\/wp-content\/uploads\/2021\/12\/padas-logo-01.svg","contentUrl":"https:\/\/padas.al\/wp-content\/uploads\/2021\/12\/padas-logo-01.svg","width":196.4218,"height":195.7925,"caption":"Padas.al"},"image":{"@id":"https:\/\/padas.al\/#logo"}},{"@type":"WebSite","@id":"https:\/\/padas.al\/#website","url":"https:\/\/padas.al\/","name":"PADAS","description":"Shoe Shop","publisher":{"@id":"https:\/\/padas.al\/#organization"},"potentialAction":[{"@type":"SearchAction","target":{"@type":"EntryPoint","urlTemplate":"https:\/\/padas.al\/?s={search_term_string}"},"query-input":"required name=search_term_string"}],"inLanguage":"en-GB"},{"@type":"ImageObject","@id":"https:\/\/padas.al\/product\/espadrille-te-sheshta-prek-lekure-ragazza\/#primaryimage","inLanguage":"en-GB","url":"https:\/\/padas.al\/wp-content\/uploads\/2025\/05\/ragazza-women-sandals-leather-7.jpg","contentUrl":"https:\/\/padas.al\/wp-content\/uploads\/2025\/05\/ragazza-women-sandals-leather-7.jpg","width":1100,"height":1422},{"@type":"WebPage","@id":"https:\/\/padas.al\/product\/espadrille-te-sheshta-prek-lekure-ragazza\/#webpage","url":"https:\/\/padas.al\/product\/espadrille-te-sheshta-prek-lekure-ragazza\/","name":"Espadrille t\u00eb sheshta prek l\u00ebkure, Ragazza - PADAS","isPartOf":{"@id":"https:\/\/padas.al\/#website"},"primaryImageOfPage":{"@id":"https:\/\/padas.al\/product\/espadrille-te-sheshta-prek-lekure-ragazza\/#primaryimage"},"datePublished":"2025-05-07T17:26:38+00:00","dateModified":"2025-05-07T18:41:55+00:00","description":"K\u00ebpuc\u00ebt e ver\u00ebs jan\u00eb espadrillet, me plot stil dhe extra komoditet , kj\u00ebto do ishin zgjedhja ideale p\u00ebr sezonin, t\u00eb kombinueshme dhe praktike.","breadcrumb":{"@id":"https:\/\/padas.al\/product\/espadrille-te-sheshta-prek-lekure-ragazza\/#breadcrumb"},"inLanguage":"en-GB","potentialAction":[{"@type":"ReadAction","target":["https:\/\/padas.al\/product\/espadrille-te-sheshta-prek-lekure-ragazza\/"]}]},{"@type":"BreadcrumbList","@id":"https:\/\/padas.al\/product\/espadrille-te-sheshta-prek-lekure-ragazza\/#breadcrumb","itemListElement":[{"@type":"ListItem","position":1,"name":"Home","item":"https:\/\/padas.al\/"},{"@type":"ListItem","position":2,"name":"Shop","item":"https:\/\/padas.al\/shop\/"},{"@type":"ListItem","position":3,"name":"Espadrille t\u00eb sheshta prek l\u00ebkure, Ragazza"}]}]}},"_links":{"self":[{"href":"https:\/\/padas.al\/english\/wp-json\/wp\/v2\/product\/12388"}],"collection":[{"href":"https:\/\/padas.al\/english\/wp-json\/wp\/v2\/product"}],"about":[{"href":"https:\/\/padas.al\/english\/wp-json\/wp\/v2\/types\/product"}],"replies":[{"embeddable":true,"href":"https:\/\/padas.al\/english\/wp-json\/wp\/v2\/comments?post=12388"}],"wp:featuredmedia":[{"embeddable":true,"href":"https:\/\/padas.al\/english\/wp-json\/wp\/v2\/media\/12439"}],"wp:attachment":[{"href":"https:\/\/padas.al\/english\/wp-json\/wp\/v2\/media?parent=12388"}],"wp:term":[{"taxonomy":"product_cat","embeddable":true,"href":"https:\/\/padas.al\/english\/wp-json\/wp\/v2\/product_cat?post=12388"},{"taxonomy":"product_tag","embeddable":true,"href":"https:\/\/padas.al\/english\/wp-json\/wp\/v2\/product_tag?post=12388"}],"curies":[{"name":"wp","href":"https:\/\/api.w.org\/{rel}","templated":true}]}}