{"id":6005,"date":"2022-03-30T09:39:20","date_gmt":"2022-03-30T09:39:20","guid":{"rendered":"https:\/\/padas.al\/?post_type=product&#038;p=6005"},"modified":"2026-01-28T13:27:54","modified_gmt":"2026-01-28T13:27:54","slug":"kepuce-me-take-lekure","status":"publish","type":"product","link":"https:\/\/padas.al\/english\/product\/kepuce-me-take-lekure\/","title":{"rendered":"K\u00ebpuc\u00eb me tak\u00eb elegante l\u00ebkur\u00eb, Boxer"},"content":{"rendered":"<p>K\u00ebpuc\u00ebt jan\u00eb t\u00eb punuara nga l\u00ebkura natyrale n\u00eb ngjyr\u00ebn vishnje dhe p\u00ebrqark saj kan\u00eb detaje t\u00eb vogla n\u00eb form\u00eb rruazash n\u00eb ngjyr\u00ebn e sermit. Lart\u00ebsia e tak\u00ebs \u00ebsht\u00eb 7 cm.<\/p>","protected":false},"excerpt":{"rendered":"<p>K\u00ebpuc\u00ebt jan\u00eb prodhim i firm\u00ebs greke Boxer e cila ka ekpserienc\u00eb mbi 100 vje\u00e7are dhe prodhon k\u00ebpuc\u00eb l\u00ebkure p\u00ebr femra e meshkuj. K\u00ebto k\u00ebpuc\u00eb jan\u00eb praktike fal\u00eb tak\u00ebs q\u00eb ato kan\u00eb jo shum\u00eb t\u00eb lart\u00eb dhe n\u00eb pjes\u00ebn ku mb\u00ebshtetet shputa e k\u00ebmb\u00ebs ka shtres\u00eb t\u00eb but\u00eb l\u00ebkure po ashtu n\u00eb pjes\u00ebn e poshtme kan\u00eb gom\u00eb duke ofruar komoditet maximal n\u00eb ecje.<\/p>","protected":false},"featured_media":5984,"comment_status":"open","ping_status":"closed","template":"","meta":[],"product_cat":[139,140,146,226,274],"product_tag":[],"yoast_head":"<!-- This site is optimized with the Yoast SEO plugin v18.3 - https:\/\/yoast.com\/wordpress\/plugins\/seo\/ -->\n<title>K\u00ebpuc\u00eb me tak\u00eb elegante l\u00ebkur\u00eb, Boxer - PADAS<\/title>\n<meta name=\"description\" content=\"K\u00ebpuc\u00eb stileto elegante dhe me lart\u00ebsi t\u00eb p\u00ebrshashme dhe n\u00eb p\u00ebrdishm\u00ebri p\u00ebr nj\u00eb pamje sa klasike dhe fem\u00ebrore po aq dhe serioze.\" \/>\n<meta name=\"robots\" content=\"index, follow, max-snippet:-1, max-image-preview:large, max-video-preview:-1\" \/>\n<link rel=\"canonical\" href=\"https:\/\/padas.al\/english\/product\/kepuce-me-take-lekure\/\" \/>\n<meta property=\"og:locale\" content=\"en_GB\" \/>\n<meta property=\"og:type\" content=\"article\" \/>\n<meta property=\"og:title\" content=\"K\u00ebpuc\u00eb me tak\u00eb elegante l\u00ebkur\u00eb, Boxer - PADAS\" \/>\n<meta property=\"og:description\" content=\"K\u00ebpuc\u00eb stileto elegante dhe me lart\u00ebsi t\u00eb p\u00ebrshashme dhe n\u00eb p\u00ebrdishm\u00ebri p\u00ebr nj\u00eb pamje sa klasike dhe fem\u00ebrore po aq dhe serioze.\" \/>\n<meta property=\"og:url\" content=\"https:\/\/padas.al\/english\/product\/kepuce-me-take-lekure\/\" \/>\n<meta property=\"og:site_name\" content=\"PADAS\" \/>\n<meta property=\"article:modified_time\" content=\"2026-01-28T13:27:54+00:00\" \/>\n<meta property=\"og:image\" content=\"https:\/\/padas.al\/wp-content\/uploads\/2022\/03\/20191029142910_boxer_59094_17_318.jpeg\" \/>\n\t<meta property=\"og:image:width\" content=\"726\" \/>\n\t<meta property=\"og:image:height\" content=\"543\" \/>\n\t<meta property=\"og:image:type\" content=\"image\/jpeg\" \/>\n<meta name=\"twitter:card\" content=\"summary_large_image\" \/>\n<meta name=\"twitter:label1\" content=\"Estimated reading time\" \/>\n\t<meta name=\"twitter:data1\" content=\"1 minute\" \/>\n<script type=\"application\/ld+json\" class=\"yoast-schema-graph\">{\"@context\":\"https:\/\/schema.org\",\"@graph\":[{\"@type\":\"Organization\",\"@id\":\"https:\/\/padas.al\/#organization\",\"name\":\"Padas.al\",\"url\":\"https:\/\/padas.al\/\",\"sameAs\":[],\"logo\":{\"@type\":\"ImageObject\",\"@id\":\"https:\/\/padas.al\/#logo\",\"inLanguage\":\"en-GB\",\"url\":\"https:\/\/padas.al\/wp-content\/uploads\/2021\/12\/padas-logo-01.svg\",\"contentUrl\":\"https:\/\/padas.al\/wp-content\/uploads\/2021\/12\/padas-logo-01.svg\",\"width\":196.4218,\"height\":195.7925,\"caption\":\"Padas.al\"},\"image\":{\"@id\":\"https:\/\/padas.al\/#logo\"}},{\"@type\":\"WebSite\",\"@id\":\"https:\/\/padas.al\/#website\",\"url\":\"https:\/\/padas.al\/\",\"name\":\"PADAS\",\"description\":\"Shoe Shop\",\"publisher\":{\"@id\":\"https:\/\/padas.al\/#organization\"},\"potentialAction\":[{\"@type\":\"SearchAction\",\"target\":{\"@type\":\"EntryPoint\",\"urlTemplate\":\"https:\/\/padas.al\/?s={search_term_string}\"},\"query-input\":\"required name=search_term_string\"}],\"inLanguage\":\"en-GB\"},{\"@type\":\"ImageObject\",\"@id\":\"https:\/\/padas.al\/product\/kepuce-me-take-lekure\/#primaryimage\",\"inLanguage\":\"en-GB\",\"url\":\"https:\/\/padas.al\/wp-content\/uploads\/2022\/03\/20191029142910_boxer_59094_17_318.jpeg\",\"contentUrl\":\"https:\/\/padas.al\/wp-content\/uploads\/2022\/03\/20191029142910_boxer_59094_17_318.jpeg\",\"width\":726,\"height\":543},{\"@type\":\"WebPage\",\"@id\":\"https:\/\/padas.al\/product\/kepuce-me-take-lekure\/#webpage\",\"url\":\"https:\/\/padas.al\/product\/kepuce-me-take-lekure\/\",\"name\":\"K\u00ebpuc\u00eb me tak\u00eb elegante l\u00ebkur\u00eb, Boxer - PADAS\",\"isPartOf\":{\"@id\":\"https:\/\/padas.al\/#website\"},\"primaryImageOfPage\":{\"@id\":\"https:\/\/padas.al\/product\/kepuce-me-take-lekure\/#primaryimage\"},\"datePublished\":\"2022-03-30T09:39:20+00:00\",\"dateModified\":\"2026-01-28T13:27:54+00:00\",\"description\":\"K\u00ebpuc\u00eb stileto elegante dhe me lart\u00ebsi t\u00eb p\u00ebrshashme dhe n\u00eb p\u00ebrdishm\u00ebri p\u00ebr nj\u00eb pamje sa klasike dhe fem\u00ebrore po aq dhe serioze.\",\"breadcrumb\":{\"@id\":\"https:\/\/padas.al\/product\/kepuce-me-take-lekure\/#breadcrumb\"},\"inLanguage\":\"en-GB\",\"potentialAction\":[{\"@type\":\"ReadAction\",\"target\":[\"https:\/\/padas.al\/product\/kepuce-me-take-lekure\/\"]}]},{\"@type\":\"BreadcrumbList\",\"@id\":\"https:\/\/padas.al\/product\/kepuce-me-take-lekure\/#breadcrumb\",\"itemListElement\":[{\"@type\":\"ListItem\",\"position\":1,\"name\":\"Home\",\"item\":\"https:\/\/padas.al\/\"},{\"@type\":\"ListItem\",\"position\":2,\"name\":\"Shop\",\"item\":\"https:\/\/padas.al\/shop\/\"},{\"@type\":\"ListItem\",\"position\":3,\"name\":\"K\u00ebpuc\u00eb me tak\u00eb elegante l\u00ebkur\u00eb, Boxer\"}]}]}<\/script>\n<!-- \/ Yoast SEO plugin. -->","yoast_head_json":{"title":"K\u00ebpuc\u00eb me tak\u00eb elegante l\u00ebkur\u00eb, Boxer - PADAS","description":"K\u00ebpuc\u00eb stileto elegante dhe me lart\u00ebsi t\u00eb p\u00ebrshashme dhe n\u00eb p\u00ebrdishm\u00ebri p\u00ebr nj\u00eb pamje sa klasike dhe fem\u00ebrore po aq dhe serioze.","robots":{"index":"index","follow":"follow","max-snippet":"max-snippet:-1","max-image-preview":"max-image-preview:large","max-video-preview":"max-video-preview:-1"},"canonical":"https:\/\/padas.al\/english\/product\/kepuce-me-take-lekure\/","og_locale":"en_GB","og_type":"article","og_title":"K\u00ebpuc\u00eb me tak\u00eb elegante l\u00ebkur\u00eb, Boxer - PADAS","og_description":"K\u00ebpuc\u00eb stileto elegante dhe me lart\u00ebsi t\u00eb p\u00ebrshashme dhe n\u00eb p\u00ebrdishm\u00ebri p\u00ebr nj\u00eb pamje sa klasike dhe fem\u00ebrore po aq dhe serioze.","og_url":"https:\/\/padas.al\/english\/product\/kepuce-me-take-lekure\/","og_site_name":"PADAS","article_modified_time":"2026-01-28T13:27:54+00:00","og_image":[{"width":726,"height":543,"url":"https:\/\/padas.al\/wp-content\/uploads\/2022\/03\/20191029142910_boxer_59094_17_318.jpeg","type":"image\/jpeg"}],"twitter_card":"summary_large_image","twitter_misc":{"Estimated reading time":"1 minute"},"schema":{"@context":"https:\/\/schema.org","@graph":[{"@type":"Organization","@id":"https:\/\/padas.al\/#organization","name":"Padas.al","url":"https:\/\/padas.al\/","sameAs":[],"logo":{"@type":"ImageObject","@id":"https:\/\/padas.al\/#logo","inLanguage":"en-GB","url":"https:\/\/padas.al\/wp-content\/uploads\/2021\/12\/padas-logo-01.svg","contentUrl":"https:\/\/padas.al\/wp-content\/uploads\/2021\/12\/padas-logo-01.svg","width":196.4218,"height":195.7925,"caption":"Padas.al"},"image":{"@id":"https:\/\/padas.al\/#logo"}},{"@type":"WebSite","@id":"https:\/\/padas.al\/#website","url":"https:\/\/padas.al\/","name":"PADAS","description":"Shoe Shop","publisher":{"@id":"https:\/\/padas.al\/#organization"},"potentialAction":[{"@type":"SearchAction","target":{"@type":"EntryPoint","urlTemplate":"https:\/\/padas.al\/?s={search_term_string}"},"query-input":"required name=search_term_string"}],"inLanguage":"en-GB"},{"@type":"ImageObject","@id":"https:\/\/padas.al\/product\/kepuce-me-take-lekure\/#primaryimage","inLanguage":"en-GB","url":"https:\/\/padas.al\/wp-content\/uploads\/2022\/03\/20191029142910_boxer_59094_17_318.jpeg","contentUrl":"https:\/\/padas.al\/wp-content\/uploads\/2022\/03\/20191029142910_boxer_59094_17_318.jpeg","width":726,"height":543},{"@type":"WebPage","@id":"https:\/\/padas.al\/product\/kepuce-me-take-lekure\/#webpage","url":"https:\/\/padas.al\/product\/kepuce-me-take-lekure\/","name":"K\u00ebpuc\u00eb me tak\u00eb elegante l\u00ebkur\u00eb, Boxer - PADAS","isPartOf":{"@id":"https:\/\/padas.al\/#website"},"primaryImageOfPage":{"@id":"https:\/\/padas.al\/product\/kepuce-me-take-lekure\/#primaryimage"},"datePublished":"2022-03-30T09:39:20+00:00","dateModified":"2026-01-28T13:27:54+00:00","description":"K\u00ebpuc\u00eb stileto elegante dhe me lart\u00ebsi t\u00eb p\u00ebrshashme dhe n\u00eb p\u00ebrdishm\u00ebri p\u00ebr nj\u00eb pamje sa klasike dhe fem\u00ebrore po aq dhe serioze.","breadcrumb":{"@id":"https:\/\/padas.al\/product\/kepuce-me-take-lekure\/#breadcrumb"},"inLanguage":"en-GB","potentialAction":[{"@type":"ReadAction","target":["https:\/\/padas.al\/product\/kepuce-me-take-lekure\/"]}]},{"@type":"BreadcrumbList","@id":"https:\/\/padas.al\/product\/kepuce-me-take-lekure\/#breadcrumb","itemListElement":[{"@type":"ListItem","position":1,"name":"Home","item":"https:\/\/padas.al\/"},{"@type":"ListItem","position":2,"name":"Shop","item":"https:\/\/padas.al\/shop\/"},{"@type":"ListItem","position":3,"name":"K\u00ebpuc\u00eb me tak\u00eb elegante l\u00ebkur\u00eb, Boxer"}]}]}},"_links":{"self":[{"href":"https:\/\/padas.al\/english\/wp-json\/wp\/v2\/product\/6005"}],"collection":[{"href":"https:\/\/padas.al\/english\/wp-json\/wp\/v2\/product"}],"about":[{"href":"https:\/\/padas.al\/english\/wp-json\/wp\/v2\/types\/product"}],"replies":[{"embeddable":true,"href":"https:\/\/padas.al\/english\/wp-json\/wp\/v2\/comments?post=6005"}],"wp:featuredmedia":[{"embeddable":true,"href":"https:\/\/padas.al\/english\/wp-json\/wp\/v2\/media\/5984"}],"wp:attachment":[{"href":"https:\/\/padas.al\/english\/wp-json\/wp\/v2\/media?parent=6005"}],"wp:term":[{"taxonomy":"product_cat","embeddable":true,"href":"https:\/\/padas.al\/english\/wp-json\/wp\/v2\/product_cat?post=6005"},{"taxonomy":"product_tag","embeddable":true,"href":"https:\/\/padas.al\/english\/wp-json\/wp\/v2\/product_tag?post=6005"}],"curies":[{"name":"wp","href":"https:\/\/api.w.org\/{rel}","templated":true}]}}