{"id":6344,"date":"2022-04-08T19:43:42","date_gmt":"2022-04-08T19:43:42","guid":{"rendered":"https:\/\/padas.al\/?post_type=product&#038;p=6344"},"modified":"2026-01-27T12:22:48","modified_gmt":"2026-01-27T12:22:48","slug":"kepuce-per-meshkuj-18","status":"publish","type":"product","link":"https:\/\/padas.al\/english\/product\/kepuce-per-meshkuj-18\/","title":{"rendered":"K\u00ebpuc\u00eb &#8220;loafers&#8221; kafe Damiani p\u00ebr meshkuj."},"content":{"rendered":"<p>K\u00ebpuc\u00ebt jan\u00eb t\u00eb punuara nga l\u00ebkura natyrale n\u00eb ngjyr\u00ebn kafe dhe e gjith\u00eb sip\u00ebrfaqja e tyre ka punim kroko, kjo i b\u00ebn ato akoma m\u00eb t\u00eb ve\u00e7anta. Kan\u00eb sholl\u00eb t\u00eb leht\u00eb e t\u00eb holl\u00eb dhe jan\u00eb ideale p\u00ebr eventet tuaj e n\u00eb p\u00ebrditshm\u00ebri p\u00ebr t\u00eb gjith\u00eb ata q\u00eb kodi i veshjes \u00ebsht\u00eb m\u00eb formale.<\/p>","protected":false},"excerpt":{"rendered":"<p>K\u00ebpuc\u00ebt jan\u00eb t\u00eb firm\u00ebs Damiani dhe jan\u00eb unike n\u00eb modelin e tyre. Kan\u00eb detaje si xhufka n\u00eb l\u00ebkur\u00eb q\u00eb kan\u00eb n\u00eb pjes\u00ebn e sip\u00ebrme t\u00eb tyre. K\u00ebpuc\u00ebt jan\u00eb t\u00eb lehta dhe me sholl\u00eb t\u00eb holl\u00eb.<\/p>","protected":false},"featured_media":6345,"comment_status":"open","ping_status":"closed","template":"","meta":[],"product_cat":[228,231,188,189,191,192,194,201,198,274],"product_tag":[],"yoast_head":"<!-- This site is optimized with the Yoast SEO plugin v18.3 - https:\/\/yoast.com\/wordpress\/plugins\/seo\/ -->\n<title>K\u00ebpuc\u00eb &quot;loafers&quot; kafe Damiani p\u00ebr meshkuj. - PADAS<\/title>\n<meta name=\"description\" content=\"K\u00ebpuc\u00eb l\u00ebkure n\u00eb stilin &quot;loafers&quot; jan\u00eb nj\u00eb model sa trendi po aq dhe i p\u00ebrshtatsh\u00ebm p\u00ebr t\u00eb gjith\u00eb ju q\u00eb p\u00eblqeni t\u00eb bukur\u00ebn.\" \/>\n<meta name=\"robots\" content=\"index, follow, max-snippet:-1, max-image-preview:large, max-video-preview:-1\" \/>\n<link rel=\"canonical\" href=\"https:\/\/padas.al\/english\/product\/kepuce-per-meshkuj-18\/\" \/>\n<meta property=\"og:locale\" content=\"en_GB\" \/>\n<meta property=\"og:type\" content=\"article\" \/>\n<meta property=\"og:title\" content=\"K\u00ebpuc\u00eb &quot;loafers&quot; kafe Damiani p\u00ebr meshkuj. - PADAS\" \/>\n<meta property=\"og:description\" content=\"K\u00ebpuc\u00eb l\u00ebkure n\u00eb stilin &quot;loafers&quot; jan\u00eb nj\u00eb model sa trendi po aq dhe i p\u00ebrshtatsh\u00ebm p\u00ebr t\u00eb gjith\u00eb ju q\u00eb p\u00eblqeni t\u00eb bukur\u00ebn.\" \/>\n<meta property=\"og:url\" content=\"https:\/\/padas.al\/english\/product\/kepuce-per-meshkuj-18\/\" \/>\n<meta property=\"og:site_name\" content=\"PADAS\" \/>\n<meta property=\"article:modified_time\" content=\"2026-01-27T12:22:48+00:00\" \/>\n<meta property=\"og:image\" content=\"https:\/\/padas.al\/wp-content\/uploads\/2022\/04\/20200922101847_damiani_2002_tabac.jpeg\" \/>\n\t<meta property=\"og:image:width\" content=\"864\" \/>\n\t<meta property=\"og:image:height\" content=\"281\" \/>\n\t<meta property=\"og:image:type\" content=\"image\/jpeg\" \/>\n<meta name=\"twitter:card\" content=\"summary_large_image\" \/>\n<meta name=\"twitter:label1\" content=\"Estimated reading time\" \/>\n\t<meta name=\"twitter:data1\" content=\"1 minute\" \/>\n<script type=\"application\/ld+json\" class=\"yoast-schema-graph\">{\"@context\":\"https:\/\/schema.org\",\"@graph\":[{\"@type\":\"Organization\",\"@id\":\"https:\/\/padas.al\/#organization\",\"name\":\"Padas.al\",\"url\":\"https:\/\/padas.al\/\",\"sameAs\":[],\"logo\":{\"@type\":\"ImageObject\",\"@id\":\"https:\/\/padas.al\/#logo\",\"inLanguage\":\"en-GB\",\"url\":\"https:\/\/padas.al\/wp-content\/uploads\/2021\/12\/padas-logo-01.svg\",\"contentUrl\":\"https:\/\/padas.al\/wp-content\/uploads\/2021\/12\/padas-logo-01.svg\",\"width\":196.4218,\"height\":195.7925,\"caption\":\"Padas.al\"},\"image\":{\"@id\":\"https:\/\/padas.al\/#logo\"}},{\"@type\":\"WebSite\",\"@id\":\"https:\/\/padas.al\/#website\",\"url\":\"https:\/\/padas.al\/\",\"name\":\"PADAS\",\"description\":\"Shoe Shop\",\"publisher\":{\"@id\":\"https:\/\/padas.al\/#organization\"},\"potentialAction\":[{\"@type\":\"SearchAction\",\"target\":{\"@type\":\"EntryPoint\",\"urlTemplate\":\"https:\/\/padas.al\/?s={search_term_string}\"},\"query-input\":\"required name=search_term_string\"}],\"inLanguage\":\"en-GB\"},{\"@type\":\"ImageObject\",\"@id\":\"https:\/\/padas.al\/product\/kepuce-per-meshkuj-18\/#primaryimage\",\"inLanguage\":\"en-GB\",\"url\":\"https:\/\/padas.al\/wp-content\/uploads\/2022\/04\/20200922101847_damiani_2002_tabac.jpeg\",\"contentUrl\":\"https:\/\/padas.al\/wp-content\/uploads\/2022\/04\/20200922101847_damiani_2002_tabac.jpeg\",\"width\":864,\"height\":281},{\"@type\":\"WebPage\",\"@id\":\"https:\/\/padas.al\/product\/kepuce-per-meshkuj-18\/#webpage\",\"url\":\"https:\/\/padas.al\/product\/kepuce-per-meshkuj-18\/\",\"name\":\"K\u00ebpuc\u00eb \\\"loafers\\\" kafe Damiani p\u00ebr meshkuj. - PADAS\",\"isPartOf\":{\"@id\":\"https:\/\/padas.al\/#website\"},\"primaryImageOfPage\":{\"@id\":\"https:\/\/padas.al\/product\/kepuce-per-meshkuj-18\/#primaryimage\"},\"datePublished\":\"2022-04-08T19:43:42+00:00\",\"dateModified\":\"2026-01-27T12:22:48+00:00\",\"description\":\"K\u00ebpuc\u00eb l\u00ebkure n\u00eb stilin \\\"loafers\\\" jan\u00eb nj\u00eb model sa trendi po aq dhe i p\u00ebrshtatsh\u00ebm p\u00ebr t\u00eb gjith\u00eb ju q\u00eb p\u00eblqeni t\u00eb bukur\u00ebn.\",\"breadcrumb\":{\"@id\":\"https:\/\/padas.al\/product\/kepuce-per-meshkuj-18\/#breadcrumb\"},\"inLanguage\":\"en-GB\",\"potentialAction\":[{\"@type\":\"ReadAction\",\"target\":[\"https:\/\/padas.al\/product\/kepuce-per-meshkuj-18\/\"]}]},{\"@type\":\"BreadcrumbList\",\"@id\":\"https:\/\/padas.al\/product\/kepuce-per-meshkuj-18\/#breadcrumb\",\"itemListElement\":[{\"@type\":\"ListItem\",\"position\":1,\"name\":\"Home\",\"item\":\"https:\/\/padas.al\/\"},{\"@type\":\"ListItem\",\"position\":2,\"name\":\"Shop\",\"item\":\"https:\/\/padas.al\/shop\/\"},{\"@type\":\"ListItem\",\"position\":3,\"name\":\"K\u00ebpuc\u00eb &#8220;loafers&#8221; kafe Damiani p\u00ebr meshkuj.\"}]}]}<\/script>\n<!-- \/ Yoast SEO plugin. -->","yoast_head_json":{"title":"K\u00ebpuc\u00eb \"loafers\" kafe Damiani p\u00ebr meshkuj. - PADAS","description":"K\u00ebpuc\u00eb l\u00ebkure n\u00eb stilin \"loafers\" jan\u00eb nj\u00eb model sa trendi po aq dhe i p\u00ebrshtatsh\u00ebm p\u00ebr t\u00eb gjith\u00eb ju q\u00eb p\u00eblqeni t\u00eb bukur\u00ebn.","robots":{"index":"index","follow":"follow","max-snippet":"max-snippet:-1","max-image-preview":"max-image-preview:large","max-video-preview":"max-video-preview:-1"},"canonical":"https:\/\/padas.al\/english\/product\/kepuce-per-meshkuj-18\/","og_locale":"en_GB","og_type":"article","og_title":"K\u00ebpuc\u00eb \"loafers\" kafe Damiani p\u00ebr meshkuj. - PADAS","og_description":"K\u00ebpuc\u00eb l\u00ebkure n\u00eb stilin \"loafers\" jan\u00eb nj\u00eb model sa trendi po aq dhe i p\u00ebrshtatsh\u00ebm p\u00ebr t\u00eb gjith\u00eb ju q\u00eb p\u00eblqeni t\u00eb bukur\u00ebn.","og_url":"https:\/\/padas.al\/english\/product\/kepuce-per-meshkuj-18\/","og_site_name":"PADAS","article_modified_time":"2026-01-27T12:22:48+00:00","og_image":[{"width":864,"height":281,"url":"https:\/\/padas.al\/wp-content\/uploads\/2022\/04\/20200922101847_damiani_2002_tabac.jpeg","type":"image\/jpeg"}],"twitter_card":"summary_large_image","twitter_misc":{"Estimated reading time":"1 minute"},"schema":{"@context":"https:\/\/schema.org","@graph":[{"@type":"Organization","@id":"https:\/\/padas.al\/#organization","name":"Padas.al","url":"https:\/\/padas.al\/","sameAs":[],"logo":{"@type":"ImageObject","@id":"https:\/\/padas.al\/#logo","inLanguage":"en-GB","url":"https:\/\/padas.al\/wp-content\/uploads\/2021\/12\/padas-logo-01.svg","contentUrl":"https:\/\/padas.al\/wp-content\/uploads\/2021\/12\/padas-logo-01.svg","width":196.4218,"height":195.7925,"caption":"Padas.al"},"image":{"@id":"https:\/\/padas.al\/#logo"}},{"@type":"WebSite","@id":"https:\/\/padas.al\/#website","url":"https:\/\/padas.al\/","name":"PADAS","description":"Shoe Shop","publisher":{"@id":"https:\/\/padas.al\/#organization"},"potentialAction":[{"@type":"SearchAction","target":{"@type":"EntryPoint","urlTemplate":"https:\/\/padas.al\/?s={search_term_string}"},"query-input":"required name=search_term_string"}],"inLanguage":"en-GB"},{"@type":"ImageObject","@id":"https:\/\/padas.al\/product\/kepuce-per-meshkuj-18\/#primaryimage","inLanguage":"en-GB","url":"https:\/\/padas.al\/wp-content\/uploads\/2022\/04\/20200922101847_damiani_2002_tabac.jpeg","contentUrl":"https:\/\/padas.al\/wp-content\/uploads\/2022\/04\/20200922101847_damiani_2002_tabac.jpeg","width":864,"height":281},{"@type":"WebPage","@id":"https:\/\/padas.al\/product\/kepuce-per-meshkuj-18\/#webpage","url":"https:\/\/padas.al\/product\/kepuce-per-meshkuj-18\/","name":"K\u00ebpuc\u00eb \"loafers\" kafe Damiani p\u00ebr meshkuj. - PADAS","isPartOf":{"@id":"https:\/\/padas.al\/#website"},"primaryImageOfPage":{"@id":"https:\/\/padas.al\/product\/kepuce-per-meshkuj-18\/#primaryimage"},"datePublished":"2022-04-08T19:43:42+00:00","dateModified":"2026-01-27T12:22:48+00:00","description":"K\u00ebpuc\u00eb l\u00ebkure n\u00eb stilin \"loafers\" jan\u00eb nj\u00eb model sa trendi po aq dhe i p\u00ebrshtatsh\u00ebm p\u00ebr t\u00eb gjith\u00eb ju q\u00eb p\u00eblqeni t\u00eb bukur\u00ebn.","breadcrumb":{"@id":"https:\/\/padas.al\/product\/kepuce-per-meshkuj-18\/#breadcrumb"},"inLanguage":"en-GB","potentialAction":[{"@type":"ReadAction","target":["https:\/\/padas.al\/product\/kepuce-per-meshkuj-18\/"]}]},{"@type":"BreadcrumbList","@id":"https:\/\/padas.al\/product\/kepuce-per-meshkuj-18\/#breadcrumb","itemListElement":[{"@type":"ListItem","position":1,"name":"Home","item":"https:\/\/padas.al\/"},{"@type":"ListItem","position":2,"name":"Shop","item":"https:\/\/padas.al\/shop\/"},{"@type":"ListItem","position":3,"name":"K\u00ebpuc\u00eb &#8220;loafers&#8221; kafe Damiani p\u00ebr meshkuj."}]}]}},"_links":{"self":[{"href":"https:\/\/padas.al\/english\/wp-json\/wp\/v2\/product\/6344"}],"collection":[{"href":"https:\/\/padas.al\/english\/wp-json\/wp\/v2\/product"}],"about":[{"href":"https:\/\/padas.al\/english\/wp-json\/wp\/v2\/types\/product"}],"replies":[{"embeddable":true,"href":"https:\/\/padas.al\/english\/wp-json\/wp\/v2\/comments?post=6344"}],"wp:featuredmedia":[{"embeddable":true,"href":"https:\/\/padas.al\/english\/wp-json\/wp\/v2\/media\/6345"}],"wp:attachment":[{"href":"https:\/\/padas.al\/english\/wp-json\/wp\/v2\/media?parent=6344"}],"wp:term":[{"taxonomy":"product_cat","embeddable":true,"href":"https:\/\/padas.al\/english\/wp-json\/wp\/v2\/product_cat?post=6344"},{"taxonomy":"product_tag","embeddable":true,"href":"https:\/\/padas.al\/english\/wp-json\/wp\/v2\/product_tag?post=6344"}],"curies":[{"name":"wp","href":"https:\/\/api.w.org\/{rel}","templated":true}]}}