{"id":6903,"date":"2022-04-23T19:22:14","date_gmt":"2022-04-23T19:22:14","guid":{"rendered":"https:\/\/padas.al\/?post_type=product&#038;p=6903"},"modified":"2025-12-04T14:20:51","modified_gmt":"2025-12-04T14:20:51","slug":"sandale-me-take-te-holle","status":"publish","type":"product","link":"https:\/\/padas.al\/english\/product\/sandale-me-take-te-holle\/","title":{"rendered":"Sandale me tak\u00eb t\u00eb holl\u00eb."},"content":{"rendered":"<p>Sandalet jan\u00eb t\u00eb punuara nga l\u00ebkura kastor n\u00eb ngjyr\u00ebn e kuqe dhe n\u00eb ngjyr\u00eb nude p\u00ebrkat\u00ebsisht. Jan\u00eb elegante dhe fine dhe rripi n\u00eb kaviljen e k\u00ebmb\u00ebs e b\u00ebn k\u00ebmb\u00ebn t\u00eb duket akoma m\u00eb fine.<\/p>","protected":false},"excerpt":{"rendered":"<p>Sandalet jan\u00eb t\u00eb firm\u00ebs Fardoulis dhe jan\u00eb t\u00eb punuara n\u00eb m\u00ebnyr\u00eb artizanale kjo i b\u00ebn ato q\u00eb t\u00eb jen\u00eb komode n\u00eb ecje. Taka e holl\u00eb, rripi te gishtat dhe rripi rreth kaviljes jan\u00eb jan\u00eb tep\u00ebr fine.<\/p>","protected":false},"featured_media":6904,"comment_status":"open","ping_status":"closed","template":"","meta":[],"product_cat":[139,151,153,223],"product_tag":[],"yoast_head":"<!-- This site is optimized with the Yoast SEO plugin v18.3 - https:\/\/yoast.com\/wordpress\/plugins\/seo\/ -->\n<title>Sandale me tak\u00eb t\u00eb holl\u00eb. - PADAS<\/title>\n<meta name=\"description\" content=\"Sandale fine me tak\u00eb t\u00eb holl\u00eb t\u00ebrheqin v\u00ebmendjen n\u00eb m\u00ebnyr\u00eb t\u00eb dukshme. Ideale p\u00ebr mbr\u00ebmjet tuaja p\u00ebr nj\u00eb pamje sensuale dhe fem\u00ebrore.\" \/>\n<meta name=\"robots\" content=\"index, follow, max-snippet:-1, max-image-preview:large, max-video-preview:-1\" \/>\n<link rel=\"canonical\" href=\"https:\/\/padas.al\/english\/product\/sandale-me-take-te-holle\/\" \/>\n<meta property=\"og:locale\" content=\"en_GB\" \/>\n<meta property=\"og:type\" content=\"article\" \/>\n<meta property=\"og:title\" content=\"Sandale me tak\u00eb t\u00eb holl\u00eb. - PADAS\" \/>\n<meta property=\"og:description\" content=\"Sandale fine me tak\u00eb t\u00eb holl\u00eb t\u00ebrheqin v\u00ebmendjen n\u00eb m\u00ebnyr\u00eb t\u00eb dukshme. Ideale p\u00ebr mbr\u00ebmjet tuaja p\u00ebr nj\u00eb pamje sensuale dhe fem\u00ebrore.\" \/>\n<meta property=\"og:url\" content=\"https:\/\/padas.al\/english\/product\/sandale-me-take-te-holle\/\" \/>\n<meta property=\"og:site_name\" content=\"PADAS\" \/>\n<meta property=\"article:modified_time\" content=\"2025-12-04T14:20:51+00:00\" \/>\n<meta property=\"og:image\" content=\"https:\/\/padas.al\/wp-content\/uploads\/2022\/04\/20190403095233_makis_fardoulis_9147_red.jpeg\" \/>\n\t<meta property=\"og:image:width\" content=\"964\" \/>\n\t<meta property=\"og:image:height\" content=\"932\" \/>\n\t<meta property=\"og:image:type\" content=\"image\/jpeg\" \/>\n<meta name=\"twitter:card\" content=\"summary_large_image\" \/>\n<meta name=\"twitter:label1\" content=\"Estimated reading time\" \/>\n\t<meta name=\"twitter:data1\" content=\"1 minute\" \/>\n<script type=\"application\/ld+json\" class=\"yoast-schema-graph\">{\"@context\":\"https:\/\/schema.org\",\"@graph\":[{\"@type\":\"Organization\",\"@id\":\"https:\/\/padas.al\/#organization\",\"name\":\"Padas.al\",\"url\":\"https:\/\/padas.al\/\",\"sameAs\":[],\"logo\":{\"@type\":\"ImageObject\",\"@id\":\"https:\/\/padas.al\/#logo\",\"inLanguage\":\"en-GB\",\"url\":\"https:\/\/padas.al\/wp-content\/uploads\/2021\/12\/padas-logo-01.svg\",\"contentUrl\":\"https:\/\/padas.al\/wp-content\/uploads\/2021\/12\/padas-logo-01.svg\",\"width\":196.4218,\"height\":195.7925,\"caption\":\"Padas.al\"},\"image\":{\"@id\":\"https:\/\/padas.al\/#logo\"}},{\"@type\":\"WebSite\",\"@id\":\"https:\/\/padas.al\/#website\",\"url\":\"https:\/\/padas.al\/\",\"name\":\"PADAS\",\"description\":\"Shoe Shop\",\"publisher\":{\"@id\":\"https:\/\/padas.al\/#organization\"},\"potentialAction\":[{\"@type\":\"SearchAction\",\"target\":{\"@type\":\"EntryPoint\",\"urlTemplate\":\"https:\/\/padas.al\/?s={search_term_string}\"},\"query-input\":\"required name=search_term_string\"}],\"inLanguage\":\"en-GB\"},{\"@type\":\"ImageObject\",\"@id\":\"https:\/\/padas.al\/product\/sandale-me-take-te-holle\/#primaryimage\",\"inLanguage\":\"en-GB\",\"url\":\"https:\/\/padas.al\/wp-content\/uploads\/2022\/04\/20190403095233_makis_fardoulis_9147_red.jpeg\",\"contentUrl\":\"https:\/\/padas.al\/wp-content\/uploads\/2022\/04\/20190403095233_makis_fardoulis_9147_red.jpeg\",\"width\":964,\"height\":932},{\"@type\":\"WebPage\",\"@id\":\"https:\/\/padas.al\/product\/sandale-me-take-te-holle\/#webpage\",\"url\":\"https:\/\/padas.al\/product\/sandale-me-take-te-holle\/\",\"name\":\"Sandale me tak\u00eb t\u00eb holl\u00eb. - PADAS\",\"isPartOf\":{\"@id\":\"https:\/\/padas.al\/#website\"},\"primaryImageOfPage\":{\"@id\":\"https:\/\/padas.al\/product\/sandale-me-take-te-holle\/#primaryimage\"},\"datePublished\":\"2022-04-23T19:22:14+00:00\",\"dateModified\":\"2025-12-04T14:20:51+00:00\",\"description\":\"Sandale fine me tak\u00eb t\u00eb holl\u00eb t\u00ebrheqin v\u00ebmendjen n\u00eb m\u00ebnyr\u00eb t\u00eb dukshme. Ideale p\u00ebr mbr\u00ebmjet tuaja p\u00ebr nj\u00eb pamje sensuale dhe fem\u00ebrore.\",\"breadcrumb\":{\"@id\":\"https:\/\/padas.al\/product\/sandale-me-take-te-holle\/#breadcrumb\"},\"inLanguage\":\"en-GB\",\"potentialAction\":[{\"@type\":\"ReadAction\",\"target\":[\"https:\/\/padas.al\/product\/sandale-me-take-te-holle\/\"]}]},{\"@type\":\"BreadcrumbList\",\"@id\":\"https:\/\/padas.al\/product\/sandale-me-take-te-holle\/#breadcrumb\",\"itemListElement\":[{\"@type\":\"ListItem\",\"position\":1,\"name\":\"Home\",\"item\":\"https:\/\/padas.al\/\"},{\"@type\":\"ListItem\",\"position\":2,\"name\":\"Shop\",\"item\":\"https:\/\/padas.al\/shop\/\"},{\"@type\":\"ListItem\",\"position\":3,\"name\":\"Sandale me tak\u00eb t\u00eb holl\u00eb.\"}]}]}<\/script>\n<!-- \/ Yoast SEO plugin. -->","yoast_head_json":{"title":"Sandale me tak\u00eb t\u00eb holl\u00eb. - PADAS","description":"Sandale fine me tak\u00eb t\u00eb holl\u00eb t\u00ebrheqin v\u00ebmendjen n\u00eb m\u00ebnyr\u00eb t\u00eb dukshme. Ideale p\u00ebr mbr\u00ebmjet tuaja p\u00ebr nj\u00eb pamje sensuale dhe fem\u00ebrore.","robots":{"index":"index","follow":"follow","max-snippet":"max-snippet:-1","max-image-preview":"max-image-preview:large","max-video-preview":"max-video-preview:-1"},"canonical":"https:\/\/padas.al\/english\/product\/sandale-me-take-te-holle\/","og_locale":"en_GB","og_type":"article","og_title":"Sandale me tak\u00eb t\u00eb holl\u00eb. - PADAS","og_description":"Sandale fine me tak\u00eb t\u00eb holl\u00eb t\u00ebrheqin v\u00ebmendjen n\u00eb m\u00ebnyr\u00eb t\u00eb dukshme. Ideale p\u00ebr mbr\u00ebmjet tuaja p\u00ebr nj\u00eb pamje sensuale dhe fem\u00ebrore.","og_url":"https:\/\/padas.al\/english\/product\/sandale-me-take-te-holle\/","og_site_name":"PADAS","article_modified_time":"2025-12-04T14:20:51+00:00","og_image":[{"width":964,"height":932,"url":"https:\/\/padas.al\/wp-content\/uploads\/2022\/04\/20190403095233_makis_fardoulis_9147_red.jpeg","type":"image\/jpeg"}],"twitter_card":"summary_large_image","twitter_misc":{"Estimated reading time":"1 minute"},"schema":{"@context":"https:\/\/schema.org","@graph":[{"@type":"Organization","@id":"https:\/\/padas.al\/#organization","name":"Padas.al","url":"https:\/\/padas.al\/","sameAs":[],"logo":{"@type":"ImageObject","@id":"https:\/\/padas.al\/#logo","inLanguage":"en-GB","url":"https:\/\/padas.al\/wp-content\/uploads\/2021\/12\/padas-logo-01.svg","contentUrl":"https:\/\/padas.al\/wp-content\/uploads\/2021\/12\/padas-logo-01.svg","width":196.4218,"height":195.7925,"caption":"Padas.al"},"image":{"@id":"https:\/\/padas.al\/#logo"}},{"@type":"WebSite","@id":"https:\/\/padas.al\/#website","url":"https:\/\/padas.al\/","name":"PADAS","description":"Shoe Shop","publisher":{"@id":"https:\/\/padas.al\/#organization"},"potentialAction":[{"@type":"SearchAction","target":{"@type":"EntryPoint","urlTemplate":"https:\/\/padas.al\/?s={search_term_string}"},"query-input":"required name=search_term_string"}],"inLanguage":"en-GB"},{"@type":"ImageObject","@id":"https:\/\/padas.al\/product\/sandale-me-take-te-holle\/#primaryimage","inLanguage":"en-GB","url":"https:\/\/padas.al\/wp-content\/uploads\/2022\/04\/20190403095233_makis_fardoulis_9147_red.jpeg","contentUrl":"https:\/\/padas.al\/wp-content\/uploads\/2022\/04\/20190403095233_makis_fardoulis_9147_red.jpeg","width":964,"height":932},{"@type":"WebPage","@id":"https:\/\/padas.al\/product\/sandale-me-take-te-holle\/#webpage","url":"https:\/\/padas.al\/product\/sandale-me-take-te-holle\/","name":"Sandale me tak\u00eb t\u00eb holl\u00eb. - PADAS","isPartOf":{"@id":"https:\/\/padas.al\/#website"},"primaryImageOfPage":{"@id":"https:\/\/padas.al\/product\/sandale-me-take-te-holle\/#primaryimage"},"datePublished":"2022-04-23T19:22:14+00:00","dateModified":"2025-12-04T14:20:51+00:00","description":"Sandale fine me tak\u00eb t\u00eb holl\u00eb t\u00ebrheqin v\u00ebmendjen n\u00eb m\u00ebnyr\u00eb t\u00eb dukshme. Ideale p\u00ebr mbr\u00ebmjet tuaja p\u00ebr nj\u00eb pamje sensuale dhe fem\u00ebrore.","breadcrumb":{"@id":"https:\/\/padas.al\/product\/sandale-me-take-te-holle\/#breadcrumb"},"inLanguage":"en-GB","potentialAction":[{"@type":"ReadAction","target":["https:\/\/padas.al\/product\/sandale-me-take-te-holle\/"]}]},{"@type":"BreadcrumbList","@id":"https:\/\/padas.al\/product\/sandale-me-take-te-holle\/#breadcrumb","itemListElement":[{"@type":"ListItem","position":1,"name":"Home","item":"https:\/\/padas.al\/"},{"@type":"ListItem","position":2,"name":"Shop","item":"https:\/\/padas.al\/shop\/"},{"@type":"ListItem","position":3,"name":"Sandale me tak\u00eb t\u00eb holl\u00eb."}]}]}},"_links":{"self":[{"href":"https:\/\/padas.al\/english\/wp-json\/wp\/v2\/product\/6903"}],"collection":[{"href":"https:\/\/padas.al\/english\/wp-json\/wp\/v2\/product"}],"about":[{"href":"https:\/\/padas.al\/english\/wp-json\/wp\/v2\/types\/product"}],"replies":[{"embeddable":true,"href":"https:\/\/padas.al\/english\/wp-json\/wp\/v2\/comments?post=6903"}],"wp:featuredmedia":[{"embeddable":true,"href":"https:\/\/padas.al\/english\/wp-json\/wp\/v2\/media\/6904"}],"wp:attachment":[{"href":"https:\/\/padas.al\/english\/wp-json\/wp\/v2\/media?parent=6903"}],"wp:term":[{"taxonomy":"product_cat","embeddable":true,"href":"https:\/\/padas.al\/english\/wp-json\/wp\/v2\/product_cat?post=6903"},{"taxonomy":"product_tag","embeddable":true,"href":"https:\/\/padas.al\/english\/wp-json\/wp\/v2\/product_tag?post=6903"}],"curies":[{"name":"wp","href":"https:\/\/api.w.org\/{rel}","templated":true}]}}