{"id":7515,"date":"2022-05-05T16:08:23","date_gmt":"2022-05-05T16:08:23","guid":{"rendered":"https:\/\/padas.al\/?post_type=product&#038;p=7515"},"modified":"2026-02-02T16:26:49","modified_gmt":"2026-02-02T16:26:49","slug":"atlete-per-meshkuj-7","status":"publish","type":"product","link":"https:\/\/padas.al\/english\/product\/atlete-per-meshkuj-7\/","title":{"rendered":"Atlete l\u00ebkure me gom\u00eb t\u00eb but\u00eb p\u00ebr meshkuj"},"content":{"rendered":"<p>Atletet jan\u00eb l\u00ebkur\u00eb natyrale si brenda ashtu edhe jasht\u00eb. Jan\u00eb t\u00eb linj\u00ebs Rambler, Safe Step. Ky model vjen n\u00eb dy ngjyra n\u00eb blu dhe n\u00eb ngjyr\u00eb camel. Jan\u00eb n\u00eb stil sportiv. Kan\u00eb nj\u00eb shuall gome mjaft fleksib\u00ebl. Goma \u00ebsht\u00eb n\u00eb ngjyr\u00eb gri dhe ka disa ndarje p\u00ebr ta b\u00ebr\u00eb l\u00ebvizjen tuaj m\u00eb t\u00eb leht\u00eb. Jan\u00eb tep\u00ebr komode dhe t\u00eb rehatshme. T\u00eb kombinueshme me \u00e7do veshje tuaj\u00ebn. Ngjyra camel e k\u00ebtij modeli vijon me uj\u00ebra nd\u00ebrsa ngjyra blu \u00ebsht\u00eb e err\u00ebt.<\/p>","protected":false},"excerpt":{"rendered":"<p>Atletet jan\u00eb t\u00eb punuara nga l\u00ebkur\u00eb natyrale. L\u00ebkura e tyre \u00ebsht\u00eb shum\u00eb e but\u00eb si brenda ashtu edhe jasht\u00eb .Kan\u00eb nj\u00eb shuall gome fleksib\u00ebl. Jan\u00eb tep\u00ebr praktike.<\/p>","protected":false},"featured_media":7516,"comment_status":"open","ping_status":"closed","template":"","meta":[],"product_cat":[15,228,230,189,200,191],"product_tag":[],"yoast_head":"<!-- This site is optimized with the Yoast SEO plugin v18.3 - https:\/\/yoast.com\/wordpress\/plugins\/seo\/ -->\n<title>Atlete l\u00ebkure me gom\u00eb t\u00eb but\u00eb p\u00ebr meshkuj - PADAS<\/title>\n<meta name=\"description\" content=\"Atelete l\u00ebkure t\u00eb linj\u00ebs Safe Step. Jan\u00eb n\u00eb stil sportiv. Ofrojn\u00eb komoditet t\u00eb garantuar. Tep\u00ebr t\u00eb kombinueshme.\" \/>\n<meta name=\"robots\" content=\"index, follow, max-snippet:-1, max-image-preview:large, max-video-preview:-1\" \/>\n<link rel=\"canonical\" href=\"https:\/\/padas.al\/english\/product\/atlete-per-meshkuj-7\/\" \/>\n<meta property=\"og:locale\" content=\"en_GB\" \/>\n<meta property=\"og:type\" content=\"article\" \/>\n<meta property=\"og:title\" content=\"Atlete l\u00ebkure me gom\u00eb t\u00eb but\u00eb p\u00ebr meshkuj - PADAS\" \/>\n<meta property=\"og:description\" content=\"Atelete l\u00ebkure t\u00eb linj\u00ebs Safe Step. Jan\u00eb n\u00eb stil sportiv. Ofrojn\u00eb komoditet t\u00eb garantuar. Tep\u00ebr t\u00eb kombinueshme.\" \/>\n<meta property=\"og:url\" content=\"https:\/\/padas.al\/english\/product\/atlete-per-meshkuj-7\/\" \/>\n<meta property=\"og:site_name\" content=\"PADAS\" \/>\n<meta property=\"article:modified_time\" content=\"2026-02-02T16:26:49+00:00\" \/>\n<meta property=\"og:image\" content=\"https:\/\/padas.al\/wp-content\/uploads\/2022\/05\/20220405171240_safe_step_77140_dermatina_andrika_casual_papoutsia_tampa.jpeg\" \/>\n\t<meta property=\"og:image:width\" content=\"478\" \/>\n\t<meta property=\"og:image:height\" content=\"210\" \/>\n\t<meta property=\"og:image:type\" content=\"image\/jpeg\" \/>\n<meta name=\"twitter:card\" content=\"summary_large_image\" \/>\n<meta name=\"twitter:label1\" content=\"Estimated reading time\" \/>\n\t<meta name=\"twitter:data1\" content=\"1 minute\" \/>\n<script type=\"application\/ld+json\" class=\"yoast-schema-graph\">{\"@context\":\"https:\/\/schema.org\",\"@graph\":[{\"@type\":\"Organization\",\"@id\":\"https:\/\/padas.al\/#organization\",\"name\":\"Padas.al\",\"url\":\"https:\/\/padas.al\/\",\"sameAs\":[],\"logo\":{\"@type\":\"ImageObject\",\"@id\":\"https:\/\/padas.al\/#logo\",\"inLanguage\":\"en-GB\",\"url\":\"https:\/\/padas.al\/wp-content\/uploads\/2021\/12\/padas-logo-01.svg\",\"contentUrl\":\"https:\/\/padas.al\/wp-content\/uploads\/2021\/12\/padas-logo-01.svg\",\"width\":196.4218,\"height\":195.7925,\"caption\":\"Padas.al\"},\"image\":{\"@id\":\"https:\/\/padas.al\/#logo\"}},{\"@type\":\"WebSite\",\"@id\":\"https:\/\/padas.al\/#website\",\"url\":\"https:\/\/padas.al\/\",\"name\":\"PADAS\",\"description\":\"Shoe Shop\",\"publisher\":{\"@id\":\"https:\/\/padas.al\/#organization\"},\"potentialAction\":[{\"@type\":\"SearchAction\",\"target\":{\"@type\":\"EntryPoint\",\"urlTemplate\":\"https:\/\/padas.al\/?s={search_term_string}\"},\"query-input\":\"required name=search_term_string\"}],\"inLanguage\":\"en-GB\"},{\"@type\":\"ImageObject\",\"@id\":\"https:\/\/padas.al\/product\/atlete-per-meshkuj-7\/#primaryimage\",\"inLanguage\":\"en-GB\",\"url\":\"https:\/\/padas.al\/wp-content\/uploads\/2022\/05\/20220405171240_safe_step_77140_dermatina_andrika_casual_papoutsia_tampa.jpeg\",\"contentUrl\":\"https:\/\/padas.al\/wp-content\/uploads\/2022\/05\/20220405171240_safe_step_77140_dermatina_andrika_casual_papoutsia_tampa.jpeg\",\"width\":478,\"height\":210},{\"@type\":\"WebPage\",\"@id\":\"https:\/\/padas.al\/product\/atlete-per-meshkuj-7\/#webpage\",\"url\":\"https:\/\/padas.al\/product\/atlete-per-meshkuj-7\/\",\"name\":\"Atlete l\u00ebkure me gom\u00eb t\u00eb but\u00eb p\u00ebr meshkuj - PADAS\",\"isPartOf\":{\"@id\":\"https:\/\/padas.al\/#website\"},\"primaryImageOfPage\":{\"@id\":\"https:\/\/padas.al\/product\/atlete-per-meshkuj-7\/#primaryimage\"},\"datePublished\":\"2022-05-05T16:08:23+00:00\",\"dateModified\":\"2026-02-02T16:26:49+00:00\",\"description\":\"Atelete l\u00ebkure t\u00eb linj\u00ebs Safe Step. Jan\u00eb n\u00eb stil sportiv. Ofrojn\u00eb komoditet t\u00eb garantuar. Tep\u00ebr t\u00eb kombinueshme.\",\"breadcrumb\":{\"@id\":\"https:\/\/padas.al\/product\/atlete-per-meshkuj-7\/#breadcrumb\"},\"inLanguage\":\"en-GB\",\"potentialAction\":[{\"@type\":\"ReadAction\",\"target\":[\"https:\/\/padas.al\/product\/atlete-per-meshkuj-7\/\"]}]},{\"@type\":\"BreadcrumbList\",\"@id\":\"https:\/\/padas.al\/product\/atlete-per-meshkuj-7\/#breadcrumb\",\"itemListElement\":[{\"@type\":\"ListItem\",\"position\":1,\"name\":\"Home\",\"item\":\"https:\/\/padas.al\/\"},{\"@type\":\"ListItem\",\"position\":2,\"name\":\"Shop\",\"item\":\"https:\/\/padas.al\/shop\/\"},{\"@type\":\"ListItem\",\"position\":3,\"name\":\"Atlete l\u00ebkure me gom\u00eb t\u00eb but\u00eb p\u00ebr meshkuj\"}]}]}<\/script>\n<!-- \/ Yoast SEO plugin. -->","yoast_head_json":{"title":"Atlete l\u00ebkure me gom\u00eb t\u00eb but\u00eb p\u00ebr meshkuj - PADAS","description":"Atelete l\u00ebkure t\u00eb linj\u00ebs Safe Step. Jan\u00eb n\u00eb stil sportiv. Ofrojn\u00eb komoditet t\u00eb garantuar. Tep\u00ebr t\u00eb kombinueshme.","robots":{"index":"index","follow":"follow","max-snippet":"max-snippet:-1","max-image-preview":"max-image-preview:large","max-video-preview":"max-video-preview:-1"},"canonical":"https:\/\/padas.al\/english\/product\/atlete-per-meshkuj-7\/","og_locale":"en_GB","og_type":"article","og_title":"Atlete l\u00ebkure me gom\u00eb t\u00eb but\u00eb p\u00ebr meshkuj - PADAS","og_description":"Atelete l\u00ebkure t\u00eb linj\u00ebs Safe Step. Jan\u00eb n\u00eb stil sportiv. Ofrojn\u00eb komoditet t\u00eb garantuar. Tep\u00ebr t\u00eb kombinueshme.","og_url":"https:\/\/padas.al\/english\/product\/atlete-per-meshkuj-7\/","og_site_name":"PADAS","article_modified_time":"2026-02-02T16:26:49+00:00","og_image":[{"width":478,"height":210,"url":"https:\/\/padas.al\/wp-content\/uploads\/2022\/05\/20220405171240_safe_step_77140_dermatina_andrika_casual_papoutsia_tampa.jpeg","type":"image\/jpeg"}],"twitter_card":"summary_large_image","twitter_misc":{"Estimated reading time":"1 minute"},"schema":{"@context":"https:\/\/schema.org","@graph":[{"@type":"Organization","@id":"https:\/\/padas.al\/#organization","name":"Padas.al","url":"https:\/\/padas.al\/","sameAs":[],"logo":{"@type":"ImageObject","@id":"https:\/\/padas.al\/#logo","inLanguage":"en-GB","url":"https:\/\/padas.al\/wp-content\/uploads\/2021\/12\/padas-logo-01.svg","contentUrl":"https:\/\/padas.al\/wp-content\/uploads\/2021\/12\/padas-logo-01.svg","width":196.4218,"height":195.7925,"caption":"Padas.al"},"image":{"@id":"https:\/\/padas.al\/#logo"}},{"@type":"WebSite","@id":"https:\/\/padas.al\/#website","url":"https:\/\/padas.al\/","name":"PADAS","description":"Shoe Shop","publisher":{"@id":"https:\/\/padas.al\/#organization"},"potentialAction":[{"@type":"SearchAction","target":{"@type":"EntryPoint","urlTemplate":"https:\/\/padas.al\/?s={search_term_string}"},"query-input":"required name=search_term_string"}],"inLanguage":"en-GB"},{"@type":"ImageObject","@id":"https:\/\/padas.al\/product\/atlete-per-meshkuj-7\/#primaryimage","inLanguage":"en-GB","url":"https:\/\/padas.al\/wp-content\/uploads\/2022\/05\/20220405171240_safe_step_77140_dermatina_andrika_casual_papoutsia_tampa.jpeg","contentUrl":"https:\/\/padas.al\/wp-content\/uploads\/2022\/05\/20220405171240_safe_step_77140_dermatina_andrika_casual_papoutsia_tampa.jpeg","width":478,"height":210},{"@type":"WebPage","@id":"https:\/\/padas.al\/product\/atlete-per-meshkuj-7\/#webpage","url":"https:\/\/padas.al\/product\/atlete-per-meshkuj-7\/","name":"Atlete l\u00ebkure me gom\u00eb t\u00eb but\u00eb p\u00ebr meshkuj - PADAS","isPartOf":{"@id":"https:\/\/padas.al\/#website"},"primaryImageOfPage":{"@id":"https:\/\/padas.al\/product\/atlete-per-meshkuj-7\/#primaryimage"},"datePublished":"2022-05-05T16:08:23+00:00","dateModified":"2026-02-02T16:26:49+00:00","description":"Atelete l\u00ebkure t\u00eb linj\u00ebs Safe Step. Jan\u00eb n\u00eb stil sportiv. Ofrojn\u00eb komoditet t\u00eb garantuar. Tep\u00ebr t\u00eb kombinueshme.","breadcrumb":{"@id":"https:\/\/padas.al\/product\/atlete-per-meshkuj-7\/#breadcrumb"},"inLanguage":"en-GB","potentialAction":[{"@type":"ReadAction","target":["https:\/\/padas.al\/product\/atlete-per-meshkuj-7\/"]}]},{"@type":"BreadcrumbList","@id":"https:\/\/padas.al\/product\/atlete-per-meshkuj-7\/#breadcrumb","itemListElement":[{"@type":"ListItem","position":1,"name":"Home","item":"https:\/\/padas.al\/"},{"@type":"ListItem","position":2,"name":"Shop","item":"https:\/\/padas.al\/shop\/"},{"@type":"ListItem","position":3,"name":"Atlete l\u00ebkure me gom\u00eb t\u00eb but\u00eb p\u00ebr meshkuj"}]}]}},"_links":{"self":[{"href":"https:\/\/padas.al\/english\/wp-json\/wp\/v2\/product\/7515"}],"collection":[{"href":"https:\/\/padas.al\/english\/wp-json\/wp\/v2\/product"}],"about":[{"href":"https:\/\/padas.al\/english\/wp-json\/wp\/v2\/types\/product"}],"replies":[{"embeddable":true,"href":"https:\/\/padas.al\/english\/wp-json\/wp\/v2\/comments?post=7515"}],"wp:featuredmedia":[{"embeddable":true,"href":"https:\/\/padas.al\/english\/wp-json\/wp\/v2\/media\/7516"}],"wp:attachment":[{"href":"https:\/\/padas.al\/english\/wp-json\/wp\/v2\/media?parent=7515"}],"wp:term":[{"taxonomy":"product_cat","embeddable":true,"href":"https:\/\/padas.al\/english\/wp-json\/wp\/v2\/product_cat?post=7515"},{"taxonomy":"product_tag","embeddable":true,"href":"https:\/\/padas.al\/english\/wp-json\/wp\/v2\/product_tag?post=7515"}],"curies":[{"name":"wp","href":"https:\/\/api.w.org\/{rel}","templated":true}]}}