{"id":8070,"date":"2022-06-04T21:49:04","date_gmt":"2022-06-04T21:49:04","guid":{"rendered":"https:\/\/padas.al\/?post_type=product&#038;p=8070"},"modified":"2026-01-28T08:43:31","modified_gmt":"2026-01-28T08:43:31","slug":"atlete-verore-boxer-per-meshkuj","status":"publish","type":"product","link":"https:\/\/padas.al\/english\/product\/atlete-verore-boxer-per-meshkuj\/","title":{"rendered":"Atlete verore Boxer p\u00ebr meshkuj me gom\u00eb t\u00eb bardh\u00eb."},"content":{"rendered":"<p>Atletet jan\u00eb l\u00ebkur\u00eb natyrale t\u00eb linj\u00ebs Boxer, prodhim grek. L\u00ebkura n\u00eb pjes\u00ebn e brendshme t\u00eb tyre \u00ebsht\u00eb tep\u00ebr but\u00eb nd\u00ebrsa n\u00eb pjes\u00ebn e sip\u00ebrme ka nj\u00eb nd\u00ebrthurje midis l\u00ebkur\u00ebs dhe materialit rrjet i cili \u00ebsht\u00eb me mikrofib\u00ebr. Atletet disponohen n\u00eb dy ngjyra n\u00eb ngjyr\u00ebn blu dhe n\u00eb ngjyr\u00ebn gri. Kan\u00eb stil thuajse sportiv. Goma e tyre \u00ebsht\u00eb e bardh\u00eb, e ngritur pra me platform\u00eb, \u00ebsht\u00eb tep\u00ebr rezistente dhe nuk rr\u00ebshket. Lidh\u00ebsat i kan\u00eb n\u00eb t\u00eb nj\u00ebjt\u00ebn ngjyr\u00eb me atletet. Pjesa ku mbahen lidh\u00ebsat \u00ebsht\u00eb l\u00ebkur\u00eb , n\u00eb t\u00eb cil\u00ebn \u00ebsht\u00eb e stampuar gjithashtu edhe logo e firm\u00ebs. Atletet jan\u00eb tep\u00ebr komode dhe praktike. <!--\/data\/user\/0\/com.samsung.android.app.notes\/files\/clipdata\/clipdata_bodytext_220605_170622_356.sdocx--><\/p>","protected":false},"excerpt":{"rendered":"<p><span style=\"font-size: 17px\">Atletet jan\u00eb l\u00ebkur\u00eb natyrale brenda dhe kan\u00eb nj\u00eb nd\u00ebrthurje me materialin rrjet\u00eb sip\u00ebr. Ky model vjen i disponuesh\u00ebm n\u00eb dy ngjyra. Kan\u00eb stil sportiv. Jan\u00eb komode dhe tep\u00ebr praktike. Kombinohen leht\u00eb me \u00e7do veshje tuaj\u00ebn. Goma e tyre \u00ebsht\u00eb e leht\u00eb dhe me stil modern.<\/span><!--\/data\/user\/0\/com.samsung.android.app.notes\/files\/clipdata\/clipdata_bodytext_220605_170824_419.sdocx--><\/p>","protected":false},"featured_media":8071,"comment_status":"open","ping_status":"closed","template":"","meta":[],"product_cat":[228,229,189,200,191,193,201],"product_tag":[],"yoast_head":"<!-- This site is optimized with the Yoast SEO plugin v18.3 - https:\/\/yoast.com\/wordpress\/plugins\/seo\/ -->\n<title>Atlete verore Boxer p\u00ebr meshkuj me gom\u00eb t\u00eb bardh\u00eb. - PADAS<\/title>\n<meta name=\"description\" content=\"Atletet q\u00eb ju duhen p\u00ebr k\u00ebt\u00eb sezon, jan\u00eb t\u00eb lehta dhe me gom\u00eb sportive, t\u00eb p\u00ebrshtatshme n\u00eb \u00e7do or\u00eb t\u00eb dit\u00ebs e \u00e7do veshje. Model trendi e praktik\" \/>\n<meta name=\"robots\" content=\"index, follow, max-snippet:-1, max-image-preview:large, max-video-preview:-1\" \/>\n<link rel=\"canonical\" href=\"https:\/\/padas.al\/english\/product\/atlete-verore-boxer-per-meshkuj\/\" \/>\n<meta property=\"og:locale\" content=\"en_GB\" \/>\n<meta property=\"og:type\" content=\"article\" \/>\n<meta property=\"og:title\" content=\"Atlete verore Boxer p\u00ebr meshkuj me gom\u00eb t\u00eb bardh\u00eb. - PADAS\" \/>\n<meta property=\"og:description\" content=\"Atletet q\u00eb ju duhen p\u00ebr k\u00ebt\u00eb sezon, jan\u00eb t\u00eb lehta dhe me gom\u00eb sportive, t\u00eb p\u00ebrshtatshme n\u00eb \u00e7do or\u00eb t\u00eb dit\u00ebs e \u00e7do veshje. Model trendi e praktik\" \/>\n<meta property=\"og:url\" content=\"https:\/\/padas.al\/english\/product\/atlete-verore-boxer-per-meshkuj\/\" \/>\n<meta property=\"og:site_name\" content=\"PADAS\" \/>\n<meta property=\"article:modified_time\" content=\"2026-01-28T08:43:31+00:00\" \/>\n<meta property=\"og:image\" content=\"https:\/\/padas.al\/wp-content\/uploads\/2022\/06\/boxer-shoes-21277.jpg\" \/>\n\t<meta property=\"og:image:width\" content=\"1000\" \/>\n\t<meta property=\"og:image:height\" content=\"1000\" \/>\n\t<meta property=\"og:image:type\" content=\"image\/jpeg\" \/>\n<meta name=\"twitter:card\" content=\"summary_large_image\" \/>\n<meta name=\"twitter:label1\" content=\"Estimated reading time\" \/>\n\t<meta name=\"twitter:data1\" content=\"1 minute\" \/>\n<script type=\"application\/ld+json\" class=\"yoast-schema-graph\">{\"@context\":\"https:\/\/schema.org\",\"@graph\":[{\"@type\":\"Organization\",\"@id\":\"https:\/\/padas.al\/#organization\",\"name\":\"Padas.al\",\"url\":\"https:\/\/padas.al\/\",\"sameAs\":[],\"logo\":{\"@type\":\"ImageObject\",\"@id\":\"https:\/\/padas.al\/#logo\",\"inLanguage\":\"en-GB\",\"url\":\"https:\/\/padas.al\/wp-content\/uploads\/2021\/12\/padas-logo-01.svg\",\"contentUrl\":\"https:\/\/padas.al\/wp-content\/uploads\/2021\/12\/padas-logo-01.svg\",\"width\":196.4218,\"height\":195.7925,\"caption\":\"Padas.al\"},\"image\":{\"@id\":\"https:\/\/padas.al\/#logo\"}},{\"@type\":\"WebSite\",\"@id\":\"https:\/\/padas.al\/#website\",\"url\":\"https:\/\/padas.al\/\",\"name\":\"PADAS\",\"description\":\"Shoe Shop\",\"publisher\":{\"@id\":\"https:\/\/padas.al\/#organization\"},\"potentialAction\":[{\"@type\":\"SearchAction\",\"target\":{\"@type\":\"EntryPoint\",\"urlTemplate\":\"https:\/\/padas.al\/?s={search_term_string}\"},\"query-input\":\"required name=search_term_string\"}],\"inLanguage\":\"en-GB\"},{\"@type\":\"ImageObject\",\"@id\":\"https:\/\/padas.al\/product\/atlete-verore-boxer-per-meshkuj\/#primaryimage\",\"inLanguage\":\"en-GB\",\"url\":\"https:\/\/padas.al\/wp-content\/uploads\/2022\/06\/boxer-shoes-21277.jpg\",\"contentUrl\":\"https:\/\/padas.al\/wp-content\/uploads\/2022\/06\/boxer-shoes-21277.jpg\",\"width\":1000,\"height\":1000},{\"@type\":\"WebPage\",\"@id\":\"https:\/\/padas.al\/product\/atlete-verore-boxer-per-meshkuj\/#webpage\",\"url\":\"https:\/\/padas.al\/product\/atlete-verore-boxer-per-meshkuj\/\",\"name\":\"Atlete verore Boxer p\u00ebr meshkuj me gom\u00eb t\u00eb bardh\u00eb. - PADAS\",\"isPartOf\":{\"@id\":\"https:\/\/padas.al\/#website\"},\"primaryImageOfPage\":{\"@id\":\"https:\/\/padas.al\/product\/atlete-verore-boxer-per-meshkuj\/#primaryimage\"},\"datePublished\":\"2022-06-04T21:49:04+00:00\",\"dateModified\":\"2026-01-28T08:43:31+00:00\",\"description\":\"Atletet q\u00eb ju duhen p\u00ebr k\u00ebt\u00eb sezon, jan\u00eb t\u00eb lehta dhe me gom\u00eb sportive, t\u00eb p\u00ebrshtatshme n\u00eb \u00e7do or\u00eb t\u00eb dit\u00ebs e \u00e7do veshje. Model trendi e praktik\",\"breadcrumb\":{\"@id\":\"https:\/\/padas.al\/product\/atlete-verore-boxer-per-meshkuj\/#breadcrumb\"},\"inLanguage\":\"en-GB\",\"potentialAction\":[{\"@type\":\"ReadAction\",\"target\":[\"https:\/\/padas.al\/product\/atlete-verore-boxer-per-meshkuj\/\"]}]},{\"@type\":\"BreadcrumbList\",\"@id\":\"https:\/\/padas.al\/product\/atlete-verore-boxer-per-meshkuj\/#breadcrumb\",\"itemListElement\":[{\"@type\":\"ListItem\",\"position\":1,\"name\":\"Home\",\"item\":\"https:\/\/padas.al\/\"},{\"@type\":\"ListItem\",\"position\":2,\"name\":\"Shop\",\"item\":\"https:\/\/padas.al\/shop\/\"},{\"@type\":\"ListItem\",\"position\":3,\"name\":\"Atlete verore Boxer p\u00ebr meshkuj me gom\u00eb t\u00eb bardh\u00eb.\"}]}]}<\/script>\n<!-- \/ Yoast SEO plugin. -->","yoast_head_json":{"title":"Atlete verore Boxer p\u00ebr meshkuj me gom\u00eb t\u00eb bardh\u00eb. - PADAS","description":"Atletet q\u00eb ju duhen p\u00ebr k\u00ebt\u00eb sezon, jan\u00eb t\u00eb lehta dhe me gom\u00eb sportive, t\u00eb p\u00ebrshtatshme n\u00eb \u00e7do or\u00eb t\u00eb dit\u00ebs e \u00e7do veshje. Model trendi e praktik","robots":{"index":"index","follow":"follow","max-snippet":"max-snippet:-1","max-image-preview":"max-image-preview:large","max-video-preview":"max-video-preview:-1"},"canonical":"https:\/\/padas.al\/english\/product\/atlete-verore-boxer-per-meshkuj\/","og_locale":"en_GB","og_type":"article","og_title":"Atlete verore Boxer p\u00ebr meshkuj me gom\u00eb t\u00eb bardh\u00eb. - PADAS","og_description":"Atletet q\u00eb ju duhen p\u00ebr k\u00ebt\u00eb sezon, jan\u00eb t\u00eb lehta dhe me gom\u00eb sportive, t\u00eb p\u00ebrshtatshme n\u00eb \u00e7do or\u00eb t\u00eb dit\u00ebs e \u00e7do veshje. Model trendi e praktik","og_url":"https:\/\/padas.al\/english\/product\/atlete-verore-boxer-per-meshkuj\/","og_site_name":"PADAS","article_modified_time":"2026-01-28T08:43:31+00:00","og_image":[{"width":1000,"height":1000,"url":"https:\/\/padas.al\/wp-content\/uploads\/2022\/06\/boxer-shoes-21277.jpg","type":"image\/jpeg"}],"twitter_card":"summary_large_image","twitter_misc":{"Estimated reading time":"1 minute"},"schema":{"@context":"https:\/\/schema.org","@graph":[{"@type":"Organization","@id":"https:\/\/padas.al\/#organization","name":"Padas.al","url":"https:\/\/padas.al\/","sameAs":[],"logo":{"@type":"ImageObject","@id":"https:\/\/padas.al\/#logo","inLanguage":"en-GB","url":"https:\/\/padas.al\/wp-content\/uploads\/2021\/12\/padas-logo-01.svg","contentUrl":"https:\/\/padas.al\/wp-content\/uploads\/2021\/12\/padas-logo-01.svg","width":196.4218,"height":195.7925,"caption":"Padas.al"},"image":{"@id":"https:\/\/padas.al\/#logo"}},{"@type":"WebSite","@id":"https:\/\/padas.al\/#website","url":"https:\/\/padas.al\/","name":"PADAS","description":"Shoe Shop","publisher":{"@id":"https:\/\/padas.al\/#organization"},"potentialAction":[{"@type":"SearchAction","target":{"@type":"EntryPoint","urlTemplate":"https:\/\/padas.al\/?s={search_term_string}"},"query-input":"required name=search_term_string"}],"inLanguage":"en-GB"},{"@type":"ImageObject","@id":"https:\/\/padas.al\/product\/atlete-verore-boxer-per-meshkuj\/#primaryimage","inLanguage":"en-GB","url":"https:\/\/padas.al\/wp-content\/uploads\/2022\/06\/boxer-shoes-21277.jpg","contentUrl":"https:\/\/padas.al\/wp-content\/uploads\/2022\/06\/boxer-shoes-21277.jpg","width":1000,"height":1000},{"@type":"WebPage","@id":"https:\/\/padas.al\/product\/atlete-verore-boxer-per-meshkuj\/#webpage","url":"https:\/\/padas.al\/product\/atlete-verore-boxer-per-meshkuj\/","name":"Atlete verore Boxer p\u00ebr meshkuj me gom\u00eb t\u00eb bardh\u00eb. - PADAS","isPartOf":{"@id":"https:\/\/padas.al\/#website"},"primaryImageOfPage":{"@id":"https:\/\/padas.al\/product\/atlete-verore-boxer-per-meshkuj\/#primaryimage"},"datePublished":"2022-06-04T21:49:04+00:00","dateModified":"2026-01-28T08:43:31+00:00","description":"Atletet q\u00eb ju duhen p\u00ebr k\u00ebt\u00eb sezon, jan\u00eb t\u00eb lehta dhe me gom\u00eb sportive, t\u00eb p\u00ebrshtatshme n\u00eb \u00e7do or\u00eb t\u00eb dit\u00ebs e \u00e7do veshje. Model trendi e praktik","breadcrumb":{"@id":"https:\/\/padas.al\/product\/atlete-verore-boxer-per-meshkuj\/#breadcrumb"},"inLanguage":"en-GB","potentialAction":[{"@type":"ReadAction","target":["https:\/\/padas.al\/product\/atlete-verore-boxer-per-meshkuj\/"]}]},{"@type":"BreadcrumbList","@id":"https:\/\/padas.al\/product\/atlete-verore-boxer-per-meshkuj\/#breadcrumb","itemListElement":[{"@type":"ListItem","position":1,"name":"Home","item":"https:\/\/padas.al\/"},{"@type":"ListItem","position":2,"name":"Shop","item":"https:\/\/padas.al\/shop\/"},{"@type":"ListItem","position":3,"name":"Atlete verore Boxer p\u00ebr meshkuj me gom\u00eb t\u00eb bardh\u00eb."}]}]}},"_links":{"self":[{"href":"https:\/\/padas.al\/english\/wp-json\/wp\/v2\/product\/8070"}],"collection":[{"href":"https:\/\/padas.al\/english\/wp-json\/wp\/v2\/product"}],"about":[{"href":"https:\/\/padas.al\/english\/wp-json\/wp\/v2\/types\/product"}],"replies":[{"embeddable":true,"href":"https:\/\/padas.al\/english\/wp-json\/wp\/v2\/comments?post=8070"}],"wp:featuredmedia":[{"embeddable":true,"href":"https:\/\/padas.al\/english\/wp-json\/wp\/v2\/media\/8071"}],"wp:attachment":[{"href":"https:\/\/padas.al\/english\/wp-json\/wp\/v2\/media?parent=8070"}],"wp:term":[{"taxonomy":"product_cat","embeddable":true,"href":"https:\/\/padas.al\/english\/wp-json\/wp\/v2\/product_cat?post=8070"},{"taxonomy":"product_tag","embeddable":true,"href":"https:\/\/padas.al\/english\/wp-json\/wp\/v2\/product_tag?post=8070"}],"curies":[{"name":"wp","href":"https:\/\/api.w.org\/{rel}","templated":true}]}}