{"id":8177,"date":"2022-06-07T16:12:52","date_gmt":"2022-06-07T16:12:52","guid":{"rendered":"https:\/\/padas.al\/?post_type=product&#038;p=8177"},"modified":"2024-10-10T12:25:50","modified_gmt":"2024-10-10T12:25:50","slug":"cante-plazhi-praktike","status":"publish","type":"product","link":"https:\/\/padas.al\/english\/product\/cante-plazhi-praktike\/","title":{"rendered":"\u00c7ant\u00eb plazhi praktike me thurrje."},"content":{"rendered":"<p>\u00c7anta \u00ebsht\u00eb e punuar n\u00eb form\u00eb thurrje me dy ngjyra , n\u00eb qend\u00ebr t\u00eb saj ka logon e firm\u00ebs t\u00eb stampuar n\u00eb material cope. Ka dy rripa p\u00ebr t&#8217;a mbajtur n\u00eb dor\u00eb ose n\u00eb sup. Mbyllja e \u00e7ant\u00ebs b\u00ebhet me rrip q\u00eb shtr\u00ebngohet n\u00eb form\u00eb gryke.<\/p>\n<p>P\u00ebrmasat e \u00e7ant\u00ebs; gjat\u00ebsia 32 cm, lart\u00ebsia 22 cm, gjer\u00ebsia 10 cm.<\/p>","protected":false},"excerpt":{"rendered":"<p>\u00c7anta \u00ebsht\u00eb e firm\u00ebs Fragola,\u00a0 \u00ebsht\u00eb prodhim me origjin\u00eb greke dhe brenda \u00e7anta ka xhep me zinxhir, \u00ebsht\u00eb e bollshme dhe praktike p\u00ebr sezonin e ver\u00ebs, jo vet\u00ebm p\u00ebr n\u00eb plazh. Z\u00eb pak vend n\u00eb valixhen tuaj p\u00ebr t&#8217;a marr\u00eb kur shkoni me pushime.<\/p>","protected":false},"featured_media":8178,"comment_status":"open","ping_status":"closed","template":"","meta":[],"product_cat":[139,168,161,167,219],"product_tag":[],"yoast_head":"<!-- This site is optimized with the Yoast SEO plugin v18.3 - https:\/\/yoast.com\/wordpress\/plugins\/seo\/ -->\n<title>\u00c7ant\u00eb plazhi praktike me thurrje. - PADAS<\/title>\n<meta name=\"description\" content=\"\u00c7anta e plazhit \u00ebsht\u00eb me madh\u00ebsi mesatare p\u00ebr p\u00ebrdorim vetjak me dizajn dhe form\u00eb t\u00eb ve\u00e7ant\u00eb \u00ebsht\u00eb model t\u00eb cilin mund t&#039;a dhe n\u00eb p\u00ebrditshm\u00ebri.\" \/>\n<meta name=\"robots\" content=\"index, follow, max-snippet:-1, max-image-preview:large, max-video-preview:-1\" \/>\n<link rel=\"canonical\" href=\"https:\/\/padas.al\/english\/product\/cante-plazhi-praktike\/\" \/>\n<meta property=\"og:locale\" content=\"en_GB\" \/>\n<meta property=\"og:type\" content=\"article\" \/>\n<meta property=\"og:title\" content=\"\u00c7ant\u00eb plazhi praktike me thurrje. - PADAS\" \/>\n<meta property=\"og:description\" content=\"\u00c7anta e plazhit \u00ebsht\u00eb me madh\u00ebsi mesatare p\u00ebr p\u00ebrdorim vetjak me dizajn dhe form\u00eb t\u00eb ve\u00e7ant\u00eb \u00ebsht\u00eb model t\u00eb cilin mund t&#039;a dhe n\u00eb p\u00ebrditshm\u00ebri.\" \/>\n<meta property=\"og:url\" content=\"https:\/\/padas.al\/english\/product\/cante-plazhi-praktike\/\" \/>\n<meta property=\"og:site_name\" content=\"PADAS\" \/>\n<meta property=\"article:modified_time\" content=\"2024-10-10T12:25:50+00:00\" \/>\n<meta name=\"twitter:card\" content=\"summary_large_image\" \/>\n<meta name=\"twitter:image\" content=\"https:\/\/padas.al\/wp-content\/uploads\/2022\/06\/T20BB16-black-green.webp\" \/>\n<meta name=\"twitter:label1\" content=\"Estimated reading time\" \/>\n\t<meta name=\"twitter:data1\" content=\"1 minute\" \/>\n<script type=\"application\/ld+json\" class=\"yoast-schema-graph\">{\"@context\":\"https:\/\/schema.org\",\"@graph\":[{\"@type\":\"Organization\",\"@id\":\"https:\/\/padas.al\/#organization\",\"name\":\"Padas.al\",\"url\":\"https:\/\/padas.al\/\",\"sameAs\":[],\"logo\":{\"@type\":\"ImageObject\",\"@id\":\"https:\/\/padas.al\/#logo\",\"inLanguage\":\"en-GB\",\"url\":\"https:\/\/padas.al\/wp-content\/uploads\/2021\/12\/padas-logo-01.svg\",\"contentUrl\":\"https:\/\/padas.al\/wp-content\/uploads\/2021\/12\/padas-logo-01.svg\",\"width\":196.4218,\"height\":195.7925,\"caption\":\"Padas.al\"},\"image\":{\"@id\":\"https:\/\/padas.al\/#logo\"}},{\"@type\":\"WebSite\",\"@id\":\"https:\/\/padas.al\/#website\",\"url\":\"https:\/\/padas.al\/\",\"name\":\"PADAS\",\"description\":\"Shoe Shop\",\"publisher\":{\"@id\":\"https:\/\/padas.al\/#organization\"},\"potentialAction\":[{\"@type\":\"SearchAction\",\"target\":{\"@type\":\"EntryPoint\",\"urlTemplate\":\"https:\/\/padas.al\/?s={search_term_string}\"},\"query-input\":\"required name=search_term_string\"}],\"inLanguage\":\"en-GB\"},{\"@type\":\"ImageObject\",\"@id\":\"https:\/\/padas.al\/product\/cante-plazhi-praktike\/#primaryimage\",\"inLanguage\":\"en-GB\",\"url\":\"https:\/\/padas.al\/wp-content\/uploads\/2022\/06\/T20BB16-black-green.webp\",\"contentUrl\":\"https:\/\/padas.al\/wp-content\/uploads\/2022\/06\/T20BB16-black-green.webp\",\"width\":1000,\"height\":1500},{\"@type\":\"WebPage\",\"@id\":\"https:\/\/padas.al\/product\/cante-plazhi-praktike\/#webpage\",\"url\":\"https:\/\/padas.al\/product\/cante-plazhi-praktike\/\",\"name\":\"\u00c7ant\u00eb plazhi praktike me thurrje. - PADAS\",\"isPartOf\":{\"@id\":\"https:\/\/padas.al\/#website\"},\"primaryImageOfPage\":{\"@id\":\"https:\/\/padas.al\/product\/cante-plazhi-praktike\/#primaryimage\"},\"datePublished\":\"2022-06-07T16:12:52+00:00\",\"dateModified\":\"2024-10-10T12:25:50+00:00\",\"description\":\"\u00c7anta e plazhit \u00ebsht\u00eb me madh\u00ebsi mesatare p\u00ebr p\u00ebrdorim vetjak me dizajn dhe form\u00eb t\u00eb ve\u00e7ant\u00eb \u00ebsht\u00eb model t\u00eb cilin mund t'a dhe n\u00eb p\u00ebrditshm\u00ebri.\",\"breadcrumb\":{\"@id\":\"https:\/\/padas.al\/product\/cante-plazhi-praktike\/#breadcrumb\"},\"inLanguage\":\"en-GB\",\"potentialAction\":[{\"@type\":\"ReadAction\",\"target\":[\"https:\/\/padas.al\/product\/cante-plazhi-praktike\/\"]}]},{\"@type\":\"BreadcrumbList\",\"@id\":\"https:\/\/padas.al\/product\/cante-plazhi-praktike\/#breadcrumb\",\"itemListElement\":[{\"@type\":\"ListItem\",\"position\":1,\"name\":\"Home\",\"item\":\"https:\/\/padas.al\/\"},{\"@type\":\"ListItem\",\"position\":2,\"name\":\"Shop\",\"item\":\"https:\/\/padas.al\/shop\/\"},{\"@type\":\"ListItem\",\"position\":3,\"name\":\"\u00c7ant\u00eb plazhi praktike me thurrje.\"}]}]}<\/script>\n<!-- \/ Yoast SEO plugin. -->","yoast_head_json":{"title":"\u00c7ant\u00eb plazhi praktike me thurrje. - PADAS","description":"\u00c7anta e plazhit \u00ebsht\u00eb me madh\u00ebsi mesatare p\u00ebr p\u00ebrdorim vetjak me dizajn dhe form\u00eb t\u00eb ve\u00e7ant\u00eb \u00ebsht\u00eb model t\u00eb cilin mund t'a dhe n\u00eb p\u00ebrditshm\u00ebri.","robots":{"index":"index","follow":"follow","max-snippet":"max-snippet:-1","max-image-preview":"max-image-preview:large","max-video-preview":"max-video-preview:-1"},"canonical":"https:\/\/padas.al\/english\/product\/cante-plazhi-praktike\/","og_locale":"en_GB","og_type":"article","og_title":"\u00c7ant\u00eb plazhi praktike me thurrje. - PADAS","og_description":"\u00c7anta e plazhit \u00ebsht\u00eb me madh\u00ebsi mesatare p\u00ebr p\u00ebrdorim vetjak me dizajn dhe form\u00eb t\u00eb ve\u00e7ant\u00eb \u00ebsht\u00eb model t\u00eb cilin mund t'a dhe n\u00eb p\u00ebrditshm\u00ebri.","og_url":"https:\/\/padas.al\/english\/product\/cante-plazhi-praktike\/","og_site_name":"PADAS","article_modified_time":"2024-10-10T12:25:50+00:00","twitter_card":"summary_large_image","twitter_image":"https:\/\/padas.al\/wp-content\/uploads\/2022\/06\/T20BB16-black-green.webp","twitter_misc":{"Estimated reading time":"1 minute"},"schema":{"@context":"https:\/\/schema.org","@graph":[{"@type":"Organization","@id":"https:\/\/padas.al\/#organization","name":"Padas.al","url":"https:\/\/padas.al\/","sameAs":[],"logo":{"@type":"ImageObject","@id":"https:\/\/padas.al\/#logo","inLanguage":"en-GB","url":"https:\/\/padas.al\/wp-content\/uploads\/2021\/12\/padas-logo-01.svg","contentUrl":"https:\/\/padas.al\/wp-content\/uploads\/2021\/12\/padas-logo-01.svg","width":196.4218,"height":195.7925,"caption":"Padas.al"},"image":{"@id":"https:\/\/padas.al\/#logo"}},{"@type":"WebSite","@id":"https:\/\/padas.al\/#website","url":"https:\/\/padas.al\/","name":"PADAS","description":"Shoe Shop","publisher":{"@id":"https:\/\/padas.al\/#organization"},"potentialAction":[{"@type":"SearchAction","target":{"@type":"EntryPoint","urlTemplate":"https:\/\/padas.al\/?s={search_term_string}"},"query-input":"required name=search_term_string"}],"inLanguage":"en-GB"},{"@type":"ImageObject","@id":"https:\/\/padas.al\/product\/cante-plazhi-praktike\/#primaryimage","inLanguage":"en-GB","url":"https:\/\/padas.al\/wp-content\/uploads\/2022\/06\/T20BB16-black-green.webp","contentUrl":"https:\/\/padas.al\/wp-content\/uploads\/2022\/06\/T20BB16-black-green.webp","width":1000,"height":1500},{"@type":"WebPage","@id":"https:\/\/padas.al\/product\/cante-plazhi-praktike\/#webpage","url":"https:\/\/padas.al\/product\/cante-plazhi-praktike\/","name":"\u00c7ant\u00eb plazhi praktike me thurrje. - PADAS","isPartOf":{"@id":"https:\/\/padas.al\/#website"},"primaryImageOfPage":{"@id":"https:\/\/padas.al\/product\/cante-plazhi-praktike\/#primaryimage"},"datePublished":"2022-06-07T16:12:52+00:00","dateModified":"2024-10-10T12:25:50+00:00","description":"\u00c7anta e plazhit \u00ebsht\u00eb me madh\u00ebsi mesatare p\u00ebr p\u00ebrdorim vetjak me dizajn dhe form\u00eb t\u00eb ve\u00e7ant\u00eb \u00ebsht\u00eb model t\u00eb cilin mund t'a dhe n\u00eb p\u00ebrditshm\u00ebri.","breadcrumb":{"@id":"https:\/\/padas.al\/product\/cante-plazhi-praktike\/#breadcrumb"},"inLanguage":"en-GB","potentialAction":[{"@type":"ReadAction","target":["https:\/\/padas.al\/product\/cante-plazhi-praktike\/"]}]},{"@type":"BreadcrumbList","@id":"https:\/\/padas.al\/product\/cante-plazhi-praktike\/#breadcrumb","itemListElement":[{"@type":"ListItem","position":1,"name":"Home","item":"https:\/\/padas.al\/"},{"@type":"ListItem","position":2,"name":"Shop","item":"https:\/\/padas.al\/shop\/"},{"@type":"ListItem","position":3,"name":"\u00c7ant\u00eb plazhi praktike me thurrje."}]}]}},"_links":{"self":[{"href":"https:\/\/padas.al\/english\/wp-json\/wp\/v2\/product\/8177"}],"collection":[{"href":"https:\/\/padas.al\/english\/wp-json\/wp\/v2\/product"}],"about":[{"href":"https:\/\/padas.al\/english\/wp-json\/wp\/v2\/types\/product"}],"replies":[{"embeddable":true,"href":"https:\/\/padas.al\/english\/wp-json\/wp\/v2\/comments?post=8177"}],"wp:featuredmedia":[{"embeddable":true,"href":"https:\/\/padas.al\/english\/wp-json\/wp\/v2\/media\/8178"}],"wp:attachment":[{"href":"https:\/\/padas.al\/english\/wp-json\/wp\/v2\/media?parent=8177"}],"wp:term":[{"taxonomy":"product_cat","embeddable":true,"href":"https:\/\/padas.al\/english\/wp-json\/wp\/v2\/product_cat?post=8177"},{"taxonomy":"product_tag","embeddable":true,"href":"https:\/\/padas.al\/english\/wp-json\/wp\/v2\/product_tag?post=8177"}],"curies":[{"name":"wp","href":"https:\/\/api.w.org\/{rel}","templated":true}]}}