{"id":8444,"date":"2022-07-02T15:17:56","date_gmt":"2022-07-02T15:17:56","guid":{"rendered":"https:\/\/padas.al\/?post_type=product&#038;p=8444"},"modified":"2023-07-31T11:06:23","modified_gmt":"2023-07-31T11:06:23","slug":"sandale-fordoulis-argjend-me-take-te-holle","status":"publish","type":"product","link":"https:\/\/padas.al\/english\/product\/sandale-fordoulis-argjend-me-take-te-holle\/","title":{"rendered":"Sandale Fardoulis argjend me tak\u00eb t\u00eb holl\u00eb."},"content":{"rendered":"<p>Sandalet jan\u00eb punuar nga l\u00ebkura natyrale n\u00eb ngjyr\u00ebn argjend ose &#8220;silver&#8221;.\u00a0 Ato kan\u00eb rripa t\u00eb holl\u00eb n\u00eb &#8220;p\u00ebrqafojn\u00eb&#8221; k\u00ebmb\u00ebn duke i b\u00ebr\u00eb ato akoma m\u00eb elegante, Sandalet mb\u00ebrthehen me nj\u00eb tog\u00ebz t\u00eb vog\u00ebl po ashtu n\u00eb ngjyr\u00ebn e vet sandaleve duke e mbajtur k\u00ebmb\u00ebn t\u00eb fiksuar pas sandaleve.<\/p>\n<p>Lart\u00ebsia e tak\u00ebs ; 9 cm.<\/p>","protected":false},"excerpt":{"rendered":"<p>Sandalet jan\u00eb t\u00eb firm\u00ebs Makis Fardoulis, kompani greke e cila ofron k\u00ebpuc\u00eb e sandale t\u00eb\u00a0 punuara n\u00eb m\u00ebnyr\u00eb artizanale, cil\u00ebsore dhe me standard evropian, Jan\u00eb modele unike dhe kan\u00eb komoditet maksimal pik\u00ebrisht fal\u00eb punimit &#8220;handmade&#8221;. Ngjyra e tyre e shndritshme\u00a0 i b\u00ebn k\u00ebto sndale akoma dhe m\u00eb festive , jan\u00eb zgjedhja perfekte p\u00ebr eventet dhe mbr\u00ebmjet tuaja.<\/p>","protected":false},"featured_media":8445,"comment_status":"open","ping_status":"closed","template":"","meta":[],"product_cat":[139,151,153,223],"product_tag":[],"yoast_head":"<!-- This site is optimized with the Yoast SEO plugin v18.3 - https:\/\/yoast.com\/wordpress\/plugins\/seo\/ -->\n<title>Sandale Fardoulis argjend me tak\u00eb t\u00eb holl\u00eb. - PADAS<\/title>\n<meta name=\"description\" content=\"Sandale l\u00ebkure n\u00eb ngjyr\u00ebn &quot;silver&quot; elegante dhe me model n\u00eb e b\u00ebn k\u00ebmb\u00ebn t\u00eb duket plot fines\u00eb e sensuale. Zgjedhja perfekte p\u00ebr t\u00eb gjitha ju q\u00eb ju p\u00eblqen t\u00eb shk\u00eblqeni.\" \/>\n<meta name=\"robots\" content=\"index, follow, max-snippet:-1, max-image-preview:large, max-video-preview:-1\" \/>\n<link rel=\"canonical\" href=\"https:\/\/padas.al\/english\/product\/sandale-fordoulis-argjend-me-take-te-holle\/\" \/>\n<meta property=\"og:locale\" content=\"en_GB\" \/>\n<meta property=\"og:type\" content=\"article\" \/>\n<meta property=\"og:title\" content=\"Sandale Fardoulis argjend me tak\u00eb t\u00eb holl\u00eb. - PADAS\" \/>\n<meta property=\"og:description\" content=\"Sandale l\u00ebkure n\u00eb ngjyr\u00ebn &quot;silver&quot; elegante dhe me model n\u00eb e b\u00ebn k\u00ebmb\u00ebn t\u00eb duket plot fines\u00eb e sensuale. Zgjedhja perfekte p\u00ebr t\u00eb gjitha ju q\u00eb ju p\u00eblqen t\u00eb shk\u00eblqeni.\" \/>\n<meta property=\"og:url\" content=\"https:\/\/padas.al\/english\/product\/sandale-fordoulis-argjend-me-take-te-holle\/\" \/>\n<meta property=\"og:site_name\" content=\"PADAS\" \/>\n<meta property=\"article:modified_time\" content=\"2023-07-31T11:06:23+00:00\" \/>\n<meta property=\"og:image\" content=\"https:\/\/padas.al\/wp-content\/uploads\/2022\/07\/fixedratio_20180822153109_makis_fardoulis_9079_silver.jpeg\" \/>\n\t<meta property=\"og:image:width\" content=\"540\" \/>\n\t<meta property=\"og:image:height\" content=\"720\" \/>\n\t<meta property=\"og:image:type\" content=\"image\/jpeg\" \/>\n<meta name=\"twitter:card\" content=\"summary_large_image\" \/>\n<script type=\"application\/ld+json\" class=\"yoast-schema-graph\">{\"@context\":\"https:\/\/schema.org\",\"@graph\":[{\"@type\":\"Organization\",\"@id\":\"https:\/\/padas.al\/#organization\",\"name\":\"Padas.al\",\"url\":\"https:\/\/padas.al\/\",\"sameAs\":[],\"logo\":{\"@type\":\"ImageObject\",\"@id\":\"https:\/\/padas.al\/#logo\",\"inLanguage\":\"en-GB\",\"url\":\"https:\/\/padas.al\/wp-content\/uploads\/2021\/12\/padas-logo-01.svg\",\"contentUrl\":\"https:\/\/padas.al\/wp-content\/uploads\/2021\/12\/padas-logo-01.svg\",\"width\":196.4218,\"height\":195.7925,\"caption\":\"Padas.al\"},\"image\":{\"@id\":\"https:\/\/padas.al\/#logo\"}},{\"@type\":\"WebSite\",\"@id\":\"https:\/\/padas.al\/#website\",\"url\":\"https:\/\/padas.al\/\",\"name\":\"PADAS\",\"description\":\"Shoe Shop\",\"publisher\":{\"@id\":\"https:\/\/padas.al\/#organization\"},\"potentialAction\":[{\"@type\":\"SearchAction\",\"target\":{\"@type\":\"EntryPoint\",\"urlTemplate\":\"https:\/\/padas.al\/?s={search_term_string}\"},\"query-input\":\"required name=search_term_string\"}],\"inLanguage\":\"en-GB\"},{\"@type\":\"ImageObject\",\"@id\":\"https:\/\/padas.al\/product\/sandale-fordoulis-argjend-me-take-te-holle\/#primaryimage\",\"inLanguage\":\"en-GB\",\"url\":\"https:\/\/padas.al\/wp-content\/uploads\/2022\/07\/fixedratio_20180822153109_makis_fardoulis_9079_silver.jpeg\",\"contentUrl\":\"https:\/\/padas.al\/wp-content\/uploads\/2022\/07\/fixedratio_20180822153109_makis_fardoulis_9079_silver.jpeg\",\"width\":540,\"height\":720},{\"@type\":\"WebPage\",\"@id\":\"https:\/\/padas.al\/product\/sandale-fordoulis-argjend-me-take-te-holle\/#webpage\",\"url\":\"https:\/\/padas.al\/product\/sandale-fordoulis-argjend-me-take-te-holle\/\",\"name\":\"Sandale Fardoulis argjend me tak\u00eb t\u00eb holl\u00eb. - PADAS\",\"isPartOf\":{\"@id\":\"https:\/\/padas.al\/#website\"},\"primaryImageOfPage\":{\"@id\":\"https:\/\/padas.al\/product\/sandale-fordoulis-argjend-me-take-te-holle\/#primaryimage\"},\"datePublished\":\"2022-07-02T15:17:56+00:00\",\"dateModified\":\"2023-07-31T11:06:23+00:00\",\"description\":\"Sandale l\u00ebkure n\u00eb ngjyr\u00ebn \\\"silver\\\" elegante dhe me model n\u00eb e b\u00ebn k\u00ebmb\u00ebn t\u00eb duket plot fines\u00eb e sensuale. Zgjedhja perfekte p\u00ebr t\u00eb gjitha ju q\u00eb ju p\u00eblqen t\u00eb shk\u00eblqeni.\",\"breadcrumb\":{\"@id\":\"https:\/\/padas.al\/product\/sandale-fordoulis-argjend-me-take-te-holle\/#breadcrumb\"},\"inLanguage\":\"en-GB\",\"potentialAction\":[{\"@type\":\"ReadAction\",\"target\":[\"https:\/\/padas.al\/product\/sandale-fordoulis-argjend-me-take-te-holle\/\"]}]},{\"@type\":\"BreadcrumbList\",\"@id\":\"https:\/\/padas.al\/product\/sandale-fordoulis-argjend-me-take-te-holle\/#breadcrumb\",\"itemListElement\":[{\"@type\":\"ListItem\",\"position\":1,\"name\":\"Home\",\"item\":\"https:\/\/padas.al\/\"},{\"@type\":\"ListItem\",\"position\":2,\"name\":\"Shop\",\"item\":\"https:\/\/padas.al\/shop\/\"},{\"@type\":\"ListItem\",\"position\":3,\"name\":\"Sandale Fardoulis argjend me tak\u00eb t\u00eb holl\u00eb.\"}]}]}<\/script>\n<!-- \/ Yoast SEO plugin. -->","yoast_head_json":{"title":"Sandale Fardoulis argjend me tak\u00eb t\u00eb holl\u00eb. - PADAS","description":"Sandale l\u00ebkure n\u00eb ngjyr\u00ebn \"silver\" elegante dhe me model n\u00eb e b\u00ebn k\u00ebmb\u00ebn t\u00eb duket plot fines\u00eb e sensuale. Zgjedhja perfekte p\u00ebr t\u00eb gjitha ju q\u00eb ju p\u00eblqen t\u00eb shk\u00eblqeni.","robots":{"index":"index","follow":"follow","max-snippet":"max-snippet:-1","max-image-preview":"max-image-preview:large","max-video-preview":"max-video-preview:-1"},"canonical":"https:\/\/padas.al\/english\/product\/sandale-fordoulis-argjend-me-take-te-holle\/","og_locale":"en_GB","og_type":"article","og_title":"Sandale Fardoulis argjend me tak\u00eb t\u00eb holl\u00eb. - PADAS","og_description":"Sandale l\u00ebkure n\u00eb ngjyr\u00ebn \"silver\" elegante dhe me model n\u00eb e b\u00ebn k\u00ebmb\u00ebn t\u00eb duket plot fines\u00eb e sensuale. Zgjedhja perfekte p\u00ebr t\u00eb gjitha ju q\u00eb ju p\u00eblqen t\u00eb shk\u00eblqeni.","og_url":"https:\/\/padas.al\/english\/product\/sandale-fordoulis-argjend-me-take-te-holle\/","og_site_name":"PADAS","article_modified_time":"2023-07-31T11:06:23+00:00","og_image":[{"width":540,"height":720,"url":"https:\/\/padas.al\/wp-content\/uploads\/2022\/07\/fixedratio_20180822153109_makis_fardoulis_9079_silver.jpeg","type":"image\/jpeg"}],"twitter_card":"summary_large_image","schema":{"@context":"https:\/\/schema.org","@graph":[{"@type":"Organization","@id":"https:\/\/padas.al\/#organization","name":"Padas.al","url":"https:\/\/padas.al\/","sameAs":[],"logo":{"@type":"ImageObject","@id":"https:\/\/padas.al\/#logo","inLanguage":"en-GB","url":"https:\/\/padas.al\/wp-content\/uploads\/2021\/12\/padas-logo-01.svg","contentUrl":"https:\/\/padas.al\/wp-content\/uploads\/2021\/12\/padas-logo-01.svg","width":196.4218,"height":195.7925,"caption":"Padas.al"},"image":{"@id":"https:\/\/padas.al\/#logo"}},{"@type":"WebSite","@id":"https:\/\/padas.al\/#website","url":"https:\/\/padas.al\/","name":"PADAS","description":"Shoe Shop","publisher":{"@id":"https:\/\/padas.al\/#organization"},"potentialAction":[{"@type":"SearchAction","target":{"@type":"EntryPoint","urlTemplate":"https:\/\/padas.al\/?s={search_term_string}"},"query-input":"required name=search_term_string"}],"inLanguage":"en-GB"},{"@type":"ImageObject","@id":"https:\/\/padas.al\/product\/sandale-fordoulis-argjend-me-take-te-holle\/#primaryimage","inLanguage":"en-GB","url":"https:\/\/padas.al\/wp-content\/uploads\/2022\/07\/fixedratio_20180822153109_makis_fardoulis_9079_silver.jpeg","contentUrl":"https:\/\/padas.al\/wp-content\/uploads\/2022\/07\/fixedratio_20180822153109_makis_fardoulis_9079_silver.jpeg","width":540,"height":720},{"@type":"WebPage","@id":"https:\/\/padas.al\/product\/sandale-fordoulis-argjend-me-take-te-holle\/#webpage","url":"https:\/\/padas.al\/product\/sandale-fordoulis-argjend-me-take-te-holle\/","name":"Sandale Fardoulis argjend me tak\u00eb t\u00eb holl\u00eb. - PADAS","isPartOf":{"@id":"https:\/\/padas.al\/#website"},"primaryImageOfPage":{"@id":"https:\/\/padas.al\/product\/sandale-fordoulis-argjend-me-take-te-holle\/#primaryimage"},"datePublished":"2022-07-02T15:17:56+00:00","dateModified":"2023-07-31T11:06:23+00:00","description":"Sandale l\u00ebkure n\u00eb ngjyr\u00ebn \"silver\" elegante dhe me model n\u00eb e b\u00ebn k\u00ebmb\u00ebn t\u00eb duket plot fines\u00eb e sensuale. Zgjedhja perfekte p\u00ebr t\u00eb gjitha ju q\u00eb ju p\u00eblqen t\u00eb shk\u00eblqeni.","breadcrumb":{"@id":"https:\/\/padas.al\/product\/sandale-fordoulis-argjend-me-take-te-holle\/#breadcrumb"},"inLanguage":"en-GB","potentialAction":[{"@type":"ReadAction","target":["https:\/\/padas.al\/product\/sandale-fordoulis-argjend-me-take-te-holle\/"]}]},{"@type":"BreadcrumbList","@id":"https:\/\/padas.al\/product\/sandale-fordoulis-argjend-me-take-te-holle\/#breadcrumb","itemListElement":[{"@type":"ListItem","position":1,"name":"Home","item":"https:\/\/padas.al\/"},{"@type":"ListItem","position":2,"name":"Shop","item":"https:\/\/padas.al\/shop\/"},{"@type":"ListItem","position":3,"name":"Sandale Fardoulis argjend me tak\u00eb t\u00eb holl\u00eb."}]}]}},"_links":{"self":[{"href":"https:\/\/padas.al\/english\/wp-json\/wp\/v2\/product\/8444"}],"collection":[{"href":"https:\/\/padas.al\/english\/wp-json\/wp\/v2\/product"}],"about":[{"href":"https:\/\/padas.al\/english\/wp-json\/wp\/v2\/types\/product"}],"replies":[{"embeddable":true,"href":"https:\/\/padas.al\/english\/wp-json\/wp\/v2\/comments?post=8444"}],"wp:featuredmedia":[{"embeddable":true,"href":"https:\/\/padas.al\/english\/wp-json\/wp\/v2\/media\/8445"}],"wp:attachment":[{"href":"https:\/\/padas.al\/english\/wp-json\/wp\/v2\/media?parent=8444"}],"wp:term":[{"taxonomy":"product_cat","embeddable":true,"href":"https:\/\/padas.al\/english\/wp-json\/wp\/v2\/product_cat?post=8444"},{"taxonomy":"product_tag","embeddable":true,"href":"https:\/\/padas.al\/english\/wp-json\/wp\/v2\/product_tag?post=8444"}],"curies":[{"name":"wp","href":"https:\/\/api.w.org\/{rel}","templated":true}]}}