{"id":8717,"date":"2022-09-04T22:24:03","date_gmt":"2022-09-04T22:24:03","guid":{"rendered":"https:\/\/padas.al\/?post_type=product&#038;p=8717"},"modified":"2022-11-01T09:49:00","modified_gmt":"2022-11-01T09:49:00","slug":"portofol-lekure-forest-per-meshkuj-2","status":"publish","type":"product","link":"https:\/\/padas.al\/english\/product\/portofol-lekure-forest-per-meshkuj-2\/","title":{"rendered":"Portofol l\u00ebkure Forest p\u00ebr meshkuj."},"content":{"rendered":"<p>Portofoli \u00ebsht\u00eb i punuar nga l\u00ebkura natyrale , jan\u00eb prodhim handcraft dhe kan\u00eb organizim shum\u00eb t\u00eb mir\u00eb t\u00eb hap\u00ebsirave dhe xhepave. Portofoli \u00ebsht\u00eb i punuar nga kombinimi i dy ngjyrave , sip\u00ebrfaqja m\u00eb e madhe e tij \u00ebsht\u00eb n\u00eb nj\u00eb ngjyr\u00eb dhe pjesa e sip\u00ebrme si nj\u00eb shirit \u00ebsht\u00eb me ngjyr\u00eb tjet\u00ebr , kjo \u00ebsht\u00eb dhe detaji kryesor i portofolit. N\u00eb faqen ballore t\u00eb tij n\u00eb cepin e djatht\u00eb portofoli ka t\u00eb stampuar logon e vet firm\u00ebs.<\/p>","protected":false},"excerpt":{"rendered":"<p>Portofoli \u00ebsht\u00eb produkt i firm\u00ebs Forest, kompani e cila prodhon dhe treg\u00ebton aksesor\u00eb l\u00ebkure p\u00ebr femra e meshkuj, origjina e tyre \u00ebsht\u00eb nga Greqia. Portofoli organizohet n\u00eb k\u00ebt\u00eb m\u00ebnyr\u00eb; dy hap\u00ebsira p\u00ebr vendosjen e kart\u00ebmonedhave nj\u00eb xhep i cili mbyllet me per\u00e7in\u00eb p\u00ebr monedhat si dhe 9 vende p\u00ebr karta. Portofoli ka dhe xhepa an\u00ebsor\u00eb si dhe nj\u00eb xhep t\u00eb jasht\u00ebm n\u00eb faqen e pasme t\u00eb tij.<\/p>","protected":false},"featured_media":8718,"comment_status":"open","ping_status":"closed","template":"","meta":[],"product_cat":[232,234,188,210,212],"product_tag":[],"yoast_head":"<!-- This site is optimized with the Yoast SEO plugin v18.3 - https:\/\/yoast.com\/wordpress\/plugins\/seo\/ -->\n<title>Portofol l\u00ebkure Forest p\u00ebr meshkuj. - PADAS<\/title>\n<meta name=\"description\" content=\"Portofol p\u00ebr meshkuj me 2 ngjyra i mir\u00eborganizuar me madh\u00ebsi mesatare p\u00ebr ta mbajtur n\u00eb xhep apo n\u00eb \u00e7ant\u00ebn tuaj. Ka linja t\u00eb rregullta dhe \u00ebsht\u00eb praktik.\" \/>\n<meta name=\"robots\" content=\"index, follow, max-snippet:-1, max-image-preview:large, max-video-preview:-1\" \/>\n<link rel=\"canonical\" href=\"https:\/\/padas.al\/english\/product\/portofol-lekure-forest-per-meshkuj-2\/\" \/>\n<meta property=\"og:locale\" content=\"en_GB\" \/>\n<meta property=\"og:type\" content=\"article\" \/>\n<meta property=\"og:title\" content=\"Portofol l\u00ebkure Forest p\u00ebr meshkuj. - PADAS\" \/>\n<meta property=\"og:description\" content=\"Portofol p\u00ebr meshkuj me 2 ngjyra i mir\u00eborganizuar me madh\u00ebsi mesatare p\u00ebr ta mbajtur n\u00eb xhep apo n\u00eb \u00e7ant\u00ebn tuaj. Ka linja t\u00eb rregullta dhe \u00ebsht\u00eb praktik.\" \/>\n<meta property=\"og:url\" content=\"https:\/\/padas.al\/english\/product\/portofol-lekure-forest-per-meshkuj-2\/\" \/>\n<meta property=\"og:site_name\" content=\"PADAS\" \/>\n<meta property=\"article:modified_time\" content=\"2022-11-01T09:49:00+00:00\" \/>\n<meta property=\"og:image\" content=\"https:\/\/padas.al\/wp-content\/uploads\/2022\/09\/fixedratio_20220803145901_forest_ds126_dermatino_andriko_portofoli_mple.jpeg\" \/>\n\t<meta property=\"og:image:width\" content=\"540\" \/>\n\t<meta property=\"og:image:height\" content=\"720\" \/>\n\t<meta property=\"og:image:type\" content=\"image\/jpeg\" \/>\n<meta name=\"twitter:card\" content=\"summary_large_image\" \/>\n<meta name=\"twitter:label1\" content=\"Estimated reading time\" \/>\n\t<meta name=\"twitter:data1\" content=\"1 minute\" \/>\n<script type=\"application\/ld+json\" class=\"yoast-schema-graph\">{\"@context\":\"https:\/\/schema.org\",\"@graph\":[{\"@type\":\"Organization\",\"@id\":\"https:\/\/padas.al\/#organization\",\"name\":\"Padas.al\",\"url\":\"https:\/\/padas.al\/\",\"sameAs\":[],\"logo\":{\"@type\":\"ImageObject\",\"@id\":\"https:\/\/padas.al\/#logo\",\"inLanguage\":\"en-GB\",\"url\":\"https:\/\/padas.al\/wp-content\/uploads\/2021\/12\/padas-logo-01.svg\",\"contentUrl\":\"https:\/\/padas.al\/wp-content\/uploads\/2021\/12\/padas-logo-01.svg\",\"width\":196.4218,\"height\":195.7925,\"caption\":\"Padas.al\"},\"image\":{\"@id\":\"https:\/\/padas.al\/#logo\"}},{\"@type\":\"WebSite\",\"@id\":\"https:\/\/padas.al\/#website\",\"url\":\"https:\/\/padas.al\/\",\"name\":\"PADAS\",\"description\":\"Shoe Shop\",\"publisher\":{\"@id\":\"https:\/\/padas.al\/#organization\"},\"potentialAction\":[{\"@type\":\"SearchAction\",\"target\":{\"@type\":\"EntryPoint\",\"urlTemplate\":\"https:\/\/padas.al\/?s={search_term_string}\"},\"query-input\":\"required name=search_term_string\"}],\"inLanguage\":\"en-GB\"},{\"@type\":\"ImageObject\",\"@id\":\"https:\/\/padas.al\/product\/portofol-lekure-forest-per-meshkuj-2\/#primaryimage\",\"inLanguage\":\"en-GB\",\"url\":\"https:\/\/padas.al\/wp-content\/uploads\/2022\/09\/fixedratio_20220803145901_forest_ds126_dermatino_andriko_portofoli_mple.jpeg\",\"contentUrl\":\"https:\/\/padas.al\/wp-content\/uploads\/2022\/09\/fixedratio_20220803145901_forest_ds126_dermatino_andriko_portofoli_mple.jpeg\",\"width\":540,\"height\":720},{\"@type\":\"WebPage\",\"@id\":\"https:\/\/padas.al\/product\/portofol-lekure-forest-per-meshkuj-2\/#webpage\",\"url\":\"https:\/\/padas.al\/product\/portofol-lekure-forest-per-meshkuj-2\/\",\"name\":\"Portofol l\u00ebkure Forest p\u00ebr meshkuj. - PADAS\",\"isPartOf\":{\"@id\":\"https:\/\/padas.al\/#website\"},\"primaryImageOfPage\":{\"@id\":\"https:\/\/padas.al\/product\/portofol-lekure-forest-per-meshkuj-2\/#primaryimage\"},\"datePublished\":\"2022-09-04T22:24:03+00:00\",\"dateModified\":\"2022-11-01T09:49:00+00:00\",\"description\":\"Portofol p\u00ebr meshkuj me 2 ngjyra i mir\u00eborganizuar me madh\u00ebsi mesatare p\u00ebr ta mbajtur n\u00eb xhep apo n\u00eb \u00e7ant\u00ebn tuaj. Ka linja t\u00eb rregullta dhe \u00ebsht\u00eb praktik.\",\"breadcrumb\":{\"@id\":\"https:\/\/padas.al\/product\/portofol-lekure-forest-per-meshkuj-2\/#breadcrumb\"},\"inLanguage\":\"en-GB\",\"potentialAction\":[{\"@type\":\"ReadAction\",\"target\":[\"https:\/\/padas.al\/product\/portofol-lekure-forest-per-meshkuj-2\/\"]}]},{\"@type\":\"BreadcrumbList\",\"@id\":\"https:\/\/padas.al\/product\/portofol-lekure-forest-per-meshkuj-2\/#breadcrumb\",\"itemListElement\":[{\"@type\":\"ListItem\",\"position\":1,\"name\":\"Home\",\"item\":\"https:\/\/padas.al\/\"},{\"@type\":\"ListItem\",\"position\":2,\"name\":\"Shop\",\"item\":\"https:\/\/padas.al\/shop\/\"},{\"@type\":\"ListItem\",\"position\":3,\"name\":\"Portofol l\u00ebkure Forest p\u00ebr meshkuj.\"}]}]}<\/script>\n<!-- \/ Yoast SEO plugin. -->","yoast_head_json":{"title":"Portofol l\u00ebkure Forest p\u00ebr meshkuj. - PADAS","description":"Portofol p\u00ebr meshkuj me 2 ngjyra i mir\u00eborganizuar me madh\u00ebsi mesatare p\u00ebr ta mbajtur n\u00eb xhep apo n\u00eb \u00e7ant\u00ebn tuaj. Ka linja t\u00eb rregullta dhe \u00ebsht\u00eb praktik.","robots":{"index":"index","follow":"follow","max-snippet":"max-snippet:-1","max-image-preview":"max-image-preview:large","max-video-preview":"max-video-preview:-1"},"canonical":"https:\/\/padas.al\/english\/product\/portofol-lekure-forest-per-meshkuj-2\/","og_locale":"en_GB","og_type":"article","og_title":"Portofol l\u00ebkure Forest p\u00ebr meshkuj. - PADAS","og_description":"Portofol p\u00ebr meshkuj me 2 ngjyra i mir\u00eborganizuar me madh\u00ebsi mesatare p\u00ebr ta mbajtur n\u00eb xhep apo n\u00eb \u00e7ant\u00ebn tuaj. Ka linja t\u00eb rregullta dhe \u00ebsht\u00eb praktik.","og_url":"https:\/\/padas.al\/english\/product\/portofol-lekure-forest-per-meshkuj-2\/","og_site_name":"PADAS","article_modified_time":"2022-11-01T09:49:00+00:00","og_image":[{"width":540,"height":720,"url":"https:\/\/padas.al\/wp-content\/uploads\/2022\/09\/fixedratio_20220803145901_forest_ds126_dermatino_andriko_portofoli_mple.jpeg","type":"image\/jpeg"}],"twitter_card":"summary_large_image","twitter_misc":{"Estimated reading time":"1 minute"},"schema":{"@context":"https:\/\/schema.org","@graph":[{"@type":"Organization","@id":"https:\/\/padas.al\/#organization","name":"Padas.al","url":"https:\/\/padas.al\/","sameAs":[],"logo":{"@type":"ImageObject","@id":"https:\/\/padas.al\/#logo","inLanguage":"en-GB","url":"https:\/\/padas.al\/wp-content\/uploads\/2021\/12\/padas-logo-01.svg","contentUrl":"https:\/\/padas.al\/wp-content\/uploads\/2021\/12\/padas-logo-01.svg","width":196.4218,"height":195.7925,"caption":"Padas.al"},"image":{"@id":"https:\/\/padas.al\/#logo"}},{"@type":"WebSite","@id":"https:\/\/padas.al\/#website","url":"https:\/\/padas.al\/","name":"PADAS","description":"Shoe Shop","publisher":{"@id":"https:\/\/padas.al\/#organization"},"potentialAction":[{"@type":"SearchAction","target":{"@type":"EntryPoint","urlTemplate":"https:\/\/padas.al\/?s={search_term_string}"},"query-input":"required name=search_term_string"}],"inLanguage":"en-GB"},{"@type":"ImageObject","@id":"https:\/\/padas.al\/product\/portofol-lekure-forest-per-meshkuj-2\/#primaryimage","inLanguage":"en-GB","url":"https:\/\/padas.al\/wp-content\/uploads\/2022\/09\/fixedratio_20220803145901_forest_ds126_dermatino_andriko_portofoli_mple.jpeg","contentUrl":"https:\/\/padas.al\/wp-content\/uploads\/2022\/09\/fixedratio_20220803145901_forest_ds126_dermatino_andriko_portofoli_mple.jpeg","width":540,"height":720},{"@type":"WebPage","@id":"https:\/\/padas.al\/product\/portofol-lekure-forest-per-meshkuj-2\/#webpage","url":"https:\/\/padas.al\/product\/portofol-lekure-forest-per-meshkuj-2\/","name":"Portofol l\u00ebkure Forest p\u00ebr meshkuj. - PADAS","isPartOf":{"@id":"https:\/\/padas.al\/#website"},"primaryImageOfPage":{"@id":"https:\/\/padas.al\/product\/portofol-lekure-forest-per-meshkuj-2\/#primaryimage"},"datePublished":"2022-09-04T22:24:03+00:00","dateModified":"2022-11-01T09:49:00+00:00","description":"Portofol p\u00ebr meshkuj me 2 ngjyra i mir\u00eborganizuar me madh\u00ebsi mesatare p\u00ebr ta mbajtur n\u00eb xhep apo n\u00eb \u00e7ant\u00ebn tuaj. Ka linja t\u00eb rregullta dhe \u00ebsht\u00eb praktik.","breadcrumb":{"@id":"https:\/\/padas.al\/product\/portofol-lekure-forest-per-meshkuj-2\/#breadcrumb"},"inLanguage":"en-GB","potentialAction":[{"@type":"ReadAction","target":["https:\/\/padas.al\/product\/portofol-lekure-forest-per-meshkuj-2\/"]}]},{"@type":"BreadcrumbList","@id":"https:\/\/padas.al\/product\/portofol-lekure-forest-per-meshkuj-2\/#breadcrumb","itemListElement":[{"@type":"ListItem","position":1,"name":"Home","item":"https:\/\/padas.al\/"},{"@type":"ListItem","position":2,"name":"Shop","item":"https:\/\/padas.al\/shop\/"},{"@type":"ListItem","position":3,"name":"Portofol l\u00ebkure Forest p\u00ebr meshkuj."}]}]}},"_links":{"self":[{"href":"https:\/\/padas.al\/english\/wp-json\/wp\/v2\/product\/8717"}],"collection":[{"href":"https:\/\/padas.al\/english\/wp-json\/wp\/v2\/product"}],"about":[{"href":"https:\/\/padas.al\/english\/wp-json\/wp\/v2\/types\/product"}],"replies":[{"embeddable":true,"href":"https:\/\/padas.al\/english\/wp-json\/wp\/v2\/comments?post=8717"}],"wp:featuredmedia":[{"embeddable":true,"href":"https:\/\/padas.al\/english\/wp-json\/wp\/v2\/media\/8718"}],"wp:attachment":[{"href":"https:\/\/padas.al\/english\/wp-json\/wp\/v2\/media?parent=8717"}],"wp:term":[{"taxonomy":"product_cat","embeddable":true,"href":"https:\/\/padas.al\/english\/wp-json\/wp\/v2\/product_cat?post=8717"},{"taxonomy":"product_tag","embeddable":true,"href":"https:\/\/padas.al\/english\/wp-json\/wp\/v2\/product_tag?post=8717"}],"curies":[{"name":"wp","href":"https:\/\/api.w.org\/{rel}","templated":true}]}}