{"id":9818,"date":"2022-11-16T22:35:26","date_gmt":"2022-11-16T22:35:26","guid":{"rendered":"https:\/\/padas.al\/?post_type=product&#038;p=9818"},"modified":"2024-10-09T11:12:31","modified_gmt":"2024-10-09T11:12:31","slug":"cante-me-forme-katrore-fragola","status":"publish","type":"product","link":"https:\/\/padas.al\/english\/product\/cante-me-forme-katrore-fragola\/","title":{"rendered":"\u00c7ant\u00eb me form\u00eb katrore Fragola."},"content":{"rendered":"<p><span style=\"font-weight: 400\">\u00c7anta disponohet n\u00eb 4 ngjyra, e zez\u00eb, jeshile, lejla t\u00eb err\u00ebt dhe n\u00eb blu, \u00ebsht\u00eb e punuar nga l\u00ebkura ekologjike e cila n\u00eb t\u00eb gjith\u00eb sip\u00ebrfaqen ka qepje t\u00eb cilat krijojn\u00eb katror\u00eb simetrik\u00eb. Mbyllja e saj b\u00ebhet me zinxhir dhe n\u00eb fund koka e zinxhirit ka dy xhufka dekoruese n\u00eb ngjyr\u00ebn e vet \u00e7ant\u00ebs. Ka rrip t\u00eb gjat\u00eb q\u00eb e shkurtoni apo zgjatni sipas d\u00ebshir\u00ebs. N\u00eb faqen ballore \u00e7anta nj\u00eb pllak\u00ebz metalike ku gjendet emri i firm\u00ebs i shkruar.<\/span><\/p>\n<p><span style=\"font-weight: 400\">P\u00ebrmasat e \u00e7ant\u00ebs; gjat\u00ebsia 30 cm, lart\u00ebsia 24 cm, gjer\u00ebsia 2 cm.<\/span><\/p>","protected":false},"excerpt":{"rendered":"<p><span style=\"font-weight: 400\">\u00c7anta \u00ebsht\u00eb produkt me standard europian dhe i p\u00ebrket firm\u00ebs Fragola , kompani e cila treg\u00ebton aksesor\u00eb p\u00ebr femra sipas trendeve m\u00eb t\u00eb fundit. materiali i saj \u00ebsht\u00eb i but\u00eb dhe ka nj\u00eb organizim shum\u00eb t\u00eb mir\u00eb, ajo mbyllet me zinxhir , brenda gjendet hap\u00ebsira kryesore dhe ka dy xhepa nj\u00ebri prej t\u00eb cil\u00ebve mbyllet me zinxhir, po ashtu \u00e7anta ka dhe nj\u00eb xhep t\u00eb jasht\u00ebm nga ana e pasme.<\/span><\/p>","protected":false},"featured_media":9819,"comment_status":"open","ping_status":"closed","template":"","meta":[],"product_cat":[139,168,161,163,166,216,217,219],"product_tag":[],"yoast_head":"<!-- This site is optimized with the Yoast SEO plugin v18.3 - https:\/\/yoast.com\/wordpress\/plugins\/seo\/ -->\n<title>\u00c7ant\u00eb me form\u00eb katrore Fragola. - PADAS<\/title>\n<meta name=\"description\" content=\"\u00c7ant\u00eb zarf me material tep\u00ebr t\u00eb but\u00eb madh\u00ebsi dhe form\u00eb e cila \u00ebsht\u00eb praktike. Ngjyrat e modelit jan\u00eb t\u00eb kombinueshme dhe dizajni i tyre \u00ebht\u00eb trendi.\" \/>\n<meta name=\"robots\" content=\"index, follow, max-snippet:-1, max-image-preview:large, max-video-preview:-1\" \/>\n<link rel=\"canonical\" href=\"https:\/\/padas.al\/english\/product\/cante-me-forme-katrore-fragola\/\" \/>\n<meta property=\"og:locale\" content=\"en_GB\" \/>\n<meta property=\"og:type\" content=\"article\" \/>\n<meta property=\"og:title\" content=\"\u00c7ant\u00eb me form\u00eb katrore Fragola. - PADAS\" \/>\n<meta property=\"og:description\" content=\"\u00c7ant\u00eb zarf me material tep\u00ebr t\u00eb but\u00eb madh\u00ebsi dhe form\u00eb e cila \u00ebsht\u00eb praktike. Ngjyrat e modelit jan\u00eb t\u00eb kombinueshme dhe dizajni i tyre \u00ebht\u00eb trendi.\" \/>\n<meta property=\"og:url\" content=\"https:\/\/padas.al\/english\/product\/cante-me-forme-katrore-fragola\/\" \/>\n<meta property=\"og:site_name\" content=\"PADAS\" \/>\n<meta property=\"article:modified_time\" content=\"2024-10-09T11:12:31+00:00\" \/>\n<meta name=\"twitter:card\" content=\"summary_large_image\" \/>\n<meta name=\"twitter:image\" content=\"https:\/\/padas.al\/wp-content\/uploads\/2022\/11\/FE114-dark-green.webp\" \/>\n<meta name=\"twitter:label1\" content=\"Estimated reading time\" \/>\n\t<meta name=\"twitter:data1\" content=\"1 minute\" \/>\n<script type=\"application\/ld+json\" class=\"yoast-schema-graph\">{\"@context\":\"https:\/\/schema.org\",\"@graph\":[{\"@type\":\"Organization\",\"@id\":\"https:\/\/padas.al\/#organization\",\"name\":\"Padas.al\",\"url\":\"https:\/\/padas.al\/\",\"sameAs\":[],\"logo\":{\"@type\":\"ImageObject\",\"@id\":\"https:\/\/padas.al\/#logo\",\"inLanguage\":\"en-GB\",\"url\":\"https:\/\/padas.al\/wp-content\/uploads\/2021\/12\/padas-logo-01.svg\",\"contentUrl\":\"https:\/\/padas.al\/wp-content\/uploads\/2021\/12\/padas-logo-01.svg\",\"width\":196.4218,\"height\":195.7925,\"caption\":\"Padas.al\"},\"image\":{\"@id\":\"https:\/\/padas.al\/#logo\"}},{\"@type\":\"WebSite\",\"@id\":\"https:\/\/padas.al\/#website\",\"url\":\"https:\/\/padas.al\/\",\"name\":\"PADAS\",\"description\":\"Shoe Shop\",\"publisher\":{\"@id\":\"https:\/\/padas.al\/#organization\"},\"potentialAction\":[{\"@type\":\"SearchAction\",\"target\":{\"@type\":\"EntryPoint\",\"urlTemplate\":\"https:\/\/padas.al\/?s={search_term_string}\"},\"query-input\":\"required name=search_term_string\"}],\"inLanguage\":\"en-GB\"},{\"@type\":\"ImageObject\",\"@id\":\"https:\/\/padas.al\/product\/cante-me-forme-katrore-fragola\/#primaryimage\",\"inLanguage\":\"en-GB\",\"url\":\"https:\/\/padas.al\/wp-content\/uploads\/2022\/11\/FE114-dark-green.webp\",\"contentUrl\":\"https:\/\/padas.al\/wp-content\/uploads\/2022\/11\/FE114-dark-green.webp\",\"width\":1000,\"height\":1500},{\"@type\":\"WebPage\",\"@id\":\"https:\/\/padas.al\/product\/cante-me-forme-katrore-fragola\/#webpage\",\"url\":\"https:\/\/padas.al\/product\/cante-me-forme-katrore-fragola\/\",\"name\":\"\u00c7ant\u00eb me form\u00eb katrore Fragola. - PADAS\",\"isPartOf\":{\"@id\":\"https:\/\/padas.al\/#website\"},\"primaryImageOfPage\":{\"@id\":\"https:\/\/padas.al\/product\/cante-me-forme-katrore-fragola\/#primaryimage\"},\"datePublished\":\"2022-11-16T22:35:26+00:00\",\"dateModified\":\"2024-10-09T11:12:31+00:00\",\"description\":\"\u00c7ant\u00eb zarf me material tep\u00ebr t\u00eb but\u00eb madh\u00ebsi dhe form\u00eb e cila \u00ebsht\u00eb praktike. Ngjyrat e modelit jan\u00eb t\u00eb kombinueshme dhe dizajni i tyre \u00ebht\u00eb trendi.\",\"breadcrumb\":{\"@id\":\"https:\/\/padas.al\/product\/cante-me-forme-katrore-fragola\/#breadcrumb\"},\"inLanguage\":\"en-GB\",\"potentialAction\":[{\"@type\":\"ReadAction\",\"target\":[\"https:\/\/padas.al\/product\/cante-me-forme-katrore-fragola\/\"]}]},{\"@type\":\"BreadcrumbList\",\"@id\":\"https:\/\/padas.al\/product\/cante-me-forme-katrore-fragola\/#breadcrumb\",\"itemListElement\":[{\"@type\":\"ListItem\",\"position\":1,\"name\":\"Home\",\"item\":\"https:\/\/padas.al\/\"},{\"@type\":\"ListItem\",\"position\":2,\"name\":\"Shop\",\"item\":\"https:\/\/padas.al\/shop\/\"},{\"@type\":\"ListItem\",\"position\":3,\"name\":\"\u00c7ant\u00eb me form\u00eb katrore Fragola.\"}]}]}<\/script>\n<!-- \/ Yoast SEO plugin. -->","yoast_head_json":{"title":"\u00c7ant\u00eb me form\u00eb katrore Fragola. - PADAS","description":"\u00c7ant\u00eb zarf me material tep\u00ebr t\u00eb but\u00eb madh\u00ebsi dhe form\u00eb e cila \u00ebsht\u00eb praktike. Ngjyrat e modelit jan\u00eb t\u00eb kombinueshme dhe dizajni i tyre \u00ebht\u00eb trendi.","robots":{"index":"index","follow":"follow","max-snippet":"max-snippet:-1","max-image-preview":"max-image-preview:large","max-video-preview":"max-video-preview:-1"},"canonical":"https:\/\/padas.al\/english\/product\/cante-me-forme-katrore-fragola\/","og_locale":"en_GB","og_type":"article","og_title":"\u00c7ant\u00eb me form\u00eb katrore Fragola. - PADAS","og_description":"\u00c7ant\u00eb zarf me material tep\u00ebr t\u00eb but\u00eb madh\u00ebsi dhe form\u00eb e cila \u00ebsht\u00eb praktike. Ngjyrat e modelit jan\u00eb t\u00eb kombinueshme dhe dizajni i tyre \u00ebht\u00eb trendi.","og_url":"https:\/\/padas.al\/english\/product\/cante-me-forme-katrore-fragola\/","og_site_name":"PADAS","article_modified_time":"2024-10-09T11:12:31+00:00","twitter_card":"summary_large_image","twitter_image":"https:\/\/padas.al\/wp-content\/uploads\/2022\/11\/FE114-dark-green.webp","twitter_misc":{"Estimated reading time":"1 minute"},"schema":{"@context":"https:\/\/schema.org","@graph":[{"@type":"Organization","@id":"https:\/\/padas.al\/#organization","name":"Padas.al","url":"https:\/\/padas.al\/","sameAs":[],"logo":{"@type":"ImageObject","@id":"https:\/\/padas.al\/#logo","inLanguage":"en-GB","url":"https:\/\/padas.al\/wp-content\/uploads\/2021\/12\/padas-logo-01.svg","contentUrl":"https:\/\/padas.al\/wp-content\/uploads\/2021\/12\/padas-logo-01.svg","width":196.4218,"height":195.7925,"caption":"Padas.al"},"image":{"@id":"https:\/\/padas.al\/#logo"}},{"@type":"WebSite","@id":"https:\/\/padas.al\/#website","url":"https:\/\/padas.al\/","name":"PADAS","description":"Shoe Shop","publisher":{"@id":"https:\/\/padas.al\/#organization"},"potentialAction":[{"@type":"SearchAction","target":{"@type":"EntryPoint","urlTemplate":"https:\/\/padas.al\/?s={search_term_string}"},"query-input":"required name=search_term_string"}],"inLanguage":"en-GB"},{"@type":"ImageObject","@id":"https:\/\/padas.al\/product\/cante-me-forme-katrore-fragola\/#primaryimage","inLanguage":"en-GB","url":"https:\/\/padas.al\/wp-content\/uploads\/2022\/11\/FE114-dark-green.webp","contentUrl":"https:\/\/padas.al\/wp-content\/uploads\/2022\/11\/FE114-dark-green.webp","width":1000,"height":1500},{"@type":"WebPage","@id":"https:\/\/padas.al\/product\/cante-me-forme-katrore-fragola\/#webpage","url":"https:\/\/padas.al\/product\/cante-me-forme-katrore-fragola\/","name":"\u00c7ant\u00eb me form\u00eb katrore Fragola. - PADAS","isPartOf":{"@id":"https:\/\/padas.al\/#website"},"primaryImageOfPage":{"@id":"https:\/\/padas.al\/product\/cante-me-forme-katrore-fragola\/#primaryimage"},"datePublished":"2022-11-16T22:35:26+00:00","dateModified":"2024-10-09T11:12:31+00:00","description":"\u00c7ant\u00eb zarf me material tep\u00ebr t\u00eb but\u00eb madh\u00ebsi dhe form\u00eb e cila \u00ebsht\u00eb praktike. Ngjyrat e modelit jan\u00eb t\u00eb kombinueshme dhe dizajni i tyre \u00ebht\u00eb trendi.","breadcrumb":{"@id":"https:\/\/padas.al\/product\/cante-me-forme-katrore-fragola\/#breadcrumb"},"inLanguage":"en-GB","potentialAction":[{"@type":"ReadAction","target":["https:\/\/padas.al\/product\/cante-me-forme-katrore-fragola\/"]}]},{"@type":"BreadcrumbList","@id":"https:\/\/padas.al\/product\/cante-me-forme-katrore-fragola\/#breadcrumb","itemListElement":[{"@type":"ListItem","position":1,"name":"Home","item":"https:\/\/padas.al\/"},{"@type":"ListItem","position":2,"name":"Shop","item":"https:\/\/padas.al\/shop\/"},{"@type":"ListItem","position":3,"name":"\u00c7ant\u00eb me form\u00eb katrore Fragola."}]}]}},"_links":{"self":[{"href":"https:\/\/padas.al\/english\/wp-json\/wp\/v2\/product\/9818"}],"collection":[{"href":"https:\/\/padas.al\/english\/wp-json\/wp\/v2\/product"}],"about":[{"href":"https:\/\/padas.al\/english\/wp-json\/wp\/v2\/types\/product"}],"replies":[{"embeddable":true,"href":"https:\/\/padas.al\/english\/wp-json\/wp\/v2\/comments?post=9818"}],"wp:featuredmedia":[{"embeddable":true,"href":"https:\/\/padas.al\/english\/wp-json\/wp\/v2\/media\/9819"}],"wp:attachment":[{"href":"https:\/\/padas.al\/english\/wp-json\/wp\/v2\/media?parent=9818"}],"wp:term":[{"taxonomy":"product_cat","embeddable":true,"href":"https:\/\/padas.al\/english\/wp-json\/wp\/v2\/product_cat?post=9818"},{"taxonomy":"product_tag","embeddable":true,"href":"https:\/\/padas.al\/english\/wp-json\/wp\/v2\/product_tag?post=9818"}],"curies":[{"name":"wp","href":"https:\/\/api.w.org\/{rel}","templated":true}]}}